{"id":169747,"date":"2025-04-18T17:11:02","date_gmt":"2025-04-18T17:11:02","guid":{"rendered":"https:\/\/ruumistruumi.ee\/pood\/universaalne-nutipult-broadlink-bestcon-rm4c-mini-wi-fi-google-home-alexa-tugi\/"},"modified":"2025-08-21T08:19:39","modified_gmt":"2025-08-21T08:19:39","slug":"universaalne-nutipult-broadlink-bestcon-rm4c-mini-wi-fi-google-home-alexa-tugi","status":"publish","type":"product","link":"https:\/\/blankpage.ee\/_ruumist-ruumi\/pood\/universaalne-nutipult-broadlink-bestcon-rm4c-mini-wi-fi-google-home-alexa-tugi\/","title":{"rendered":"Universaalne nutipult Broadlink BestCon RM4C Mini (Wi-Fi, Google Home, Alexa tugi)"},"content":{"rendered":"<h3>Universaalne nutipult Broadlink BestCon RM4C Mini<\/h3>\n<p>Universaalne nutipult Broadlink BestCon RM4C Mini on kompaktne ja nutikas lahendus k\u00f5igile, kes soovivad juhtida IR-juhtimisega koduseadmeid \u2013 n\u00e4iteks televiisorit, digiboksi v\u00f5i helis\u00fcsteemi. See universaalne nutipult on edasiarendus tuntud RM3 Mini mudelist ning pakub veelgi mugavamat juhtimisv\u00f5imalust sinu kodus.<\/p>\n<p><img decoding=\"async\" src=\"https:\/\/blankpage.ee\/_ruumist-ruumi\/wp-content\/uploads\/2025\/04\/7-122.webp\" alt=\"Universaalne nutipult \u2013 must disain laual, IR kaugjuhtimispult moodsa sisustusega ruumis\"><\/p>\n<h3>Lihtne ja paindlik juhtimine \u00e4pist<\/h3>\n<p>K\u00f5iki IR-seadmeid saad mugavalt hallata Broadlinki mobiilirakenduse kaudu nii Androidi kui iOS-iga. Lisaks nutitelefonile saad kasutada ka h\u00e4\u00e4leassistente \u2013 nutipult \u00fchildub Google Home\u2019i ja Alexa\u2019ga. V\u00f5imalik on seadistada automaatseid stseene ning taimerit, mis aitavad sinu koduseadmed t\u00f6\u00f6tada just soovitud ajal.<\/p>\n<p><img decoding=\"async\" src=\"https:\/\/blankpage.ee\/_ruumist-ruumi\/wp-content\/uploads\/2025\/04\/5-163.webp\" alt=\"IR nutipult Broadlink BestCon RM4C Mini riiulil modernses kodus\"><\/p>\n<h3>Kaugjuhtimine ja reaalajas kontroll k\u00f5ikjalt<\/h3>\n<p>Isegi olles kodust eemal, v\u00f5imaldab rakendus juhtida seadmeid ning j\u00e4lgida nende olekut igal ajal. K\u00f5ik toimingud kajastuvad reaalajas, suurendades sinu kodu nutikust ja paindlikkust.<\/p>\n<p><img decoding=\"async\" src=\"https:\/\/blankpage.ee\/_ruumist-ruumi\/wp-content\/uploads\/2025\/04\/3-198.webp\" alt=\"Nutipult, taustal nutitelefon Broadlink rakendusega, universaalne nutipult kodukeskkonnas\"><\/p>\n<h3>V\u00e4ga lihtne paigaldus<\/h3>\n<p>FastCon tehnoloogia abil \u00fchendad seadme kiiresti ilma keeruka seadistamiseta. T\u00e4nu v\u00e4ikestele m\u00f5\u00f5tmetele ja minimalistlikule kujundusele sobitub universaalne nutipult igasse interj\u00f6\u00f6ri.<\/p>\n<p><img decoding=\"async\" src=\"https:\/\/blankpage.ee\/_ruumist-ruumi\/wp-content\/uploads\/2025\/04\/1-214.webp\" alt=\"Must universaalne IR nutipult minimalistlikus interj\u00f6\u00f6ris laual\"><\/p>\n<div class=\"table-wrapper\">\n<table>\n<tbody>\n<tr>\n<th>Juhtimine<\/th>\n<td>Broadlinki rakenduse kaudu<\/td>\n<\/tr>\n<tr>\n<th>M\u00f5\u00f5tmed<\/th>\n<td>8,5 \u00d7 5 \u00d7 6,5 cm<\/td>\n<\/tr>\n<tr>\n<th>Kaal<\/th>\n<td>75 g<\/td>\n<\/tr>\n<tr>\n<th>Wi-Fi sagedus<\/th>\n<td>2,4 GHz 802.11 b\/g\/n<\/td>\n<\/tr>\n<tr>\n<th>\u00dchilduvad s\u00fcsteemid<\/th>\n<td>Android, iOS<\/td>\n<\/tr>\n<tr>\n<th>IR sagedus<\/th>\n<td>38 kHz<\/td>\n<\/tr>\n<tr>\n<th>Infrapuna signaali j\u00f5udlus<\/th>\n<td>95%<\/td>\n<\/tr>\n<tr>\n<th>Muu<\/th>\n<td>7 infrapuna-LED-i 360\u00b0 ulatuseks, v\u00f5imaldab stsenaariumide seadistamist, \u00fchildub Google Home\u2019iga<\/td>\n<\/tr>\n<\/tbody>\n<\/table>\n<\/div>\n","protected":false},"excerpt":{"rendered":"<p>Universaalne nutipult Broadlink BestCon RM4C Mini Universaalne nutipult Broadlink BestCon RM4C Mini on kompaktne ja nutikas lahendus k\u00f5igile, kes soovivad juhtida IR-juhtimisega koduseadmeid \u2013 n\u00e4iteks televiisorit, digiboksi v\u00f5i helis\u00fcsteemi. See universaalne nutipult on edasiarendus tuntud RM3 Mini mudelist ning pakub veelgi mugavamat juhtimisv\u00f5imalust sinu kodus. Lihtne ja paindlik juhtimine \u00e4pist K\u00f5iki IR-seadmeid saad mugavalt hallata [&hellip;]<\/p>\n","protected":false},"featured_media":169752,"comment_status":"open","ping_status":"open","template":"","meta":[],"product_brand":[3041],"product_cat":[3039],"product_tag":[],"class_list":{"0":"post-169747","1":"product","2":"type-product","3":"status-publish","4":"has-post-thumbnail","6":"product_brand-broadlink","7":"product_cat-lulitid","8":"product_shipping_class-innpro","10":"first","11":"outofstock","12":"sale","13":"taxable","14":"shipping-taxable","15":"purchasable","16":"product-type-simple"},"_links":{"self":[{"href":"https:\/\/blankpage.ee\/_ruumist-ruumi\/wp-json\/wp\/v2\/product\/169747","targetHints":{"allow":["GET"]}}],"collection":[{"href":"https:\/\/blankpage.ee\/_ruumist-ruumi\/wp-json\/wp\/v2\/product"}],"about":[{"href":"https:\/\/blankpage.ee\/_ruumist-ruumi\/wp-json\/wp\/v2\/types\/product"}],"replies":[{"embeddable":true,"href":"https:\/\/blankpage.ee\/_ruumist-ruumi\/wp-json\/wp\/v2\/comments?post=169747"}],"wp:featuredmedia":[{"embeddable":true,"href":"https:\/\/blankpage.ee\/_ruumist-ruumi\/wp-json\/wp\/v2\/media\/169752"}],"wp:attachment":[{"href":"https:\/\/blankpage.ee\/_ruumist-ruumi\/wp-json\/wp\/v2\/media?parent=169747"}],"wp:term":[{"taxonomy":"product_brand","embeddable":true,"href":"https:\/\/blankpage.ee\/_ruumist-ruumi\/wp-json\/wp\/v2\/product_brand?post=169747"},{"taxonomy":"product_cat","embeddable":true,"href":"https:\/\/blankpage.ee\/_ruumist-ruumi\/wp-json\/wp\/v2\/product_cat?post=169747"},{"taxonomy":"product_tag","embeddable":true,"href":"https:\/\/blankpage.ee\/_ruumist-ruumi\/wp-json\/wp\/v2\/product_tag?post=169747"}],"curies":[{"name":"wp","href":"https:\/\/api.w.org\/{rel}","templated":true}]}}