{"id":169867,"date":"2025-04-18T17:14:46","date_gmt":"2025-04-18T17:14:46","guid":{"rendered":"https:\/\/ruumistruumi.ee\/pood\/nutikas-ribakardina-mootor-switchbot-blind-tilt-paikesepaneeliga-bluetooth-5-0\/"},"modified":"2025-08-21T08:19:39","modified_gmt":"2025-08-21T08:19:39","slug":"nutikas-ribakardina-mootor-switchbot-blind-tilt-paikesepaneeliga-bluetooth-5-0","status":"publish","type":"product","link":"https:\/\/blankpage.ee\/_ruumist-ruumi\/pood\/nutikas-ribakardina-mootor-switchbot-blind-tilt-paikesepaneeliga-bluetooth-5-0\/","title":{"rendered":"Nutikas ribakardina mootor SwitchBot Blind Tilt (p\u00e4ikesepaneeliga, Bluetooth 5.0)"},"content":{"rendered":"<h3>Nutikas ribakardina mootor \u2013 SwitchBot Blind Tilt<\/h3>\n<p>Nutikas ribakardina mootor SwitchBot Blind Tilt on uuenduslik lahendus ribakardinate automaatseks juhtimiseks, mille paigaldamine on lihtne ega n\u00f5ua t\u00f6\u00f6riistu. T\u00e4nu valgusandurile reguleerib seade kardinaid ise vastavalt v\u00e4listingimustele, tagades mugava valguse igas ruumis. Nutikas ribakardina mootor \u00fchildub teiste SwitchBoti nutikodu seadmetega, v\u00f5imaldades juhtida kodu veelgi nutikamalt.<\/p>\n<p><img decoding=\"async\" src=\"https:\/\/blankpage.ee\/_ruumist-ruumi\/wp-content\/uploads\/2025\/04\/3-205.webp\" alt=\"nutikas ribakardina mootor koos p\u00e4ikesepaneeliga paigaldatuna\"><\/p>\n<h3>Juhtimine mobiilirakenduse kaudu<\/h3>\n<p>SwitchBoti mobiili\u00e4pp v\u00f5imaldab ribakardinaid mugavalt avada, sulgeda ja seadistada ajaplaane, nagu n\u00e4iteks automaatne avamine hommikul. Soovi korral saab kardinaid k\u00e4sitsi liigutada \u2013 mootor s\u00fcnkroniseerib tulemused automaatselt. Bluetooth 5.0 tagab stabiilse ja usaldusv\u00e4\u00e4rse \u00fchenduse igas olukorras.<\/p>\n<p><img decoding=\"async\" src=\"https:\/\/blankpage.ee\/_ruumist-ruumi\/wp-content\/uploads\/2025\/04\/9-69.webp\" alt=\"ribakardinate juhtimine SwitchBot mobiilirakendusega\"><\/p>\n<h3>Nutikas kodu seadmete integreerimine<\/h3>\n<p>\u00dchendades s\u00fcsteemi SwitchBot Hub Mini-ga saad ribakardinaid juhtida kaugelt ning kasutada h\u00e4\u00e4lassistente nagu Alexa, Google Assistant, Siri otseteed, IFTTT ja SmartThings. SwitchBot Remote v\u00f5imaldab juhendada kardinaid \u00fche nupuvajutusega.<\/p>\n<p><img decoding=\"async\" src=\"https:\/\/blankpage.ee\/_ruumist-ruumi\/wp-content\/uploads\/2025\/04\/6-154.webp\" alt=\"kaugjuhtimispult ja h\u00e4\u00e4lassistentide kasutus v\u00f5imaldab ribakardinaid mugavalt kontrollida\"><\/p>\n<h3>Kardinagruppide haldamine<\/h3>\n<p>Nutikas ribakardina mootor v\u00f5imaldab moodustada kuni neli kardinat \u00fchte gruppi ja neid \u00fcheaegselt hallata. Vajadusel saab koostada mitu gruppi \u2013 suurema arvu kardinate juhtimiseks kasutage SwitchBot Hub Mini seadet.<\/p>\n<p><img decoding=\"async\" src=\"https:\/\/blankpage.ee\/_ruumist-ruumi\/wp-content\/uploads\/2025\/04\/8-77.webp\" alt=\"ribakardinate grupijuhtimine majapidamises\"><\/p>\n<h3>T\u00e4pne ja vaikne t\u00f6\u00f6<\/h3>\n<p>Seadme mootor v\u00f5imaldab kardina kalde t\u00e4pset reguleerimist kuni 2\u00b0 t\u00e4psusega ning t\u00f6\u00f6tab v\u00e4ga vaikselt (alla 40 dB). SwitchBot Blind Tilt sobib ribakardinatele kuni 3 meetri laiuseni, tagades laia \u00fchilduvuse.<\/p>\n<p><img decoding=\"async\" src=\"https:\/\/blankpage.ee\/_ruumist-ruumi\/wp-content\/uploads\/2025\/04\/2-226.webp\" alt=\"ribakardina mootor detailvaates paigaldatuna\"><\/p>\n<h3>Automaatne valguse reguleerimine<\/h3>\n<p>Valgusandur hoiab ruumis soovitud valgustust, reguleerides kardina kallet vastavalt v\u00e4lisvalgustusele. Soovi korral sobib s\u00fcsteemi lisada SwitchBot Color Bulb nutipirn \u2013 see t\u00f6\u00f6tab laitmatult koos ribakardinate juhtimismootoriga.<\/p>\n<p><img decoding=\"async\" src=\"https:\/\/blankpage.ee\/_ruumist-ruumi\/wp-content\/uploads\/2025\/04\/5-169.webp\" alt=\"valgusandur reguleerib automaatselt ribakardinad vastavalt valgustusele\"><\/p>\n<h3>J\u00e4tkusuutlik ja katkematu toide<\/h3>\n<p>Komplekti kuuluv p\u00e4ikesepaneel koos 2000 mAh akuga tagab seadme pideva t\u00f6\u00f6 ning v\u00e4hendab vajadust sagedase laadimise j\u00e4rele. Lahendus on energiat\u00f5hus ja keskkonnas\u00f5bralik.<\/p>\n<p><img decoding=\"async\" src=\"https:\/\/blankpage.ee\/_ruumist-ruumi\/wp-content\/uploads\/2025\/04\/7-130.webp\" alt=\"p\u00e4ikesepaneeliga nutikas ribakardina mootor pideva toite tagamiseks\"><\/p>\n<h3>Komplekti sisu<\/h3>\n<ul>\n<li>P\u00f5hiseade<\/li>\n<li>P\u00e4ikesepaneel<\/li>\n<li>Avatud painduv \u00fchendaja<\/li>\n<li>Base A ja Base B<\/li>\n<li>Kaitsekate<\/li>\n<li>Kaablihoidja<\/li>\n<li>Liinadapterid (S, M, L, XL)<\/li>\n<li>Joonlaud<\/li>\n<li>Paigalduskaart<\/li>\n<li>Isekleepuvad kleebised x2<\/li>\n<li>Niisked salvr\u00e4tikud<\/li>\n<li>USB-C laadimiskaabel<\/li>\n<li>Teleskoopn\u00f5el<\/li>\n<li>Varukleeplint (Base A jaoks)<\/li>\n<li>Kasutusjuhend<\/li>\n<\/ul>\n<div class=\"table-wrapper\">\n<table>\n<tbody>\n<tr>\n<th>Tootja<\/th>\n<td>SwitchBot<\/td>\n<\/tr>\n<tr>\n<th>Mudel<\/th>\n<td>W2701600<\/td>\n<\/tr>\n<tr>\n<th>V\u00e4rvus<\/th>\n<td>valge<\/td>\n<\/tr>\n<tr>\n<th>Materjal<\/th>\n<td>ABS + PC (UV-kaitsega kate)<\/td>\n<\/tr>\n<tr>\n<th>M\u00f5\u00f5dud<\/th>\n<td>48,8 x 29,2 x 210 mm<\/td>\n<\/tr>\n<tr>\n<th>Kaal<\/th>\n<td>30 g<\/td>\n<\/tr>\n<tr>\n<th>Toide<\/th>\n<td>USB-C, DC 5 V 1 A; 2000 mAh liitiumaku<\/td>\n<\/tr>\n<tr>\n<th>Akukestvus<\/th>\n<td>umbes 10 kuud v\u00f5i peaaegu piiramatu p\u00e4ikesepaneeliga<\/td>\n<\/tr>\n<tr>\n<th>T\u00f6\u00f6temperatuur<\/th>\n<td>-10\u00b0C kuni +45\u00b0C<\/td>\n<\/tr>\n<tr>\n<th>T\u00f6\u00f6niskus<\/th>\n<td>10%\u201395% RH<\/td>\n<\/tr>\n<tr>\n<th>P\u00f6\u00f6rdemoment<\/th>\n<td>\u22641 kgf.cm<\/td>\n<\/tr>\n<tr>\n<th>V\u00f5rgu\u00fchendus<\/th>\n<td>Bluetooth 5.0<\/td>\n<\/tr>\n<tr>\n<th>S\u00fcsteemin\u00f5uded<\/th>\n<td>iOS 11.0+, Android OS 5.0+<\/td>\n<\/tr>\n<\/tbody>\n<\/table>\n<\/div>\n","protected":false},"excerpt":{"rendered":"<p>Nutikas ribakardina mootor \u2013 SwitchBot Blind Tilt Nutikas ribakardina mootor SwitchBot Blind Tilt on uuenduslik lahendus ribakardinate automaatseks juhtimiseks, mille paigaldamine on lihtne ega n\u00f5ua t\u00f6\u00f6riistu. T\u00e4nu valgusandurile reguleerib seade kardinaid ise vastavalt v\u00e4listingimustele, tagades mugava valguse igas ruumis. Nutikas ribakardina mootor \u00fchildub teiste SwitchBoti nutikodu seadmetega, v\u00f5imaldades juhtida kodu veelgi nutikamalt. Juhtimine mobiilirakenduse kaudu [&hellip;]<\/p>\n","protected":false},"featured_media":169875,"comment_status":"open","ping_status":"open","template":"","meta":[],"product_brand":[3062],"product_cat":[3043],"product_tag":[],"class_list":{"0":"post-169867","1":"product","2":"type-product","3":"status-publish","4":"has-post-thumbnail","6":"product_brand-switchbot","7":"product_cat-nutikontrollerid","8":"product_shipping_class-innpro","10":"first","11":"instock","12":"sale","13":"taxable","14":"shipping-taxable","15":"purchasable","16":"product-type-simple"},"_links":{"self":[{"href":"https:\/\/blankpage.ee\/_ruumist-ruumi\/wp-json\/wp\/v2\/product\/169867","targetHints":{"allow":["GET"]}}],"collection":[{"href":"https:\/\/blankpage.ee\/_ruumist-ruumi\/wp-json\/wp\/v2\/product"}],"about":[{"href":"https:\/\/blankpage.ee\/_ruumist-ruumi\/wp-json\/wp\/v2\/types\/product"}],"replies":[{"embeddable":true,"href":"https:\/\/blankpage.ee\/_ruumist-ruumi\/wp-json\/wp\/v2\/comments?post=169867"}],"wp:featuredmedia":[{"embeddable":true,"href":"https:\/\/blankpage.ee\/_ruumist-ruumi\/wp-json\/wp\/v2\/media\/169875"}],"wp:attachment":[{"href":"https:\/\/blankpage.ee\/_ruumist-ruumi\/wp-json\/wp\/v2\/media?parent=169867"}],"wp:term":[{"taxonomy":"product_brand","embeddable":true,"href":"https:\/\/blankpage.ee\/_ruumist-ruumi\/wp-json\/wp\/v2\/product_brand?post=169867"},{"taxonomy":"product_cat","embeddable":true,"href":"https:\/\/blankpage.ee\/_ruumist-ruumi\/wp-json\/wp\/v2\/product_cat?post=169867"},{"taxonomy":"product_tag","embeddable":true,"href":"https:\/\/blankpage.ee\/_ruumist-ruumi\/wp-json\/wp\/v2\/product_tag?post=169867"}],"curies":[{"name":"wp","href":"https:\/\/api.w.org\/{rel}","templated":true}]}}