{"id":169940,"date":"2025-04-18T17:19:29","date_gmt":"2025-04-18T17:19:29","guid":{"rendered":"https:\/\/ruumistruumi.ee\/pood\/nutikas-niiskusandur-ja-temperatuuriandur-avatto-whs20s-ir-tuya-wi-fi\/"},"modified":"2025-08-21T08:19:38","modified_gmt":"2025-08-21T08:19:38","slug":"nutikas-niiskusandur-ja-temperatuuriandur-avatto-whs20s-ir-tuya-wi-fi","status":"publish","type":"product","link":"https:\/\/blankpage.ee\/_ruumist-ruumi\/pood\/nutikas-niiskusandur-ja-temperatuuriandur-avatto-whs20s-ir-tuya-wi-fi\/","title":{"rendered":"Nutikas niiskusandur ja temperatuuriandur Avatto WHS20S (IR, Tuya, Wi-Fi)"},"content":{"rendered":"<h3>Nutikas niiskusandur ja temperatuuriandur Avatto WHS20S (IR, Tuya, Wi-Fi)<\/h3>\n<p>Nutikas niiskusandur Avatto WHS20S pakub usaldusv\u00e4\u00e4rset v\u00f5imalust j\u00e4lgida kodu sisekliimat reaalajas. Seadme k\u00f5rge m\u00f5\u00f5tet\u00e4psus tagab usaldusv\u00e4\u00e4rsed tulemused, mis on selgelt n\u00e4htavad LCD-ekraanilt. Lisaks temperatuuri- ja niiskusen\u00e4itudele kuvab seade ka kellaaega, kuup\u00e4eva ning aku taset. Ekraani heledust saab reguleerida vastavalt vajadusele.<\/p>\n<p><img decoding=\"async\" src=\"https:\/\/blankpage.ee\/_ruumist-ruumi\/wp-content\/uploads\/2025\/04\/9-72.webp\" alt=\"nutikas niiskusandur mustal alusel, suur LCD-ekraan koduseks kasutuseks\"><\/p>\n<h3>Lihtne juhtimine l\u00e4bi rakenduste<\/h3>\n<p>Nutiseadmega \u00fchenduv temperatuuri- ja niiskusandur v\u00f5imaldab k\u00f5iki n\u00e4ite j\u00e4lgida mugavalt Smart Life v\u00f5i Tuya Smart rakenduses. N\u00e4idud on ligip\u00e4\u00e4setavad igal ajal ja igal pool, kus on internet. Lisaks t\u00f6\u00f6tab seade Alexa ja Google Home&#8217;i kaudu, v\u00f5imaldades infot saada ka h\u00e4\u00e4lk\u00e4sklustega.<\/p>\n<p><img decoding=\"async\" src=\"https:\/\/blankpage.ee\/_ruumist-ruumi\/wp-content\/uploads\/2025\/04\/6-158.webp\" alt=\"l\u00e4hedalt LCD-ekraaniga temperatuuri- ja niiskusandur, taustal koduinterj\u00f6\u00f6r\"><\/p>\n<h3>Automaatika ja nutikas kodu<\/h3>\n<p>Avatto WHS20S v\u00f5imaldab luua automaatseid nutistsenaariume vastavalt m\u00f5\u00f5detud sisekliima andmetele. N\u00e4iteks saate seadmega automaatselt juhtida kliimaseadet, \u00f5huniisutit v\u00f5i \u00f5hupuhastit. Nutikas niiskusandur v\u00f5imaldab jagada juurdep\u00e4\u00e4su pereliikmetega, tehes igap\u00e4evase kodukorralduse k\u00f5igile lihtsamaks.<\/p>\n<p><img decoding=\"async\" src=\"https:\/\/blankpage.ee\/_ruumist-ruumi\/wp-content\/uploads\/2025\/04\/7-134.webp\" alt=\"nutiku rakenduses j\u00e4lgitav niiskusanduri juhtpaneel nutitelefonil\"><\/p>\n<h3>Infrapuna juhtimine paljudele seadmetele<\/h3>\n<p>Andurile on sisse ehitatud infrapunamoodul, mille abil saab juhtida \u00fcle 5000 erineva IR-seadme \u2013 n\u00e4iteks telerid, kliimaseadmed, valgustid ja ventilaatorid. Infrapunaliidese t\u00f6\u00f6ulatus on kuni 10 meetrit, mis suurendab kodu automatiseerimise v\u00f5imalusi.<\/p>\n<p><img decoding=\"async\" src=\"https:\/\/blankpage.ee\/_ruumist-ruumi\/wp-content\/uploads\/2025\/04\/3-212.webp\" alt=\"IR juhtimisega kodune digitaalne andur, LCD-ekraanil puldi s\u00fcmbol\"><\/p>\n<h3>Mitmek\u00fclgsed lisafunktsioonid<\/h3>\n<p>Avatto WHS20S pakub lisaks m\u00f5\u00f5tmisele ka alarmkella, stopperit ja taimerit, muutes igap\u00e4evased rutiinid lihtsamaks. Toiteallikana saab kasutada kas 5V\/1A adapterit v\u00f5i kolme AA patareid, t\u00e4nu millele saab seadme paigaldada just sinna, kuhu vaja.<\/p>\n<p><img decoding=\"async\" src=\"https:\/\/blankpage.ee\/_ruumist-ruumi\/wp-content\/uploads\/2025\/04\/5-174.webp\" alt=\"nutikas sisekliima andur, LCD-ekraanil funktsiooninupud\"><\/p>\n<div class=\"table-wrapper\">\n<table>\n<tbody>\n<tr>\n<th>Tootja<\/th>\n<td>Avatto<\/td>\n<\/tr>\n<tr>\n<th>Mudel<\/th>\n<td>WHS20S<\/td>\n<\/tr>\n<tr>\n<th>\u00dchilduvus<\/th>\n<td>Smart Life, Tuya Smart<\/td>\n<\/tr>\n<tr>\n<th>H\u00e4\u00e4ljuhtimine<\/th>\n<td>Amazon Alexa, Google Home<\/td>\n<\/tr>\n<tr>\n<th>Temperatuuri m\u00f5\u00f5tevahemik<\/th>\n<td>0 \u00baC \u2013 60 \u00baC<\/td>\n<\/tr>\n<tr>\n<th>Niiskuse m\u00f5\u00f5tevahemik<\/th>\n<td>0% RH \u2013 99% RH<\/td>\n<\/tr>\n<tr>\n<th>Temperatuuri m\u00f5\u00f5tet\u00e4psus<\/th>\n<td>\u00b11 \u00baC<\/td>\n<\/tr>\n<tr>\n<th>Niiskuse m\u00f5\u00f5tet\u00e4psus<\/th>\n<td>\u00b15% RH<\/td>\n<\/tr>\n<tr>\n<th>Infrapuna sagedus<\/th>\n<td>38 kHz<\/td>\n<\/tr>\n<tr>\n<th>Infrapuna t\u00f6\u00f6ulatus<\/th>\n<td>Kuni 10 m<\/td>\n<\/tr>\n<tr>\n<th>Traadita \u00fchendus<\/th>\n<td>2,4 GHz IEEE 802.11 b\/g\/n<\/td>\n<\/tr>\n<tr>\n<th>M\u00f5\u00f5dud<\/th>\n<td>90 \u00d7 78 \u00d7 100 mm<\/td>\n<\/tr>\n<tr>\n<th>Kaal<\/th>\n<td>130 g<\/td>\n<\/tr>\n<tr>\n<th>Toiteallikas<\/th>\n<td>5V\/1A v\u00f5i 3 \u00d7 AA patarei<\/td>\n<\/tr>\n<\/tbody>\n<\/table>\n<\/div>\n<p>Vaata lisa ning vali usaldusv\u00e4\u00e4rne nutikas niiskusandur \u2013 tee oma kodu veelgi mugavamaks ja nutikamaks!<\/p>\n","protected":false},"excerpt":{"rendered":"<p>Nutikas niiskusandur ja temperatuuriandur Avatto WHS20S (IR, Tuya, Wi-Fi) Nutikas niiskusandur Avatto WHS20S pakub usaldusv\u00e4\u00e4rset v\u00f5imalust j\u00e4lgida kodu sisekliimat reaalajas. Seadme k\u00f5rge m\u00f5\u00f5tet\u00e4psus tagab usaldusv\u00e4\u00e4rsed tulemused, mis on selgelt n\u00e4htavad LCD-ekraanilt. Lisaks temperatuuri- ja niiskusen\u00e4itudele kuvab seade ka kellaaega, kuup\u00e4eva ning aku taset. Ekraani heledust saab reguleerida vastavalt vajadusele. Lihtne juhtimine l\u00e4bi rakenduste Nutiseadmega \u00fchenduv [&hellip;]<\/p>\n","protected":false},"featured_media":169946,"comment_status":"open","ping_status":"open","template":"","meta":[],"product_brand":[3063],"product_cat":[3042],"product_tag":[],"class_list":{"0":"post-169940","1":"product","2":"type-product","3":"status-publish","4":"has-post-thumbnail","6":"product_brand-avatto","7":"product_cat-andurid","8":"product_shipping_class-innpro","10":"first","11":"instock","12":"sale","13":"taxable","14":"shipping-taxable","15":"purchasable","16":"product-type-simple"},"_links":{"self":[{"href":"https:\/\/blankpage.ee\/_ruumist-ruumi\/wp-json\/wp\/v2\/product\/169940","targetHints":{"allow":["GET"]}}],"collection":[{"href":"https:\/\/blankpage.ee\/_ruumist-ruumi\/wp-json\/wp\/v2\/product"}],"about":[{"href":"https:\/\/blankpage.ee\/_ruumist-ruumi\/wp-json\/wp\/v2\/types\/product"}],"replies":[{"embeddable":true,"href":"https:\/\/blankpage.ee\/_ruumist-ruumi\/wp-json\/wp\/v2\/comments?post=169940"}],"wp:featuredmedia":[{"embeddable":true,"href":"https:\/\/blankpage.ee\/_ruumist-ruumi\/wp-json\/wp\/v2\/media\/169946"}],"wp:attachment":[{"href":"https:\/\/blankpage.ee\/_ruumist-ruumi\/wp-json\/wp\/v2\/media?parent=169940"}],"wp:term":[{"taxonomy":"product_brand","embeddable":true,"href":"https:\/\/blankpage.ee\/_ruumist-ruumi\/wp-json\/wp\/v2\/product_brand?post=169940"},{"taxonomy":"product_cat","embeddable":true,"href":"https:\/\/blankpage.ee\/_ruumist-ruumi\/wp-json\/wp\/v2\/product_cat?post=169940"},{"taxonomy":"product_tag","embeddable":true,"href":"https:\/\/blankpage.ee\/_ruumist-ruumi\/wp-json\/wp\/v2\/product_tag?post=169940"}],"curies":[{"name":"wp","href":"https:\/\/api.w.org\/{rel}","templated":true}]}}