{"id":170315,"date":"2025-04-18T17:38:50","date_gmt":"2025-04-18T17:38:50","guid":{"rendered":"https:\/\/ruumistruumi.ee\/pood\/nutikas-led-pirn-shelly-duo-e27-9w-800-lm-2700-6500k-wi-fi-ga\/"},"modified":"2025-05-14T11:30:35","modified_gmt":"2025-05-14T11:30:35","slug":"nutikas-led-pirn-shelly-duo-e27-9w-800-lm-2700-6500k-wi-fi-ga","status":"publish","type":"product","link":"https:\/\/blankpage.ee\/_ruumist-ruumi\/pood\/nutikas-led-pirn-shelly-duo-e27-9w-800-lm-2700-6500k-wi-fi-ga\/","title":{"rendered":"Nutikas LED pirn Shelly Duo E27, 9W, 800 lm, 2700\u20136500K Wi-Fi-ga"},"content":{"rendered":"<h3>Nutikas LED pirn Shelly Duo E27, 9W, 800 lm, 2700\u20136500K Wi-Fi-ga<\/h3>\n<p>Nutikas LED pirn Shelly Duo E27 (9 W) v\u00f5imaldab muuta kodu valgustust mugavalt ja t\u00f5husalt. T\u00e4nu Wi-Fi \u00fchendusele saad nutikat LED pirni juhtida kaugelt mobiilirakenduse kaudu, seadistada valguse nii vastavalt igap\u00e4evastele vajadustele kui ka luua hubase meeleolu \u00f5htuks v\u00f5i tagada eredat valgust p\u00e4evaseks t\u00f6\u00f6ks.<\/p>\n<p><img decoding=\"async\" src=\"https:\/\/blankpage.ee\/_ruumist-ruumi\/wp-content\/uploads\/2025\/04\/7-151.webp\" alt=\"Nutikas LED pirn Shelly Duo E27 valgel taustal\"><\/p>\n<h3>Automatiseeritud valguslahendus ja energias\u00e4\u00e4st<\/h3>\n<p>See seade toetab &#8216;Koidu\/loojangu&#8217; funktsiooni, mis v\u00f5imaldab valguse automaatset sisse- ja v\u00e4ljal\u00fclitamist vastavalt p\u00e4risaja p\u00e4ikeset\u00f5usule ning -loojangule. Igan\u00e4dalaste ajakavade abil on v\u00f5imalik valgus panna t\u00f6\u00f6le vaid siis, kui seda tegelikult vaja on, aidates lihtsustada igap\u00e4evaelu ja s\u00e4\u00e4sta energiat.<\/p>\n<p><img decoding=\"async\" src=\"https:\/\/blankpage.ee\/_ruumist-ruumi\/wp-content\/uploads\/2025\/04\/4-222.webp\" alt=\"Automatiseeritud valgusgraafik nutikas LED pirn rakenduses\"><\/p>\n<h3>Paindlik juhtimine ja lai \u00fchilduvus<\/h3>\n<p>Valgustugevust ja v\u00e4rvitemperatuuri (2700 K &#8211; 6500 K) saad h\u00f5lpsalt muuta \u00e4pi kaudu. Nutikas LED pirn \u00fchildub Google Assistanti ja Amazon Alexa h\u00e4\u00e4ljuhtimisega, v\u00f5imaldades valgust mugavalt sisse ja v\u00e4lja l\u00fclitada v\u00f5i muuta selle parameetreid ka h\u00e4\u00e4lega. T\u00e4iustatud koduautomaatika jaoks toetab pirn ka MQTT, CoAP ja REST API protokolle.<\/p>\n<p><img decoding=\"async\" src=\"https:\/\/blankpage.ee\/_ruumist-ruumi\/wp-content\/uploads\/2025\/04\/6-184.webp\" alt=\"Nutikat LED pirni juhitakse mobiilirakendusega nutiseadmes\"><\/p>\n<h3>Tehnilised andmed<\/h3>\n<table>\n<tbody>\n<tr>\n<th>Tootja<\/th>\n<td>Shelly<\/td>\n<\/tr>\n<tr>\n<th>Sokkel<\/th>\n<td>E27<\/td>\n<\/tr>\n<tr>\n<th>V\u00f5imsus<\/th>\n<td>9 W<\/td>\n<\/tr>\n<tr>\n<th>Valgustugevus<\/th>\n<td>800 lm<\/td>\n<\/tr>\n<tr>\n<th>V\u00e4rvitemperatuur<\/th>\n<td>2700 K \u2013 6500 K<\/td>\n<\/tr>\n<tr>\n<th>Valguse hajumisnurk<\/th>\n<td>200\u00b0<\/td>\n<\/tr>\n<tr>\n<th>T\u00fc\u00fcp<\/th>\n<td>LED<\/td>\n<\/tr>\n<tr>\n<th>Toiteallikas<\/th>\n<td>230 VAC \u00b110%, 50\/60 Hz<\/td>\n<\/tr>\n<tr>\n<th>Juhtmevaba \u00fchendus<\/th>\n<td>Wi-Fi 802.11 b\/g\/n<\/td>\n<\/tr>\n<tr>\n<th>Kaitseklass<\/th>\n<td>IP20<\/td>\n<\/tr>\n<tr>\n<th>T\u00f6\u00f6keskkonna temperatuur<\/th>\n<td>-15 \u00b0C kuni +40 \u00b0C<\/td>\n<\/tr>\n<tr>\n<th>Seadme enda voolutarve<\/th>\n<td>&lt; 1 W<\/td>\n<\/tr>\n<tr>\n<th>Kaug- ja kohalik juhtimine<\/th>\n<td>Jah<\/td>\n<\/tr>\n<tr>\n<th>Koidu\/loojangu funktsioon<\/th>\n<td>Jah<\/td>\n<\/tr>\n<tr>\n<th>N\u00e4dalaplaan<\/th>\n<td>Jah<\/td>\n<\/tr>\n<tr>\n<th>Eluiga<\/th>\n<td>30 000 tundi<\/td>\n<\/tr>\n<tr>\n<th>M\u00f5\u00f5tmed<\/th>\n<td>60 x 122 mm<\/td>\n<\/tr>\n<\/tbody>\n<\/table>\n<p><img decoding=\"async\" src=\"https:\/\/blankpage.ee\/_ruumist-ruumi\/wp-content\/uploads\/2025\/04\/5-200.webp\" alt=\"Shelly Duo E27 nutikas LED pirn m\u00f5\u00f5tmetega tabelina\"><\/p>\n<p>Nutikas LED pirn Shelly Duo E27 sobib suurep\u00e4raselt neile, kes otsivad t\u00f5husat, kaugjuhitavat ja paindlikku valgustuslahendust kaasaegsesse koju.<\/p>\n","protected":false},"excerpt":{"rendered":"<p>Nutikas LED pirn Shelly Duo E27, 9W, 800 lm, 2700\u20136500K Wi-Fi-ga Nutikas LED pirn Shelly Duo E27 (9 W) v\u00f5imaldab muuta kodu valgustust mugavalt ja t\u00f5husalt. T\u00e4nu Wi-Fi \u00fchendusele saad nutikat LED pirni juhtida kaugelt mobiilirakenduse kaudu, seadistada valguse nii vastavalt igap\u00e4evastele vajadustele kui ka luua hubase meeleolu \u00f5htuks v\u00f5i tagada eredat valgust p\u00e4evaseks t\u00f6\u00f6ks. [&hellip;]<\/p>\n","protected":false},"featured_media":170320,"comment_status":"open","ping_status":"open","template":"","meta":[],"product_brand":[3069],"product_cat":[1634,3047],"product_tag":[],"class_list":{"0":"post-170315","1":"product","2":"type-product","3":"status-publish","4":"has-post-thumbnail","6":"product_brand-shelly","7":"product_cat-pirnid","8":"product_cat-led-pirnid","9":"product_shipping_class-innpro","11":"first","12":"outofstock","13":"taxable","14":"shipping-taxable","15":"purchasable","16":"product-type-simple"},"_links":{"self":[{"href":"https:\/\/blankpage.ee\/_ruumist-ruumi\/wp-json\/wp\/v2\/product\/170315","targetHints":{"allow":["GET"]}}],"collection":[{"href":"https:\/\/blankpage.ee\/_ruumist-ruumi\/wp-json\/wp\/v2\/product"}],"about":[{"href":"https:\/\/blankpage.ee\/_ruumist-ruumi\/wp-json\/wp\/v2\/types\/product"}],"replies":[{"embeddable":true,"href":"https:\/\/blankpage.ee\/_ruumist-ruumi\/wp-json\/wp\/v2\/comments?post=170315"}],"wp:featuredmedia":[{"embeddable":true,"href":"https:\/\/blankpage.ee\/_ruumist-ruumi\/wp-json\/wp\/v2\/media\/170320"}],"wp:attachment":[{"href":"https:\/\/blankpage.ee\/_ruumist-ruumi\/wp-json\/wp\/v2\/media?parent=170315"}],"wp:term":[{"taxonomy":"product_brand","embeddable":true,"href":"https:\/\/blankpage.ee\/_ruumist-ruumi\/wp-json\/wp\/v2\/product_brand?post=170315"},{"taxonomy":"product_cat","embeddable":true,"href":"https:\/\/blankpage.ee\/_ruumist-ruumi\/wp-json\/wp\/v2\/product_cat?post=170315"},{"taxonomy":"product_tag","embeddable":true,"href":"https:\/\/blankpage.ee\/_ruumist-ruumi\/wp-json\/wp\/v2\/product_tag?post=170315"}],"curies":[{"name":"wp","href":"https:\/\/api.w.org\/{rel}","templated":true}]}}