{"id":170682,"date":"2025-04-18T19:04:07","date_gmt":"2025-04-18T19:04:07","guid":{"rendered":"https:\/\/ruumistruumi.ee\/pood\/nutikas-ukselukusilinder-avatto-sdl-s1-b60-60-mm-must-sormejaljelugeja-ja-tuya-juhtimine\/"},"modified":"2025-08-21T08:19:30","modified_gmt":"2025-08-21T08:19:30","slug":"nutikas-ukselukusilinder-avatto-sdl-s1-b60-60-mm-must-sormejaljelugeja-ja-tuya-juhtimine","status":"publish","type":"product","link":"https:\/\/blankpage.ee\/_ruumist-ruumi\/pood\/nutikas-ukselukusilinder-avatto-sdl-s1-b60-60-mm-must-sormejaljelugeja-ja-tuya-juhtimine\/","title":{"rendered":"Nutikas ukselukusilinder Avatto SDL-S1-B60, 60 mm, must, s\u00f5rmej\u00e4ljelugeja ja Tuya juhtimine"},"content":{"rendered":"<h3>Nutikas ukselukk Avatto SDL-S1-B60 \u2013 digitaalne ukselukusilinder (60 mm, must)<\/h3>\n<p>Nutikas ukselukk Avatto SDL-S1-B60 tagab turvalisuse nii sinule kui ka sinu perele. See digitaalne ukselukusilinder v\u00f5imaldab ust avada mitmel erineval viisil: s\u00f5rmej\u00e4lje, IC-kaardi, Tuya mobiilirakenduse v\u00f5i tavalise v\u00f5tmega. Silindri paigaldus on lihtne ning kaugjuhtimise v\u00f5imalus muudab igap\u00e4evaelu oluliselt mugavamaks ja turvalisemaks.<\/p>\n<p>\n<img decoding=\"async\" border=\"0\" src=\"https:\/\/blankpage.ee\/_ruumist-ruumi\/wp-content\/uploads\/2025\/04\/1-279.webp\" alt=\"nutikas ukselukk Avatto SDL-S1-B60 musta v\u00e4rvi digitaalne lukusilinder\" \/>\n<\/p>\n<h3>Mitu avamisv\u00f5imalust \u2013 modernne lahendus igale kodule<\/h3>\n<p>Avatto SDL-S1-B60 digitaalse ukselukusilindriga saad ust avada s\u00f5rmej\u00e4ljega, IC-kaardi, Tuya \u00e4pi v\u00f5i v\u00f5tmega. S\u00f5rmej\u00e4ljelugeja tuvastab kasutaja kiiresti (0,3 sekundi jooksul), IC-kaart sobib h\u00e4sti lastele ja eakatele. Tuya \u00e4pi abil on ukselukku v\u00f5imalik h\u00f5lpsalt kaugjuhtida ja v\u00f5tmega saad tagada ligip\u00e4\u00e4su ka ootamatutes olukordades.<\/p>\n<p>\n<img decoding=\"async\" border=\"0\" src=\"https:\/\/blankpage.ee\/_ruumist-ruumi\/wp-content\/uploads\/2025\/04\/4-254.webp\" alt=\"ukseluku avamine s\u00f5rmej\u00e4ljega nutikas ukselukk Avatto\" \/>\n<\/p>\n<h3>Lihtne paigaldada \u2013 mugav asendus olemasolevale silindrile<\/h3>\n<p>Avatto SDL-S1-B60 paigaldamiseks on vaja vaid kuuskantkruvikeerajat, olemasolevaid uksi ega lengi pole tarvis \u00fcmber teha. Silindri reguleeritav pikkus v\u00f5imaldab seda kasutada peaaegu k\u00f5igil ustel, muutes nutika ukseluku tavap\u00e4rase silindri asendamiseks ideaalseks valikuks.<\/p>\n<p>\n<img decoding=\"async\" border=\"0\" src=\"https:\/\/blankpage.ee\/_ruumist-ruumi\/wp-content\/uploads\/2025\/04\/5-223.webp\" alt=\"digitaalne lukusilinder uksele paigaldatud\" \/>\n<\/p>\n<h3>Nutijuhtimine ja k\u00f5rgem turvalisus<\/h3>\n<p>Tuya mobiilirakenduse abil saad nutikat ukselukku distantsilt juhtida \u2014 kaugjuhtimine h\u00f5lmab ligip\u00e4\u00e4su haldamist, kasutajate lisamist ja eemaldamist ning avamisajaloo j\u00e4lgimist. Nii on sul t\u00e4ielik \u00fclevaade ja kontroll oma kodu turvalisuse \u00fcle alati olemas.<\/p>\n<p>\n<img decoding=\"async\" border=\"0\" src=\"https:\/\/blankpage.ee\/_ruumist-ruumi\/wp-content\/uploads\/2025\/04\/7-175.webp\" alt=\"ukseluku kaugjuhtimine Tuya mobiili\u00e4ppiga\" \/>\n<\/p>\n<h3>Madal energiakulu ja t\u00f5husus<\/h3>\n<p>Nutika ukseluku t\u00f6\u00f6 tagab CR123A patarei, mille energias\u00e4\u00e4stlik t\u00f6\u00f6re\u017eiim v\u00f5imaldab seadmel kaua toimida. Aku t\u00fchjenemise hoiatus ja USB-laadimisport muudavad igap\u00e4evase kasutamise eriti mugavaks.<\/p>\n<p>\n<img decoding=\"async\" border=\"0\" src=\"https:\/\/blankpage.ee\/_ruumist-ruumi\/wp-content\/uploads\/2025\/04\/3-260.webp\" alt=\"nutikas ukselukk patarei CR123A paigaldus\" \/>\n<\/p>\n<h3>Vastupidav ja turvaline disain<\/h3>\n<p>Avatto digitaalne lukusilinder on valmistatud vastupidavatest materjalidest, pakkudes veekindlust, l\u00f6\u00f6gikindlust ja 360\u00b0 s\u00f5rmej\u00e4lje tuvastust. Bluetooth Low Energy (BLE) \u00fchenduvus tagab t\u00f6\u00f6kindla \u00fchenduse ning suurendab nutika ukseluku v\u00f5imalusi erinevates olukordades.<\/p>\n<p>\n<img decoding=\"async\" border=\"0\" src=\"https:\/\/blankpage.ee\/_ruumist-ruumi\/wp-content\/uploads\/2025\/04\/2-282.webp\" alt=\"vastupidav veekindel digitaalne lukusilinder l\u00e4hivaates\" \/>\n<\/p>\n<table>\n<tbody>\n<tr>\n<th>Tootja<\/th>\n<td>Avatto<\/td>\n<\/tr>\n<tr>\n<th>Mudel<\/th>\n<td>SDL-S1-B60<\/td>\n<\/tr>\n<tr>\n<th>Avamismeetodid<\/th>\n<td>S\u00f5rmej\u00e4lg, IC-kaart, Tuya rakendus, v\u00f5ti<\/td>\n<\/tr>\n<tr>\n<th>Toiteallikas<\/th>\n<td>CR123A (alkaliin) patarei<\/td>\n<\/tr>\n<tr>\n<th>S\u00f5rmej\u00e4lje tuvastusaeg<\/th>\n<td>0,3 s<\/td>\n<\/tr>\n<tr>\n<th>Maksimaalne kasutajate arv<\/th>\n<td>Kuni 100<\/td>\n<\/tr>\n<tr>\n<th>\u00dchenduvus<\/th>\n<td>Bluetooth Low Energy (BLE)<\/td>\n<\/tr>\n<tr>\n<th>M\u00f5\u00f5dud<\/th>\n<td>170 \u00d7 100 \u00d7 80 mm<\/td>\n<\/tr>\n<tr>\n<th>Silindri pikkus<\/th>\n<td>60 mm<\/td>\n<\/tr>\n<tr>\n<th>Kaal<\/th>\n<td>0,55 kg<\/td>\n<\/tr>\n<tr>\n<th>V\u00e4rv<\/th>\n<td>Must<\/td>\n<\/tr>\n<\/tbody>\n<\/table>\n<p>Nutikas ukselukk Avatto SDL-S1-B60 pakub sinu kodule turvalisust, nutikust ja igap\u00e4evast mugavust.<\/p>\n","protected":false},"excerpt":{"rendered":"<p>Nutikas ukselukk Avatto SDL-S1-B60 \u2013 digitaalne ukselukusilinder (60 mm, must) Nutikas ukselukk Avatto SDL-S1-B60 tagab turvalisuse nii sinule kui ka sinu perele. See digitaalne ukselukusilinder v\u00f5imaldab ust avada mitmel erineval viisil: s\u00f5rmej\u00e4lje, IC-kaardi, Tuya mobiilirakenduse v\u00f5i tavalise v\u00f5tmega. Silindri paigaldus on lihtne ning kaugjuhtimise v\u00f5imalus muudab igap\u00e4evaelu oluliselt mugavamaks ja turvalisemaks. Mitu avamisv\u00f5imalust \u2013 modernne [&hellip;]<\/p>\n","protected":false},"featured_media":170689,"comment_status":"open","ping_status":"open","template":"","meta":[],"product_brand":[3063],"product_cat":[3044],"product_tag":[],"class_list":{"0":"post-170682","1":"product","2":"type-product","3":"status-publish","4":"has-post-thumbnail","6":"product_brand-avatto","7":"product_cat-juurdepaasu-kontroll","8":"product_shipping_class-innpro","10":"first","11":"instock","12":"sale","13":"taxable","14":"shipping-taxable","15":"purchasable","16":"product-type-simple"},"_links":{"self":[{"href":"https:\/\/blankpage.ee\/_ruumist-ruumi\/wp-json\/wp\/v2\/product\/170682","targetHints":{"allow":["GET"]}}],"collection":[{"href":"https:\/\/blankpage.ee\/_ruumist-ruumi\/wp-json\/wp\/v2\/product"}],"about":[{"href":"https:\/\/blankpage.ee\/_ruumist-ruumi\/wp-json\/wp\/v2\/types\/product"}],"replies":[{"embeddable":true,"href":"https:\/\/blankpage.ee\/_ruumist-ruumi\/wp-json\/wp\/v2\/comments?post=170682"}],"wp:featuredmedia":[{"embeddable":true,"href":"https:\/\/blankpage.ee\/_ruumist-ruumi\/wp-json\/wp\/v2\/media\/170689"}],"wp:attachment":[{"href":"https:\/\/blankpage.ee\/_ruumist-ruumi\/wp-json\/wp\/v2\/media?parent=170682"}],"wp:term":[{"taxonomy":"product_brand","embeddable":true,"href":"https:\/\/blankpage.ee\/_ruumist-ruumi\/wp-json\/wp\/v2\/product_brand?post=170682"},{"taxonomy":"product_cat","embeddable":true,"href":"https:\/\/blankpage.ee\/_ruumist-ruumi\/wp-json\/wp\/v2\/product_cat?post=170682"},{"taxonomy":"product_tag","embeddable":true,"href":"https:\/\/blankpage.ee\/_ruumist-ruumi\/wp-json\/wp\/v2\/product_tag?post=170682"}],"curies":[{"name":"wp","href":"https:\/\/api.w.org\/{rel}","templated":true}]}}