{"id":170736,"date":"2025-04-18T19:09:44","date_gmt":"2025-04-18T19:09:44","guid":{"rendered":"https:\/\/ruumistruumi.ee\/pood\/nutikas-niiskusandur-ja-temperatuuriandur-shelly-blu-ht-must-bluetooth-4-2-kuni-3-aastat-aku-tooaega\/"},"modified":"2025-08-21T08:19:29","modified_gmt":"2025-08-21T08:19:29","slug":"nutikas-niiskusandur-ja-temperatuuriandur-shelly-blu-ht-must-bluetooth-4-2-kuni-3-aastat-aku-tooaega","status":"publish","type":"product","link":"https:\/\/blankpage.ee\/_ruumist-ruumi\/pood\/nutikas-niiskusandur-ja-temperatuuriandur-shelly-blu-ht-must-bluetooth-4-2-kuni-3-aastat-aku-tooaega\/","title":{"rendered":"Nutikas niiskusandur ja temperatuuriandur Shelly BLU H&#038;T (must, Bluetooth 4.2, kuni 3 aastat aku t\u00f6\u00f6aega)"},"content":{"rendered":"<h3>Nutikas niiskusandur ja temperatuuriandur Shelly BLU H&amp;T (must)<\/h3>\n<p>Nutikas niiskusandur Shelly BLU H&amp;T aitab j\u00e4lgida siseruumide kliimat t\u00e4pselt ja usaldusv\u00e4\u00e4rselt. See kompaktne seade on ideaalne valik nii koju, kontorisse kui ka kasvuhoonesse ning kestab \u00fche patareiga kuni kolm aastat. T\u00e4nu v\u00e4ikesele m\u00f5\u00f5dule on andur diskreetne ning mugav igap\u00e4evases kasutuses.<\/p>\n<p>\n<img decoding=\"async\" src=\"https:\/\/blankpage.ee\/_ruumist-ruumi\/wp-content\/uploads\/2025\/04\/2-288.webp\" alt=\"must nutikas niiskusandur Shelly BLU H&#038;T esivaates\"\/>\n<\/p>\n<h3>T\u00e4psed m\u00f5\u00f5tmised erinevates tingimustes<\/h3>\n<p>Tundlik temperatuurisensor ja niiskusandur v\u00f5imaldavad saada koheselt infot ruumi v\u00f5i kasvuhoone keskkonnatingimuste kohta. Tolmu- ja pritsmekindel korpus tagab seadme t\u00f6\u00f6 kindlalt ka vahelduvates tingimustes. Nutikas niiskusandur annab m\u00e4rku, kui keskkonnas toimuvad olulised muutused, v\u00f5imaldades aegsasti reageerida.<\/p>\n<p>\n<img decoding=\"async\" src=\"https:\/\/blankpage.ee\/_ruumist-ruumi\/wp-content\/uploads\/2025\/04\/5-228.webp\" alt=\"niiskusanduri m\u00f5\u00f5dud ja vorm\"\/>\n<\/p>\n<h3>Nutikale kodule sobiv lahendus<\/h3>\n<p>Saate automaatselt teavitusi, kui temperatuur v\u00f5i niiskus \u00fcletab seatud piiri \u2013 nii on lihtne ennetada liigset niiskust, hallitust v\u00f5i k\u00fclma t\u00f5ttu torude k\u00fclmumist. Nutikas niiskusandur aitab automatiseerida n\u00e4iteks ventilatsiooni-, \u00f5huniisutaja v\u00f5i ventilaatori t\u00f6\u00f6d vastavalt ruumi kliimale.<\/p>\n<p>\n<img decoding=\"async\" src=\"https:\/\/blankpage.ee\/_ruumist-ruumi\/wp-content\/uploads\/2025\/04\/3-266.webp\" alt=\"nutikas temperatuuri- ja niiskusandur Shelly BLU H&#038;T kasutusel kodus\"\/>\n<\/p>\n<h3>Lai funktsionaalsus erinevates ruumides<\/h3>\n<p>Niiskusandur v\u00f5imaldab t\u00e4pselt j\u00e4lgida kasvuhoonetes olulisi niiskus- ja temperatuuritasemeid taimede kasvatamisel. Samuti sobib see elamutes turvalisuse suurendamiseks \u2013 \u00e4kiliste temperatuurimuutuste tuvastamisel saab reageerida kiiremini, n\u00e4iteks veelekke v\u00f5i tuleohu korral.<\/p>\n<p>\n<img decoding=\"async\" src=\"https:\/\/blankpage.ee\/_ruumist-ruumi\/wp-content\/uploads\/2025\/04\/4-259.webp\" alt=\"Shelly BLU H&#038;T sensor t\u00f6\u00f6tab kasvuhoones ja kodus\"\/>\n<\/p>\n<h3>Kiire paigaldus ja pikk aku kestvus<\/h3>\n<p>Seade kinnitub lihtsasti tasasele pinnale ning selle v\u00e4ike suurus (37 x 37 x 10 mm) ja kerge kaal (13 g) ei muuda seda ruumis m\u00e4rgatavaks. Andur t\u00f6\u00f6tab \u00fche CR2032 patareiga kuni kolm aastat, mist\u00f5ttu patarei vahetust tuleb teha harva. Nutikas niiskusandur muudab sise\u00f5hu kontrolli lihtsaks ja kindlaks, pakkudes stabiilset kliimat teie interj\u00f6\u00f6ris.<\/p>\n<p>\n<img decoding=\"async\" src=\"https:\/\/blankpage.ee\/_ruumist-ruumi\/wp-content\/uploads\/2025\/04\/7-178.webp\" alt=\"Shelly BLU H&#038;T paigaldamine siledale pinnale\"\/>\n<\/p>\n<h3>Tehnilised andmed<\/h3>\n<table>\n<tbody>\n<tr>\n<th>Tootja<\/th>\n<td>Shelly<\/td>\n<\/tr>\n<tr>\n<th>Mudel<\/th>\n<td>BluH&amp;TBlack<\/td>\n<\/tr>\n<tr>\n<th>V\u00e4rv<\/th>\n<td>Must<\/td>\n<\/tr>\n<tr>\n<th>Toiteallikas<\/th>\n<td>1 x CR2032 3 V patarei (komplektis)<\/td>\n<\/tr>\n<tr>\n<th>Kasutusaeg<\/th>\n<td>Kuni 3 aastat<\/td>\n<\/tr>\n<tr>\n<th>Niiskusandur<\/th>\n<td>Jah<\/td>\n<\/tr>\n<tr>\n<th>Temperatuuriandur<\/th>\n<td>Jah<\/td>\n<\/tr>\n<tr>\n<th>Bluetoothi versioon<\/th>\n<td>4.2<\/td>\n<\/tr>\n<tr>\n<th>RF sagedusala<\/th>\n<td>2400\u20132483,5 MHz<\/td>\n<\/tr>\n<tr>\n<th>Maksimaalne RF v\u00f5imsus<\/th>\n<td>&lt; 4 dBm<\/td>\n<\/tr>\n<tr>\n<th>T\u00f6\u00f6ulatus<\/th>\n<td>Kuni 30 m v\u00e4litingimustes \/ kuni 10 m siseruumides<\/td>\n<\/tr>\n<tr>\n<th>Kr\u00fcpteering<\/th>\n<td>AES (CCM re\u017eiim)<\/td>\n<\/tr>\n<tr>\n<th>T\u00f6\u00f6temperatuur<\/th>\n<td>-20\u00b0C kuni 60\u00b0C<\/td>\n<\/tr>\n<tr>\n<th>T\u00f6\u00f6niiskus<\/th>\n<td>0% kuni 100% RH<\/td>\n<\/tr>\n<tr>\n<th>Materjal<\/th>\n<td>Plastik<\/td>\n<\/tr>\n<tr>\n<th>M\u00f5\u00f5dud<\/th>\n<td>37 x 37 x 10 mm<\/td>\n<\/tr>\n<tr>\n<th>Kaal<\/th>\n<td>13 g<\/td>\n<\/tr>\n<tr>\n<th>Paigalduskoht<\/th>\n<td>Sile pind<\/td>\n<\/tr>\n<\/tbody>\n<\/table>\n","protected":false},"excerpt":{"rendered":"<p>Nutikas niiskusandur ja temperatuuriandur Shelly BLU H&amp;T (must) Nutikas niiskusandur Shelly BLU H&amp;T aitab j\u00e4lgida siseruumide kliimat t\u00e4pselt ja usaldusv\u00e4\u00e4rselt. See kompaktne seade on ideaalne valik nii koju, kontorisse kui ka kasvuhoonesse ning kestab \u00fche patareiga kuni kolm aastat. T\u00e4nu v\u00e4ikesele m\u00f5\u00f5dule on andur diskreetne ning mugav igap\u00e4evases kasutuses. T\u00e4psed m\u00f5\u00f5tmised erinevates tingimustes Tundlik temperatuurisensor [&hellip;]<\/p>\n","protected":false},"featured_media":170742,"comment_status":"open","ping_status":"open","template":"","meta":[],"product_brand":[3069],"product_cat":[3042],"product_tag":[],"class_list":{"0":"post-170736","1":"product","2":"type-product","3":"status-publish","4":"has-post-thumbnail","6":"product_brand-shelly","7":"product_cat-andurid","8":"product_shipping_class-innpro","10":"first","11":"instock","12":"sale","13":"taxable","14":"shipping-taxable","15":"purchasable","16":"product-type-simple"},"_links":{"self":[{"href":"https:\/\/blankpage.ee\/_ruumist-ruumi\/wp-json\/wp\/v2\/product\/170736","targetHints":{"allow":["GET"]}}],"collection":[{"href":"https:\/\/blankpage.ee\/_ruumist-ruumi\/wp-json\/wp\/v2\/product"}],"about":[{"href":"https:\/\/blankpage.ee\/_ruumist-ruumi\/wp-json\/wp\/v2\/types\/product"}],"replies":[{"embeddable":true,"href":"https:\/\/blankpage.ee\/_ruumist-ruumi\/wp-json\/wp\/v2\/comments?post=170736"}],"wp:featuredmedia":[{"embeddable":true,"href":"https:\/\/blankpage.ee\/_ruumist-ruumi\/wp-json\/wp\/v2\/media\/170742"}],"wp:attachment":[{"href":"https:\/\/blankpage.ee\/_ruumist-ruumi\/wp-json\/wp\/v2\/media?parent=170736"}],"wp:term":[{"taxonomy":"product_brand","embeddable":true,"href":"https:\/\/blankpage.ee\/_ruumist-ruumi\/wp-json\/wp\/v2\/product_brand?post=170736"},{"taxonomy":"product_cat","embeddable":true,"href":"https:\/\/blankpage.ee\/_ruumist-ruumi\/wp-json\/wp\/v2\/product_cat?post=170736"},{"taxonomy":"product_tag","embeddable":true,"href":"https:\/\/blankpage.ee\/_ruumist-ruumi\/wp-json\/wp\/v2\/product_tag?post=170736"}],"curies":[{"name":"wp","href":"https:\/\/api.w.org\/{rel}","templated":true}]}}