{"id":171335,"date":"2025-04-19T05:35:59","date_gmt":"2025-04-19T05:35:59","guid":{"rendered":"https:\/\/ruumistruumi.ee\/pood\/valikaamera-wi-fi-imou-cruiser-se-5mp-valitingimustesse\/"},"modified":"2025-08-21T08:19:25","modified_gmt":"2025-08-21T08:19:25","slug":"valikaamera-wi-fi-imou-cruiser-se-5mp-valitingimustesse","status":"publish","type":"product","link":"https:\/\/blankpage.ee\/_ruumist-ruumi\/pood\/valikaamera-wi-fi-imou-cruiser-se-5mp-valitingimustesse\/","title":{"rendered":"V\u00e4likaamera Wi-Fi IMOU Cruiser SE+ 5MP, v\u00e4litingimustesse"},"content":{"rendered":"<h3>V\u00e4likaamera Wi-Fi IMOU Cruiser SE+ 5MP v\u00e4litingimustesse<\/h3>\n<p><strong>V\u00e4likaamera Wi-Fi<\/strong> IMOU Cruiser SE+ 5MP on kaasaegne p\u00f6\u00f6rlev valvekaamera, mis pakub Sinu kodule aastaringset turvalisust. T\u00e4nu intelligentsele liikumise j\u00e4lgimisele, kahepoolsele suhtlusele ja motoriseeritud disainile sobib see h\u00e4sti ka n\u00f5udlikuma kasutaja ootustele.<\/p>\n<p><img decoding=\"async\" src=\"https:\/\/blankpage.ee\/_ruumist-ruumi\/wp-content\/uploads\/2025\/04\/1-319.webp\" alt=\"Suure antenniga IMOU v\u00e4likaamera Wi-Fi ja selle k\u00f5rval nutitelefon\" \/><\/p>\n<h3>T\u00e4pne ning selge pilt igas olukorras<\/h3>\n<p>5MP eraldusv\u00f5imega pildisensor tagab detailsed ja teravad videokaadrid. Kaamera v\u00f5imaldab kuni 8x digitaalset suumimist ning \u00f6\u00f6re\u017eiimis salvestab ka v\u00e4rvilisi pilte kuni 30 meetri kauguselt. T\u00e4nu horisontaalsele ja vertikaalsele p\u00f6\u00f6rlemisele saad j\u00e4lgida k\u00f5iki olulisi piirkondi oma kinnistul.<\/p>\n<p><img decoding=\"async\" src=\"https:\/\/blankpage.ee\/_ruumist-ruumi\/wp-content\/uploads\/2025\/04\/2-328.webp\" alt=\"Valvekaamera \u00f6\u00f6vaade ja suumifunktsiooni illustratsioon\" \/><\/p>\n<h3>Automaatne liikumistuvastus ja j\u00e4lgimine<\/h3>\n<p>Kaamera tuvastab automaatselt liikumise ning j\u00e4lgib tuvastatud objekti, salvestades kogu tegevuse. V\u00f5imas 110 dB sireen aitab t\u00f5rjuda soovimatud k\u00fclalised sinu territooriumilt.<\/p>\n<p><img decoding=\"async\" src=\"https:\/\/blankpage.ee\/_ruumist-ruumi\/wp-content\/uploads\/2025\/04\/10-24.webp\" alt=\"P\u00f6\u00f6ratav v\u00e4likaamera automaatse j\u00e4lgimise funktsiooniga\" \/><\/p>\n<h3>Usaldusv\u00e4\u00e4rne ilmastikukindlus<\/h3>\n<p>IP66 kaitseklass tagab kaamera t\u00f6\u00f6kindluse nii vihma, lume kui soojaga. Seade t\u00f6\u00f6tab vahemikus \u201320 \u00b0C kuni +50 \u00b0C ning talub kuni 95% \u00f5huniiskust.<\/p>\n<p><img decoding=\"async\" src=\"https:\/\/blankpage.ee\/_ruumist-ruumi\/wp-content\/uploads\/2025\/04\/4-305.webp\" alt=\"Ilmastikukindel Wi-Fi v\u00e4likaamera IMOU Cruiser SE+ 5MP\" \/><\/p>\n<h3>Kahepoolne suhtlus ja lihtne kasutamine<\/h3>\n<p>Sisse ehitatud mikrofon ja k\u00f5lar v\u00f5imaldavad suhelda k\u00fclastajatega otse kaamera kaudu. Kaamera \u00fchendub kiiresti Wi-Fi v\u00f5rku, toetab ka Etherneti \u00fchendust ning \u00fchildub nii iOS kui Android seadmetega l\u00e4bi Imou Life \u00e4pi.<\/p>\n<p><img decoding=\"async\" src=\"https:\/\/blankpage.ee\/_ruumist-ruumi\/wp-content\/uploads\/2025\/04\/7-207.webp\" alt=\"Kahepoolse suhtlusega v\u00e4likaamera Wi-Fi IMOU Cruiser SE+\" \/><\/p>\n<h3>Lihtne paigaldus ja mitmekesised salvestusv\u00f5imalused<\/h3>\n<p>Seadme paigaldus on kiire ning salvestised saab salvestada kuni 256 GB microSD kaardile v\u00f5i Onvif-toega salvestiseadmele. Uued kasutajad saavad tasuta 30-p\u00e4evase pilvetalletuse prooviperioodi.<\/p>\n<p><img decoding=\"async\" src=\"https:\/\/blankpage.ee\/_ruumist-ruumi\/wp-content\/uploads\/2025\/04\/3-309.webp\" alt=\"V\u00e4likaamera IMOU Cruiser SE+ 5MP paigaldustarvikud\" \/><\/p>\n<h3>Tehnilised andmed<\/h3>\n<table>\n<tbody>\n<tr>\n<th>Tootja<\/th>\n<td>IMOU<\/td>\n<\/tr>\n<tr>\n<th>Mudel<\/th>\n<td>IPC-K7CP-5H1WE<\/td>\n<\/tr>\n<tr>\n<th>Pildisensor<\/th>\n<td>1\/2.9&#8243; CMOS Progressive<\/td>\n<\/tr>\n<tr>\n<th>Eraldusv\u00f5ime<\/th>\n<td>5MP<\/td>\n<\/tr>\n<tr>\n<th>\u00d6\u00f6n\u00e4gemine<\/th>\n<td>Kuni 30 m, v\u00e4rviline pilt<\/td>\n<\/tr>\n<tr>\n<th>Objektiiv<\/th>\n<td>3.6 mm \/ 6 mm<\/td>\n<\/tr>\n<tr>\n<th>Vaatev\u00e4li<\/th>\n<td>3.6 mm: 86\u00b0 H, 45\u00b0 V, 105\u00b0 D; 6 mm: 51\u00b0 H, 29\u00b0 V, 59\u00b0 D<\/td>\n<\/tr>\n<tr>\n<th>P\u00f6\u00f6rlemisulatus<\/th>\n<td>355\u00b0 horisontaalselt, 90\u00b0 vertikaalselt<\/td>\n<\/tr>\n<tr>\n<th>Digitaalne suum<\/th>\n<td>Kuni 8x<\/td>\n<\/tr>\n<tr>\n<th>Sireen<\/th>\n<td>110 dB<\/td>\n<\/tr>\n<tr>\n<th>Teavitused<\/th>\n<td>Liikumis- ja isikutuvastus, tsoonalised h\u00e4ired<\/td>\n<\/tr>\n<tr>\n<th>Kaitseklass<\/th>\n<td>IP66<\/td>\n<\/tr>\n<tr>\n<th>M\u00f5\u00f5tmed<\/th>\n<td>120,7 \u00d7 136,2 \u00d7 183,3 mm<\/td>\n<\/tr>\n<tr>\n<th>Kaal<\/th>\n<td>395 g<\/td>\n<\/tr>\n<tr>\n<th>M\u00e4lukaardid<\/th>\n<td>microSD kuni 256 GB<\/td>\n<\/tr>\n<tr>\n<th>Toiteallikas<\/th>\n<td>12 V DC, 1 A (kuni 6,2 W)<\/td>\n<\/tr>\n<\/tbody>\n<\/table>\n<h3>Komplektis:<\/h3>\n<ul>\n<li>IMOU Cruiser SE+ 5MP v\u00e4likaamera Wi-Fi<\/li>\n<li>Kiirjuhend<\/li>\n<li>Toiteadapter<\/li>\n<li>Kinnitusmall<\/li>\n<li>Kinnitusklamber<\/li>\n<li>Veekindel pistik<\/li>\n<li>Kruvikomplekt<\/li>\n<\/ul>\n","protected":false},"excerpt":{"rendered":"<p>V\u00e4likaamera Wi-Fi IMOU Cruiser SE+ 5MP v\u00e4litingimustesse V\u00e4likaamera Wi-Fi IMOU Cruiser SE+ 5MP on kaasaegne p\u00f6\u00f6rlev valvekaamera, mis pakub Sinu kodule aastaringset turvalisust. T\u00e4nu intelligentsele liikumise j\u00e4lgimisele, kahepoolsele suhtlusele ja motoriseeritud disainile sobib see h\u00e4sti ka n\u00f5udlikuma kasutaja ootustele. T\u00e4pne ning selge pilt igas olukorras 5MP eraldusv\u00f5imega pildisensor tagab detailsed ja teravad videokaadrid. Kaamera v\u00f5imaldab [&hellip;]<\/p>\n","protected":false},"featured_media":171342,"comment_status":"open","ping_status":"open","template":"","meta":[],"product_brand":[3003],"product_cat":[3056],"product_tag":[],"class_list":{"0":"post-171335","1":"product","2":"type-product","3":"status-publish","4":"has-post-thumbnail","6":"product_brand-imou","7":"product_cat-ip-kaamerad","8":"product_shipping_class-innpro","10":"first","11":"instock","12":"sale","13":"taxable","14":"shipping-taxable","15":"purchasable","16":"product-type-simple"},"_links":{"self":[{"href":"https:\/\/blankpage.ee\/_ruumist-ruumi\/wp-json\/wp\/v2\/product\/171335","targetHints":{"allow":["GET"]}}],"collection":[{"href":"https:\/\/blankpage.ee\/_ruumist-ruumi\/wp-json\/wp\/v2\/product"}],"about":[{"href":"https:\/\/blankpage.ee\/_ruumist-ruumi\/wp-json\/wp\/v2\/types\/product"}],"replies":[{"embeddable":true,"href":"https:\/\/blankpage.ee\/_ruumist-ruumi\/wp-json\/wp\/v2\/comments?post=171335"}],"wp:featuredmedia":[{"embeddable":true,"href":"https:\/\/blankpage.ee\/_ruumist-ruumi\/wp-json\/wp\/v2\/media\/171342"}],"wp:attachment":[{"href":"https:\/\/blankpage.ee\/_ruumist-ruumi\/wp-json\/wp\/v2\/media?parent=171335"}],"wp:term":[{"taxonomy":"product_brand","embeddable":true,"href":"https:\/\/blankpage.ee\/_ruumist-ruumi\/wp-json\/wp\/v2\/product_brand?post=171335"},{"taxonomy":"product_cat","embeddable":true,"href":"https:\/\/blankpage.ee\/_ruumist-ruumi\/wp-json\/wp\/v2\/product_cat?post=171335"},{"taxonomy":"product_tag","embeddable":true,"href":"https:\/\/blankpage.ee\/_ruumist-ruumi\/wp-json\/wp\/v2\/product_tag?post=171335"}],"curies":[{"name":"wp","href":"https:\/\/api.w.org\/{rel}","templated":true}]}}