{"id":171505,"date":"2025-04-19T05:42:43","date_gmt":"2025-04-19T05:42:43","guid":{"rendered":"https:\/\/ruumistruumi.ee\/pood\/botslab-w313-360-poorlev-valikaamera-paikesepaneeliga-3mp-wifi-oonagemine\/"},"modified":"2025-08-21T08:19:24","modified_gmt":"2025-08-21T08:19:24","slug":"botslab-w313-360-poorlev-valikaamera-paikesepaneeliga-3mp-wifi-oonagemine","status":"publish","type":"product","link":"https:\/\/blankpage.ee\/_ruumist-ruumi\/pood\/botslab-w313-360-poorlev-valikaamera-paikesepaneeliga-3mp-wifi-oonagemine\/","title":{"rendered":"Botslab W313 360\u00b0 p\u00f6\u00f6rlev v\u00e4likaamera p\u00e4ikesepaneeliga (3MP, WiFi, \u00f6\u00f6n\u00e4gemine)"},"content":{"rendered":"<h3>V\u00e4likaamera p\u00e4ikesepaneeliga Botslab W313 \u2013 360\u00b0 WiFi turvakaamera<\/h3>\n<p>Botslab W313 on 360\u00b0 p\u00f6\u00f6rlev v\u00e4likaamera p\u00e4ikesepaneeliga, mis pakub stabiilset ja energias\u00e4\u00e4stlikku valve\u00adlahendust igasse \u00f5uepiirkonda. 3MP 2K eraldusv\u00f5ime tagab terava pildi ning lai p\u00f6\u00f6rlemisnurk v\u00f5imaldab katta kogu \u00fcmbruse. Sisseehitatud 5200 mAh aku ja kaasasolev 3W ETFE-kattega p\u00e4ikesepaneel v\u00f5imaldavad pidevat t\u00f6\u00f6d ka ilma elektriv\u00f5rgu \u00fchenduseta \u2013 juba 2 tundi p\u00e4ikesevalgust p\u00e4evas hoiavad seadme t\u00f6\u00f6s.<\/p>\n<p><img decoding=\"async\" src=\"https:\/\/blankpage.ee\/_ruumist-ruumi\/wp-content\/uploads\/2025\/04\/5-273.webp\" alt=\"Botslab W313 v\u00e4likaamera p\u00e4ikesepaneeliga \u2013 esivaade seinal\" \/><\/p>\n<h3>Selge pilt ka \u00f6\u00f6sel \u2013 3MP kaamera ja \u00f6\u00f6n\u00e4gemine<\/h3>\n<p>V\u00f5imas 3MP kaamerasensor v\u00f5imaldab detailset ja kvaliteetset salvestust nii p\u00e4eval kui \u00f6\u00f6sel. 8x digitaalne suum aitab tuvastada olulisi detaile ka kaugemal. T\u00e4isv\u00e4rviline \u00f6\u00f6n\u00e4gemine ja infrapuna-valgustus garanteerivad selge pildi ka h\u00e4marates oludes. Kahepoolne heliside teeb v\u00f5imalikuks reaalajas suhtluse l\u00e4bi kaamera.<\/p>\n<p><img decoding=\"async\" src=\"https:\/\/blankpage.ee\/_ruumist-ruumi\/wp-content\/uploads\/2025\/04\/4-315.webp\" alt=\"V\u00e4likaamera k\u00f5rge eraldusv\u00f5imega pildikvaliteet ja \u00f6\u00f6n\u00e4gemine\" \/><\/p>\n<h3>Lai vaatenurk ja nutikas juhtimine<\/h3>\n<p>Kaamera juhtimine toimub horisontaalselt 360\u00b0 ja vertikaalselt 136\u00b0, mis tagab t\u00e4ieliku \u00fclevaate sinu \u00f5uealast. K\u00f5iki seadme funktsioone saab mugavalt juhtida mobiilirakenduse kaudu, v\u00f5imaldades reaalajas vaadet ja juhitavat j\u00e4lgimist.<\/p>\n<p><img decoding=\"async\" src=\"https:\/\/blankpage.ee\/_ruumist-ruumi\/wp-content\/uploads\/2025\/04\/1-331.webp\" alt=\"360\u00b0 p\u00f6\u00f6rlev ja laia vaatenurgaga Botslab v\u00e4likaamera\" \/><\/p>\n<h3>Liikumistuvastus ja automaatne j\u00e4lgimine<\/h3>\n<p>Nutikas liikumise- ja inimeste tuvastus k\u00e4ivitab automaatselt valgus- ja helisignalisatsiooni ning saadab teavitused nutiseadmesse. Smart Tracking funktsiooniga j\u00e4lgib kaamera liikuvaid objekte iseseisvalt, p\u00fc\u00fcdes kogu tegevuse kindlalt pildile.<\/p>\n<p><img decoding=\"async\" src=\"https:\/\/blankpage.ee\/_ruumist-ruumi\/wp-content\/uploads\/2025\/04\/6-251.webp\" alt=\"V\u00e4likaamera nutikas liikumisj\u00e4lgimine ja turvafunktsioonid\" \/><\/p>\n<h3>T\u00f5hus salvestus ja ilmastikukindlus<\/h3>\n<p>Salvestisi saab hoida nii pilves kui MicroSD-kaardil (kuni 128 GB). Komplektis on \u00fche aasta tasuta pilveteenus (48 tundi salvestisi), hiljem 24 tundi salvestusv\u00f5imalust. IP65 ilmastikukindla korpusega sobib v\u00e4likaamera p\u00e4ikesepaneeliga usaldusv\u00e4\u00e4rselt igale seinale v\u00f5i lakke.<\/p>\n<p><img decoding=\"async\" src=\"https:\/\/blankpage.ee\/_ruumist-ruumi\/wp-content\/uploads\/2025\/04\/3-316.webp\" alt=\"Ilmastikukindel Botslab W313 v\u00e4likaamera p\u00e4ikesepaneeliga ning pilvesalvestuse v\u00f5imalus\" \/><\/p>\n<h3>Tehnilised andmed<\/h3>\n<table>\n<tbody>\n<tr>\n<th>Tootja<\/th>\n<td>Botslab<\/td>\n<\/tr>\n<tr>\n<th>Mudel<\/th>\n<td>W313<\/td>\n<\/tr>\n<tr>\n<th>Eraldusv\u00f5ime<\/th>\n<td>3MP (2K)<\/td>\n<\/tr>\n<tr>\n<th>Vaatenurk<\/th>\n<td>360\u00b0 horisontaalselt, 136\u00b0 vertikaalselt<\/td>\n<\/tr>\n<tr>\n<th>Wi-Fi<\/th>\n<td>2,4 GHz<\/td>\n<\/tr>\n<tr>\n<th>K\u00f5neside<\/th>\n<td>Toetatud<\/td>\n<\/tr>\n<tr>\n<th>Infrapuna \/ \u00f6\u00f6n\u00e4gemine<\/th>\n<td>Toetatud<\/td>\n<\/tr>\n<tr>\n<th>Akumaht<\/th>\n<td>5200 mAh<\/td>\n<\/tr>\n<tr>\n<th>P\u00e4ikesepaneel<\/th>\n<td>3W, ETFE-kattega<\/td>\n<\/tr>\n<tr>\n<th>Digitaalne suum<\/th>\n<td>8x<\/td>\n<\/tr>\n<tr>\n<th>Nutituvastus<\/th>\n<td>Inimeste, liikumise ja heli tuvastus<\/td>\n<\/tr>\n<tr>\n<th>Signalisatsioon<\/th>\n<td>Valgus- ja helisignaal<\/td>\n<\/tr>\n<tr>\n<th>H\u00e4\u00e4ljuhtimine<\/th>\n<td>Alexa, Google Assistant<\/td>\n<\/tr>\n<tr>\n<th>Kasutuskoht<\/th>\n<td>V\u00e4litingimused (IP65)<\/td>\n<\/tr>\n<tr>\n<th>Paigaldus<\/th>\n<td>Sein v\u00f5i lagi<\/td>\n<\/tr>\n<\/tbody>\n<\/table>\n","protected":false},"excerpt":{"rendered":"<p>V\u00e4likaamera p\u00e4ikesepaneeliga Botslab W313 \u2013 360\u00b0 WiFi turvakaamera Botslab W313 on 360\u00b0 p\u00f6\u00f6rlev v\u00e4likaamera p\u00e4ikesepaneeliga, mis pakub stabiilset ja energias\u00e4\u00e4stlikku valve\u00adlahendust igasse \u00f5uepiirkonda. 3MP 2K eraldusv\u00f5ime tagab terava pildi ning lai p\u00f6\u00f6rlemisnurk v\u00f5imaldab katta kogu \u00fcmbruse. Sisseehitatud 5200 mAh aku ja kaasasolev 3W ETFE-kattega p\u00e4ikesepaneel v\u00f5imaldavad pidevat t\u00f6\u00f6d ka ilma elektriv\u00f5rgu \u00fchenduseta \u2013 juba 2 [&hellip;]<\/p>\n","protected":false},"featured_media":171511,"comment_status":"open","ping_status":"open","template":"","meta":[],"product_brand":[3078],"product_cat":[3056],"product_tag":[],"class_list":{"0":"post-171505","1":"product","2":"type-product","3":"status-publish","4":"has-post-thumbnail","6":"product_brand-botslab","7":"product_cat-ip-kaamerad","8":"product_shipping_class-innpro","10":"first","11":"instock","12":"sale","13":"taxable","14":"shipping-taxable","15":"purchasable","16":"product-type-simple"},"_links":{"self":[{"href":"https:\/\/blankpage.ee\/_ruumist-ruumi\/wp-json\/wp\/v2\/product\/171505","targetHints":{"allow":["GET"]}}],"collection":[{"href":"https:\/\/blankpage.ee\/_ruumist-ruumi\/wp-json\/wp\/v2\/product"}],"about":[{"href":"https:\/\/blankpage.ee\/_ruumist-ruumi\/wp-json\/wp\/v2\/types\/product"}],"replies":[{"embeddable":true,"href":"https:\/\/blankpage.ee\/_ruumist-ruumi\/wp-json\/wp\/v2\/comments?post=171505"}],"wp:featuredmedia":[{"embeddable":true,"href":"https:\/\/blankpage.ee\/_ruumist-ruumi\/wp-json\/wp\/v2\/media\/171511"}],"wp:attachment":[{"href":"https:\/\/blankpage.ee\/_ruumist-ruumi\/wp-json\/wp\/v2\/media?parent=171505"}],"wp:term":[{"taxonomy":"product_brand","embeddable":true,"href":"https:\/\/blankpage.ee\/_ruumist-ruumi\/wp-json\/wp\/v2\/product_brand?post=171505"},{"taxonomy":"product_cat","embeddable":true,"href":"https:\/\/blankpage.ee\/_ruumist-ruumi\/wp-json\/wp\/v2\/product_cat?post=171505"},{"taxonomy":"product_tag","embeddable":true,"href":"https:\/\/blankpage.ee\/_ruumist-ruumi\/wp-json\/wp\/v2\/product_tag?post=171505"}],"curies":[{"name":"wp","href":"https:\/\/api.w.org\/{rel}","templated":true}]}}