{"id":171595,"date":"2025-04-19T05:50:52","date_gmt":"2025-04-19T05:50:52","guid":{"rendered":"https:\/\/ruumistruumi.ee\/pood\/nutikas-kodu-juhtpaneel-shelly-wall-display-ja-blu-ht-andur-valge-ivoor-wi-fi-bluetooth\/"},"modified":"2025-08-21T08:19:24","modified_gmt":"2025-08-21T08:19:24","slug":"nutikas-kodu-juhtpaneel-shelly-wall-display-ja-blu-ht-andur-valge-ivoor-wi-fi-bluetooth","status":"publish","type":"product","link":"https:\/\/blankpage.ee\/_ruumist-ruumi\/pood\/nutikas-kodu-juhtpaneel-shelly-wall-display-ja-blu-ht-andur-valge-ivoor-wi-fi-bluetooth\/","title":{"rendered":"Nutikas kodu juhtpaneel Shelly Wall Display ja BLU H&#038;T andur (valge\/ivoor, Wi-Fi, Bluetooth)"},"content":{"rendered":"<h3>Nutikas kodu juhtpaneel Shelly Wall Display (valge) ja BLU H&#038;T (ivoor) andur<\/h3>\n<p>Shelly nutikas kodu juhtpaneel koos BLU H&#038;T niiskus- ja temperatuurianduriga annab sulle t\u00e4ieliku kontrolli kodu sisekliima ning seadmete \u00fcle. Nutikas kodu juhtpaneel v\u00f5imaldab mugavalt reguleerida temperatuuri, hallata \u00f5huniiskust, juhtida valgustust v\u00f5i j\u00e4lgida energiatarbimist \u2013 k\u00f5ik \u00fchest kohast.<\/p>\n<p><img decoding=\"async\" src=\"https:\/\/blankpage.ee\/_ruumist-ruumi\/wp-content\/uploads\/2025\/04\/7-223.webp\" alt=\"Nutikas kodu juhtpaneel Shelly Wall Display koos BLU H&#038;T anduriga\"\/><\/p>\n<h3>Koduse temperatuuri ja niiskuse j\u00e4lgimine<br \/><\/h3>\n<p>Nutikas kodu juhtpaneel muudab temperatuuri ja \u00f5huniiskuse j\u00e4lgimise lihtsaks ning t\u00e4pseks. T\u00e4nu kvaliteetsetele anduritele saad alati olla kindel, et sisekliima on Sinu soovidele vastav \u2013 talvel tagad soojuse ja suvel v\u00e4ltid liigset palavust. Niiskuse monitoorimine aitab ennetada hallituse teket.<\/p>\n<p><img decoding=\"async\" src=\"https:\/\/blankpage.ee\/_ruumist-ruumi\/wp-content\/uploads\/2025\/04\/5-277.webp\" alt=\"Shelly BLU H&#038;T andur m\u00f5\u00f5dab ruumi \u00f5huniiskust ja temperatuuri\"\/><\/p>\n<h3>Valgustuse nutikas juhtimine<\/h3>\n<p>Valgustite juhtimine on nutika kodu juhtpaneeliga t\u00f5eliselt mugav \u2013 l\u00fclita erinevate ruumide valgusallikad sisse v\u00f5i v\u00e4lja \u00fchest kohast, olgu see magamistoas, elutoas v\u00f5i k\u00f6\u00f6gis. K\u00f5ik valgustid on kiirelt juhitavad \u00fche ekraani kaudu.<\/p>\n<p><img decoding=\"async\" src=\"https:\/\/blankpage.ee\/_ruumist-ruumi\/wp-content\/uploads\/2025\/04\/3-320.webp\" alt=\"Shelly Wall Display v\u00f5imaldab valguste kaugjuhtimist\"\/><\/p>\n<h3>Energiatarbimise j\u00e4lgimine ja s\u00e4\u00e4st<\/h3>\n<p>Reaalajas energiatarbimise j\u00e4lgimine aitab tuvastada \u00fclekasutust ning v\u00e4hendada elektriarveid. Nutikas kodu juhtpaneel v\u00f5imaldab j\u00e4lgida k\u00f5igi kodumasinate energiakulu ning annab v\u00f5imaluse teha teadlikke samme kodu energias\u00e4\u00e4stlikumaks muutmiseks.<\/p>\n<p><img decoding=\"async\" src=\"https:\/\/blankpage.ee\/_ruumist-ruumi\/wp-content\/uploads\/2025\/04\/6-257.webp\" alt=\"Shelly juhtpaneeli energiatarbimise graafik\"\/><\/p>\n<h3>Kasutajas\u00f5bralik puuteekraaniga juhtpaneel<\/h3>\n<p>Seadmel on 4-tolline v\u00e4rviline puuteekraan, mis on kodu keskne juhtimispunkt. P\u00f5hiekraani saad ise kohandada, et k\u00f5ige olulisemad seadmed ja andmed oleksid alati silme ees ja k\u00e4eulatuses.<\/p>\n<p><img decoding=\"async\" src=\"https:\/\/blankpage.ee\/_ruumist-ruumi\/wp-content\/uploads\/2025\/04\/1-337.webp\" alt=\"Shelly Wall Display puuteekraaniga nutika kodu juhtpaneel\"\/><\/p>\n<h3>Kompaktne andur sisekliima nutikaks juhtimiseks<\/h3>\n<p>Shelly BLU H&#038;T andur m\u00f5\u00f5dab t\u00e4pselt ruumi niiskust ja temperatuuri ning annab m\u00e4rku, kui andmed \u00fcletavad seatud piire. Nutikas kodu juhtpaneel saab t\u00e4nu sellele optimeerida automaatselt n\u00e4iteks tuulutust ja ventilatsiooni ning ennetada hallitust v\u00f5i k\u00fclmakahjustusi torudes.<\/p>\n<p><img decoding=\"async\" src=\"https:\/\/blankpage.ee\/_ruumist-ruumi\/wp-content\/uploads\/2025\/04\/4-320.webp\" alt=\"Shelly BLU H&#038;T kompaktne niiskuse- ja temperatuuriandur kodu jaoks\"\/><\/p>\n<h3>Komplektis:<\/h3>\n<ul class=\"list-disc pl-5\">\n<li>Shelly Wall Display nutikas kodu juhtpaneel<\/li>\n<li>Shelly BLU H&#038;T niiskus- ja temperatuuriandur<\/li>\n<\/ul>\n<div class=\"table-wrapper\">\n<h3>Shelly Wall Display juhtpaneel \u2013 tehnilised andmed<\/h3>\n<table>\n<tbody>\n<tr>\n<th>Tootja<\/th>\n<td>Shelly<\/td>\n<\/tr>\n<tr>\n<th>Nimi<\/th>\n<td>Shelly Wall Display<\/td>\n<\/tr>\n<tr>\n<th>Mudel<\/th>\n<td>SAWD1<\/td>\n<\/tr>\n<tr>\n<th>V\u00e4rv<\/th>\n<td>Valge<\/td>\n<\/tr>\n<tr>\n<th>Toiteallikas<\/th>\n<td>230 V, 50\/60Hz<\/td>\n<\/tr>\n<tr>\n<th>Maksimaalne pinge<\/th>\n<td>230 V<\/td>\n<\/tr>\n<tr>\n<th>Maksimaalne vool<\/th>\n<td>5 A<\/td>\n<\/tr>\n<tr>\n<th>Tarbitav v\u00f5imsus<\/th>\n<td>&lt; 1 W<\/td>\n<\/tr>\n<tr>\n<th>Temperatuuriandur<\/th>\n<td>Jah<\/td>\n<\/tr>\n<tr>\n<th>Niiskusandur<\/th>\n<td>Jah<\/td>\n<\/tr>\n<tr>\n<th>Valgussensor<\/th>\n<td>Jah<\/td>\n<\/tr>\n<tr>\n<th>Juhtmevaba standard<\/th>\n<td>802.11 b\/g\/n<\/td>\n<\/tr>\n<tr>\n<th>WiFi levi<\/th>\n<td>Kuni 30 m siseruumides, 50 m v\u00e4ljas<\/td>\n<\/tr>\n<tr>\n<th>Bluetooth versioon<\/th>\n<td>4.2<\/td>\n<\/tr>\n<tr>\n<th>Bluetooth levi<\/th>\n<td>Kuni 10 m siseruumides, 30 m v\u00e4ljas<\/td>\n<\/tr>\n<tr>\n<th>CPU<\/th>\n<td>MTK6580<\/td>\n<\/tr>\n<tr>\n<th>RAM<\/th>\n<td>1 GB<\/td>\n<\/tr>\n<tr>\n<th>V\u00e4lkm\u00e4lu<\/th>\n<td>8 GB<\/td>\n<\/tr>\n<tr>\n<th>M\u00f5\u00f5dud<\/th>\n<td>85 x 85 x 30 mm<\/td>\n<\/tr>\n<tr>\n<th>Kaal<\/th>\n<td>180 g<\/td>\n<\/tr>\n<tr>\n<th>Paigaldus<\/th>\n<td>Seinakarpi<\/td>\n<\/tr>\n<tr>\n<th>Korpus<\/th>\n<td>Plastik, alumiinium, klaas<\/td>\n<\/tr>\n<tr>\n<th>T\u00f6\u00f6tamistemperatuur<\/th>\n<td>-20\u00b0C kuni 40\u00b0C<\/td>\n<\/tr>\n<tr>\n<th>\u00d5huniiskus<\/th>\n<td>30% kuni 70% RH<\/td>\n<\/tr>\n<tr>\n<th>Maksimaalne k\u00f5rgus<\/th>\n<td>2000 m<\/td>\n<\/tr>\n<\/tbody>\n<\/table>\n<h3>Shelly BLU H&#038;T niiskuse- ja temperatuuriandur \u2013 tehnilised andmed<\/h3>\n<table>\n<tbody>\n<tr>\n<th>Tootja<\/th>\n<td>Shelly<\/td>\n<\/tr>\n<tr>\n<th>Mudel<\/th>\n<td>BluH&#038;Tivory<\/td>\n<\/tr>\n<tr>\n<th>V\u00e4rv<\/th>\n<td>Ivoor<\/td>\n<\/tr>\n<tr>\n<th>Toide<\/th>\n<td>1x CR2032 3 V patarei (kaasas)<\/td>\n<\/tr>\n<tr>\n<th>T\u00f6\u00f6aeg<\/th>\n<td>Kuni 3 aastat<\/td>\n<\/tr>\n<tr>\n<th>Niiskusandur<\/th>\n<td>Jah<\/td>\n<\/tr>\n<tr>\n<th>Temperatuuriandur<\/th>\n<td>Jah<\/td>\n<\/tr>\n<tr>\n<th>Bluetooth versioon<\/th>\n<td>4.2<\/td>\n<\/tr>\n<tr>\n<th>RF sagedus<\/th>\n<td>2400-2483.5 MHz<\/td>\n<\/tr>\n<tr>\n<th>Maksimaalne RF v\u00f5imsus<\/th>\n<td>&lt; 4 dBm<\/td>\n<\/tr>\n<tr>\n<th>Levi<\/th>\n<td>Kuni 30 m v\u00e4ljas \/ kuni 10 m siseruumides<\/td>\n<\/tr>\n<tr>\n<th>Kr\u00fcpteering<\/th>\n<td>AES (CCM-re\u017eiim)<\/td>\n<\/tr>\n<tr>\n<th>T\u00f6\u00f6temperatuur<\/th>\n<td>-20\u00b0C kuni 60\u00b0C<\/td>\n<\/tr>\n<tr>\n<th>T\u00f6\u00f6niiskus<\/th>\n<td>0% kuni 100% RH<\/td>\n<\/tr>\n<tr>\n<th>Materjal<\/th>\n<td>Plastik<\/td>\n<\/tr>\n<tr>\n<th>M\u00f5\u00f5dud<\/th>\n<td>37 x 37 x 10 mm<\/td>\n<\/tr>\n<tr>\n<th>Kaal<\/th>\n<td>13 g<\/td>\n<\/tr>\n<tr>\n<th>Paigalduskoht<\/th>\n<td>Tasane pind<\/td>\n<\/tr>\n<\/tbody>\n<\/table>\n<\/div>\n<p>Shelly nutikas kodu juhtpaneel koos BLU H&#038;T anduriga muudab kodu juhtimise, sisekliima reguleerimise ning energiatarbimise optimeerimise lihtsaks ja mugavaks.<\/p>\n","protected":false},"excerpt":{"rendered":"<p>Nutikas kodu juhtpaneel Shelly Wall Display (valge) ja BLU H&#038;T (ivoor) andur Shelly nutikas kodu juhtpaneel koos BLU H&#038;T niiskus- ja temperatuurianduriga annab sulle t\u00e4ieliku kontrolli kodu sisekliima ning seadmete \u00fcle. Nutikas kodu juhtpaneel v\u00f5imaldab mugavalt reguleerida temperatuuri, hallata \u00f5huniiskust, juhtida valgustust v\u00f5i j\u00e4lgida energiatarbimist \u2013 k\u00f5ik \u00fchest kohast. Koduse temperatuuri ja niiskuse j\u00e4lgimine Nutikas [&hellip;]<\/p>\n","protected":false},"featured_media":171602,"comment_status":"open","ping_status":"open","template":"","meta":[],"product_brand":[3069],"product_cat":[3057],"product_tag":[],"class_list":{"0":"post-171595","1":"product","2":"type-product","3":"status-publish","4":"has-post-thumbnail","6":"product_brand-shelly","7":"product_cat-juhtpaneelid","8":"product_shipping_class-innpro","10":"first","11":"instock","12":"sale","13":"taxable","14":"shipping-taxable","15":"purchasable","16":"product-type-simple"},"_links":{"self":[{"href":"https:\/\/blankpage.ee\/_ruumist-ruumi\/wp-json\/wp\/v2\/product\/171595","targetHints":{"allow":["GET"]}}],"collection":[{"href":"https:\/\/blankpage.ee\/_ruumist-ruumi\/wp-json\/wp\/v2\/product"}],"about":[{"href":"https:\/\/blankpage.ee\/_ruumist-ruumi\/wp-json\/wp\/v2\/types\/product"}],"replies":[{"embeddable":true,"href":"https:\/\/blankpage.ee\/_ruumist-ruumi\/wp-json\/wp\/v2\/comments?post=171595"}],"wp:featuredmedia":[{"embeddable":true,"href":"https:\/\/blankpage.ee\/_ruumist-ruumi\/wp-json\/wp\/v2\/media\/171602"}],"wp:attachment":[{"href":"https:\/\/blankpage.ee\/_ruumist-ruumi\/wp-json\/wp\/v2\/media?parent=171595"}],"wp:term":[{"taxonomy":"product_brand","embeddable":true,"href":"https:\/\/blankpage.ee\/_ruumist-ruumi\/wp-json\/wp\/v2\/product_brand?post=171595"},{"taxonomy":"product_cat","embeddable":true,"href":"https:\/\/blankpage.ee\/_ruumist-ruumi\/wp-json\/wp\/v2\/product_cat?post=171595"},{"taxonomy":"product_tag","embeddable":true,"href":"https:\/\/blankpage.ee\/_ruumist-ruumi\/wp-json\/wp\/v2\/product_tag?post=171595"}],"curies":[{"name":"wp","href":"https:\/\/api.w.org\/{rel}","templated":true}]}}