{"id":172257,"date":"2025-04-19T08:00:38","date_gmt":"2025-04-19T08:00:38","guid":{"rendered":"https:\/\/ruumistruumi.ee\/pood\/tegevuskaamera-tarvikud-botslab-v9h-videosalvestile-kinnitusrihmad-hoidikud-kandekott\/"},"modified":"2025-08-21T08:19:07","modified_gmt":"2025-08-21T08:19:07","slug":"tegevuskaamera-tarvikud-botslab-v9h-videosalvestile-kinnitusrihmad-hoidikud-kandekott","status":"publish","type":"product","link":"https:\/\/blankpage.ee\/_ruumist-ruumi\/pood\/tegevuskaamera-tarvikud-botslab-v9h-videosalvestile-kinnitusrihmad-hoidikud-kandekott\/","title":{"rendered":"Tegevuskaamera tarvikud Botslab V9H videosalvestile (kinnitusrihmad, hoidikud, kandekott)"},"content":{"rendered":"<h3>Tegevuskaamera tarvikud Botslab V9H videosalvestile<\/h3>\n<p>Botslab V9H videosalvesti jaoks loodud tegevuskaamera tarvikud komplekt pakub laialdasi v\u00f5imalusi kaamera kinnitamiseks ja turvaliseks kasutamiseks erinevates olukordades. Komplekti kuuluv rinnarihm v\u00f5imaldab salvestada tegevusi esimesest isikust vaates, mis sobib suurep\u00e4raselt n\u00e4iteks matkale, rattas\u00f5idule v\u00f5i muudele aktiivsetele tegevustele.<\/p>\n<p>3-\u00fches kinnitusjalg ja J-t\u00fc\u00fcpi kinnituspakuvad erinevate pindadele paigaldamise v\u00f5imalusi, andes vabaduse seadistada kaamera sobivasse nurka. Dokkimisjaam muudab seadme laadimise kiireks ja lihtsaks. Mahukas kandekott aitab hoida k\u00f5ik tarvikud korras ja kergesti kaasaskantavana ning v\u00f5imaldab mugavat transporti nii reisil kui ka igap\u00e4evases kasutuses.<\/p>\n<h3>Komplekt sisaldab:<\/h3>\n<ul>\n<li>Kandekott<\/li>\n<li>Organisaator<\/li>\n<li>Seljakinnitus koos kruviga<\/li>\n<li>3-\u00fches kinnitusjalg<\/li>\n<li>J-t\u00fc\u00fcpi kinnitus<\/li>\n<li>Dokkimisjaam<\/li>\n<li>Rinnarihm<\/li>\n<li>Kruviv\u00f5ti<\/li>\n<li>Pikad kinnituskruvid<\/li>\n<li>O-klipi hoidik<\/li>\n<li>Suur pannal<\/li>\n<li>Adapterid akupesale (2 tk)<\/li>\n<li>Rattakinnitus koos kruviga<\/li>\n<\/ul>\n<table>\n<tr>\n<th>Tootja<\/th>\n<td>Botslab<\/td>\n<\/tr>\n<tr>\n<th>Tootekood<\/th>\n<td>V9H-accessories<\/td>\n<\/tr>\n<tr>\n<th>\u00dchilduvus<\/th>\n<td>Botslab V9H videosalvesti<\/td>\n<\/tr>\n<\/table>\n<p>See mitmek\u00fclgne tegevuskaamera tarvikute komplekt tagab Botslab V9H videosalvesti tugeva kinnituse ja v\u00f5imaldab loovalt j\u00e4\u00e4dvustada erinevaid s\u00fcndmusi nii siseruumides kui ka v\u00e4litingimustes.<\/p>\n<p><img decoding=\"async\" src=\"https:\/\/blankpage.ee\/_ruumist-ruumi\/wp-content\/uploads\/2025\/04\/3-371.webp\" alt=\"Tegevuskaamera tarvikud Botslab V9H videosalvestile: kinnitusrihmad, hoidikud ja kandekott\"\/><br \/>\n<!-- Alternatiivne pilt v\u00f5i lisapilt: --><br \/>\n<!-- <img decoding=\"async\" src=\"https:\/\/b2b.innpro.eupildi_url\" alt=\"Rinnarihm ja kandekott Botslab V9H tegevuskaamerale koos mitmek\u00fclgsete kinnitusadapteritega\"\/> --><\/p>\n","protected":false},"excerpt":{"rendered":"<p>Tegevuskaamera tarvikud Botslab V9H videosalvestile Botslab V9H videosalvesti jaoks loodud tegevuskaamera tarvikud komplekt pakub laialdasi v\u00f5imalusi kaamera kinnitamiseks ja turvaliseks kasutamiseks erinevates olukordades. Komplekti kuuluv rinnarihm v\u00f5imaldab salvestada tegevusi esimesest isikust vaates, mis sobib suurep\u00e4raselt n\u00e4iteks matkale, rattas\u00f5idule v\u00f5i muudele aktiivsetele tegevustele. 3-\u00fches kinnitusjalg ja J-t\u00fc\u00fcpi kinnituspakuvad erinevate pindadele paigaldamise v\u00f5imalusi, andes vabaduse seadistada kaamera [&hellip;]<\/p>\n","protected":false},"featured_media":172259,"comment_status":"open","ping_status":"open","template":"","meta":[],"product_brand":[3078],"product_cat":[3048],"product_tag":[],"class_list":{"0":"post-172257","1":"product","2":"type-product","3":"status-publish","4":"has-post-thumbnail","6":"product_brand-botslab","7":"product_cat-nutikodu-tarvikud","8":"product_shipping_class-innpro","10":"first","11":"instock","12":"sale","13":"taxable","14":"shipping-taxable","15":"purchasable","16":"product-type-simple"},"_links":{"self":[{"href":"https:\/\/blankpage.ee\/_ruumist-ruumi\/wp-json\/wp\/v2\/product\/172257","targetHints":{"allow":["GET"]}}],"collection":[{"href":"https:\/\/blankpage.ee\/_ruumist-ruumi\/wp-json\/wp\/v2\/product"}],"about":[{"href":"https:\/\/blankpage.ee\/_ruumist-ruumi\/wp-json\/wp\/v2\/types\/product"}],"replies":[{"embeddable":true,"href":"https:\/\/blankpage.ee\/_ruumist-ruumi\/wp-json\/wp\/v2\/comments?post=172257"}],"wp:featuredmedia":[{"embeddable":true,"href":"https:\/\/blankpage.ee\/_ruumist-ruumi\/wp-json\/wp\/v2\/media\/172259"}],"wp:attachment":[{"href":"https:\/\/blankpage.ee\/_ruumist-ruumi\/wp-json\/wp\/v2\/media?parent=172257"}],"wp:term":[{"taxonomy":"product_brand","embeddable":true,"href":"https:\/\/blankpage.ee\/_ruumist-ruumi\/wp-json\/wp\/v2\/product_brand?post=172257"},{"taxonomy":"product_cat","embeddable":true,"href":"https:\/\/blankpage.ee\/_ruumist-ruumi\/wp-json\/wp\/v2\/product_cat?post=172257"},{"taxonomy":"product_tag","embeddable":true,"href":"https:\/\/blankpage.ee\/_ruumist-ruumi\/wp-json\/wp\/v2\/product_tag?post=172257"}],"curies":[{"name":"wp","href":"https:\/\/api.w.org\/{rel}","templated":true}]}}