{"id":172446,"date":"2025-04-19T08:15:08","date_gmt":"2025-04-19T08:15:08","guid":{"rendered":"https:\/\/ruumistruumi.ee\/pood\/nutikas-rgb-led-pirn-gosund-wb4-e27-8w-wi-fi-800-lm\/"},"modified":"2025-08-21T08:19:05","modified_gmt":"2025-08-21T08:19:05","slug":"nutikas-rgb-led-pirn-gosund-wb4-e27-8w-wi-fi-800-lm","status":"publish","type":"product","link":"https:\/\/blankpage.ee\/_ruumist-ruumi\/pood\/nutikas-rgb-led-pirn-gosund-wb4-e27-8w-wi-fi-800-lm\/","title":{"rendered":"Nutikas RGB LED pirn Gosund WB4, E27, 8W, Wi-Fi, 800 lm"},"content":{"rendered":"<h3>Nutikas LED pirn Gosund WB4 RGB, E27, Wi-Fi, 8W, 800 lm<\/h3>\n<p>Nutikas LED pirn Gosund WB4 on energias\u00e4\u00e4stlik valgusallikas, mis pakub mitmek\u00fclgseid valgustusv\u00f5imalusi sinu koju. Pirn sobib E27 sokliga lampidesse ning annab kuni 800 luumenit valgust, mis vastab traditsioonilisele 75 W h\u00f5\u00f5glambile. T\u00e4nu RGB LED-tehnoloogiale v\u00f5ib valida kuni 16 miljoni v\u00e4rvitooni vahel, reguleerida heledust ning muuta valguse v\u00e4rvustemperatuuri (kuni 2700 K), et luua \u00f5ige meeleolu igaks hetkeks.<\/p>\n<p>Pirni t\u00f6\u00f6iga on kuni 20 000 tundi. K\u00f5iki valgusseadeid saad lihtsalt juhtida nutitelefonis l\u00e4bi Gosund v\u00f5i Smart Life (Tuya) rakenduse. V\u00f5imalik on kasutada ajastusi ja automaatseid stsenaariume, n\u00e4iteks l\u00fclitada valgust teatud kellaaegadel v\u00f5i simuleerida kodusolekut turvalisuse suurendamiseks. Pirni saab ka muusikaga s\u00fcnkroonida, muutes selle ideaalseks valikuks nii pidudele kui meeleoluvalgustuseks.<\/p>\n<p><img decoding=\"async\" src=\"https:\/\/blankpage.ee\/_ruumist-ruumi\/wp-content\/uploads\/2025\/04\/9-103.webp\" alt=\"Nutika LED pirni Gosund WB4 v\u00e4rviline valgus\"\/><\/p>\n<h3>Juhi valgust k\u00f5ikjal nutikalt<\/h3>\n<p>K\u00f5ik funktsioonid on h\u00f5lpsasti ligip\u00e4\u00e4setavad l\u00e4bi Gosund v\u00f5i Smart Life (Tuya) \u00e4pi. V\u00f5id l\u00fclitada valguse sisse v\u00f5i v\u00e4lja, muuta nutika LED pirni v\u00e4rvi, heleduse taset v\u00f5i kasutada erinevaid valgusstseene \u2013 seda k\u00f5ike s\u00f5ltumata sinu asukohast, peaasi et olemas on interneti\u00fchendus. WB4 \u00fchildub ka teiste juhtimiss\u00fcsteemidega nagu IFTTT, Amazon Alexa ja Google Assistant.<\/p>\n<p><img decoding=\"async\" src=\"https:\/\/blankpage.ee\/_ruumist-ruumi\/wp-content\/uploads\/2025\/04\/12-12.webp\" alt=\"Gosundi nutipirn rakenduse kaudu juhtimise v\u00f5imalusega\"\/><\/p>\n<h3>Lihtne ja mugav kasutada<\/h3>\n<p>Gosundi rakendus on saadaval eesti keeles. Lisaks tavalisele sisse- ja v\u00e4ljal\u00fclitamisele v\u00f5imaldab see m\u00e4\u00e4rata ajastusi, mille j\u00e4rgi nutikas LED pirn l\u00fclitub automaatselt sisse v\u00f5i v\u00e4lja. Samuti saab pirni seadistada kodusoleku simuleerimiseks v\u00f5i jagada juhtimist teiste pereliikmetega. Suurep\u00e4rane lahendus pidudeks, kuna v\u00f5imaldab s\u00fcnkroonida valguse muusika r\u00fctmiga! Pirn t\u00f6\u00f6tab ainult 2,4 GHz Wi-Fi v\u00f5rgus.<\/p>\n<p><img decoding=\"async\" src=\"https:\/\/blankpage.ee\/_ruumist-ruumi\/wp-content\/uploads\/2025\/04\/10-30.webp\" alt=\"RGB LED pirn kiirgab v\u00e4rvilist valgust interj\u00f6\u00f6ris\"\/><\/p>\n<h3>Tehnilised andmed: nutikas LED pirn WB4<\/h3>\n<table>\n<tbody>\n<tr>\n<th>Mudel<\/th>\n<td>WB4<\/td>\n<\/tr>\n<tr>\n<th>Sokkel<\/th>\n<td>E27<\/td>\n<\/tr>\n<tr>\n<th>V\u00e4rvivalik<\/th>\n<td>16 miljonit v\u00e4rvitooni<\/td>\n<\/tr>\n<tr>\n<th>Pinge<\/th>\n<td>220 V<\/td>\n<\/tr>\n<tr>\n<th>Heledus<\/th>\n<td>800 lm (vastab 75 W h\u00f5\u00f5glambile)<\/td>\n<\/tr>\n<tr>\n<th>\u00dchenduvus<\/th>\n<td>Wi-Fi (2,4 GHz)<\/td>\n<\/tr>\n<tr>\n<th>V\u00f5imsus<\/th>\n<td>8 W<\/td>\n<\/tr>\n<tr>\n<th>Kasutusiga<\/th>\n<td>20 000 tundi<\/td>\n<\/tr>\n<tr>\n<th>Valguse temperatuur<\/th>\n<td>kuni 2700 K<\/td>\n<\/tr>\n<tr>\n<th>Rakendused<\/th>\n<td>Gosund, Smart Life (Tuya)<\/td>\n<\/tr>\n<tr>\n<th>Kaal<\/th>\n<td>225 g<\/td>\n<\/tr>\n<tr>\n<th>M\u00f5\u00f5tmed<\/th>\n<td>14 x 9,5 x 7 cm<\/td>\n<\/tr>\n<\/tbody>\n<\/table>\n<h3>Komplekti kuulub<\/h3>\n<ul>\n<li>WB4 nutikas LED pirn x1<\/li>\n<li>Kasutusjuhend<\/li>\n<\/ul>\n","protected":false},"excerpt":{"rendered":"<p>Nutikas LED pirn Gosund WB4 RGB, E27, Wi-Fi, 8W, 800 lm Nutikas LED pirn Gosund WB4 on energias\u00e4\u00e4stlik valgusallikas, mis pakub mitmek\u00fclgseid valgustusv\u00f5imalusi sinu koju. Pirn sobib E27 sokliga lampidesse ning annab kuni 800 luumenit valgust, mis vastab traditsioonilisele 75 W h\u00f5\u00f5glambile. T\u00e4nu RGB LED-tehnoloogiale v\u00f5ib valida kuni 16 miljoni v\u00e4rvitooni vahel, reguleerida heledust ning [&hellip;]<\/p>\n","protected":false},"featured_media":172450,"comment_status":"open","ping_status":"open","template":"","meta":[],"product_brand":[2940],"product_cat":[1634,3047],"product_tag":[],"class_list":{"0":"post-172446","1":"product","2":"type-product","3":"status-publish","4":"has-post-thumbnail","6":"product_brand-gosund","7":"product_cat-pirnid","8":"product_cat-led-pirnid","9":"product_shipping_class-innpro","11":"first","12":"instock","13":"sale","14":"taxable","15":"shipping-taxable","16":"purchasable","17":"product-type-simple"},"_links":{"self":[{"href":"https:\/\/blankpage.ee\/_ruumist-ruumi\/wp-json\/wp\/v2\/product\/172446","targetHints":{"allow":["GET"]}}],"collection":[{"href":"https:\/\/blankpage.ee\/_ruumist-ruumi\/wp-json\/wp\/v2\/product"}],"about":[{"href":"https:\/\/blankpage.ee\/_ruumist-ruumi\/wp-json\/wp\/v2\/types\/product"}],"replies":[{"embeddable":true,"href":"https:\/\/blankpage.ee\/_ruumist-ruumi\/wp-json\/wp\/v2\/comments?post=172446"}],"wp:featuredmedia":[{"embeddable":true,"href":"https:\/\/blankpage.ee\/_ruumist-ruumi\/wp-json\/wp\/v2\/media\/172450"}],"wp:attachment":[{"href":"https:\/\/blankpage.ee\/_ruumist-ruumi\/wp-json\/wp\/v2\/media?parent=172446"}],"wp:term":[{"taxonomy":"product_brand","embeddable":true,"href":"https:\/\/blankpage.ee\/_ruumist-ruumi\/wp-json\/wp\/v2\/product_brand?post=172446"},{"taxonomy":"product_cat","embeddable":true,"href":"https:\/\/blankpage.ee\/_ruumist-ruumi\/wp-json\/wp\/v2\/product_cat?post=172446"},{"taxonomy":"product_tag","embeddable":true,"href":"https:\/\/blankpage.ee\/_ruumist-ruumi\/wp-json\/wp\/v2\/product_tag?post=172446"}],"curies":[{"name":"wp","href":"https:\/\/api.w.org\/{rel}","templated":true}]}}