{"id":172531,"date":"2025-04-19T08:22:47","date_gmt":"2025-04-19T08:22:47","guid":{"rendered":"https:\/\/ruumistruumi.ee\/pood\/juhtmevaba-turvakaamera-komplekt-baseus-n1-2k-3-tk-valge-7800-mah-oonagemine-wi-fi\/"},"modified":"2025-08-21T08:19:05","modified_gmt":"2025-08-21T08:19:05","slug":"juhtmevaba-turvakaamera-komplekt-baseus-n1-2k-3-tk-valge-7800-mah-oonagemine-wi-fi","status":"publish","type":"product","link":"https:\/\/blankpage.ee\/_ruumist-ruumi\/pood\/juhtmevaba-turvakaamera-komplekt-baseus-n1-2k-3-tk-valge-7800-mah-oonagemine-wi-fi\/","title":{"rendered":"Juhtmevaba turvakaamera komplekt Baseus N1 2K (3 tk, valge, 7800 mAh, \u00f6\u00f6n\u00e4gemine, Wi-Fi)"},"content":{"rendered":"<h3>Juhtmevaba turvakaamera komplekt Baseus N1 2K (3 tk, valge)<\/h3>\n<p>Juhtmevaba turvakaamera komplekt Baseus N1 pakub usaldusv\u00e4\u00e4rset ja kaasaegset lahendust kodu v\u00f5i vara j\u00e4lgimiseks. Komplekti kuulub kolm 2K eraldusv\u00f5imega juhtmevaba v\u00e4likaamerat ja baasjaam. Lai 145\u00b0 vaatenurk ning selge pildikvaliteet v\u00f5imaldavad mugavalt j\u00e4lgida kogu hoovi, sisses\u00f5iduteed v\u00f5i muud olulist ala otse oma nutitelefonist. Kaamerad sobivad diskreetselt iga kodu v\u00e4lisilmega ja tagavad maksimaalse turvalisuse.<\/p>\n<h3>Tippkvaliteetne 2K pilt ja lai vaatenurk<\/h3>\n<p>K\u00f5ik turvakaamerad Baseus N1 komplektis salvestavad kristallselge 2K videopildina \u2014 n\u00e4ed olulisi detaile isegi kuni 8 meetri kaugusel. Lai 145\u00b0 vaatenurk aitab v\u00e4ltida pimealasid ja annab p\u00f5hjaliku \u00fclevaate valvatavast territooriumist.<\/p>\n<p><img decoding=\"async\" src=\"https:\/\/blankpage.ee\/_ruumist-ruumi\/wp-content\/uploads\/2025\/04\/5-327.webp\" alt=\"Juhtmevaba turvakaamera komplekt Baseus N1 laia vaatenurgaga ja selge 2K pildiga v\u00e4litingimustes\"><\/p>\n<h3>V\u00e4rviline \u00f6\u00f6n\u00e4gemine ja n\u00e4htavus igas olukorras<\/h3>\n<p>Baseus N1 turvakaamerasid iseloomustab t\u00e4iustatud v\u00e4rviline \u00f6\u00f6vaate tehnoloogia, mist\u00f5ttu on v\u00f5imalik inimesi ja objekte tuvastada ka v\u00e4hese valgusega tingimustes. T\u00e4nu sellele toimib valve usaldusv\u00e4\u00e4rselt \u00f6\u00f6siti ja pimedal ajal.<\/p>\n<p><img decoding=\"async\" src=\"https:\/\/blankpage.ee\/_ruumist-ruumi\/wp-content\/uploads\/2025\/04\/3-392.webp\" alt=\"Baseus N1 v\u00e4rvilise \u00f6\u00f6vaatega v\u00e4likaamera h\u00e4maras\"><\/p>\n<h3>Pikaaegne aku, ilmastikukindel kaitse<\/h3>\n<p>2K v\u00e4likaamerad on varustatud 7800 mAh akudega, mis tagavad kuni 210 p\u00e4eva t\u00f6\u00f6aja \u00fche laadimisega. T\u00e4nu veekindlale disainile t\u00f6\u00f6tavad kaamerad temperatuuridel -20\u00b0C kuni +50\u00b0C ning on vastupidavad vihmale, lumele ja teistele ilmastikutingimustele.<\/p>\n<p><img decoding=\"async\" src=\"https:\/\/blankpage.ee\/_ruumist-ruumi\/wp-content\/uploads\/2025\/04\/1-409.webp\" alt=\"Juhtmevaba Baseus N1 turvakaamera ilmastikukindla korpusega v\u00e4litingimustes\"><\/p>\n<h3>Nutikas teavituste s\u00fcsteem ja mugav kasutamine<\/h3>\n<p>K\u00f5ik s\u00fcndmused j\u00f5uavad kiiresti sinu telefoni l\u00e4bi rakenduse teavituste. Kaamerad v\u00f5imaldavad otse\u00fclekande j\u00e4lgimist ning suhtlemist kahepoolse audioga, millele aitab kaasa m\u00fcrasummutus. Alexa ja Google Home tugi v\u00f5imaldab mugavat juhtimist ka h\u00e4\u00e4lk\u00e4sklustega.<\/p>\n<p><img decoding=\"async\" src=\"https:\/\/blankpage.ee\/_ruumist-ruumi\/wp-content\/uploads\/2025\/04\/9-104.webp\" alt=\"Juhtmevaba turvakaamera komplekti kasutamine mobiilirakenduse kaudu\"><\/p>\n<h3>Lihtne juhtmevaba paigaldus ja t\u00f6\u00f6kindel \u00fchendus<\/h3>\n<p>Juhtmevaba turvakaamera komplekti paigaldamine on kiire ja paindlik \u2014 kaableid vedama ei pea ning stabiilne 2,4 GHz Wi-Fi \u00fchendus tagab pideva videovoogude ja teavituste toimimise. Paigalda kaamerad just sinna, kuhu soovid, ning kaitse oma kodu ilma keerukate t\u00f6\u00f6de ja juhtmeteta.<\/p>\n<h3>Tehnilised andmed ja komplekti sisu<\/h3>\n<ul>\n<li>Baasjaam<\/li>\n<li>3 \u00d7 Baseus N1 turvakaamera<\/li>\n<li>3 \u00d7 kinnitusklamber<\/li>\n<li>Kruvikomplekt<\/li>\n<li>USB-A \u2013 USB-C laadimiskaabel<\/li>\n<li>RJ45 Ethernet-kaabel<\/li>\n<li>Toiteadapter<\/li>\n<\/ul>\n<table>\n<tr>\n<th>Tootja<\/th>\n<td>Baseus<\/td>\n<\/tr>\n<tr>\n<th>Mudel<\/th>\n<td>N1<\/td>\n<\/tr>\n<tr>\n<th>V\u00e4rv<\/th>\n<td>Valge<\/td>\n<\/tr>\n<tr>\n<th>Salvestuskvaliteet<\/th>\n<td>2K<\/td>\n<\/tr>\n<tr>\n<th>Akumaht<\/th>\n<td>7800 mAh<\/td>\n<\/tr>\n<tr>\n<th>\u00dche laadimisega t\u00f6\u00f6aeg<\/th>\n<td>kuni 210 p\u00e4eva<\/td>\n<\/tr>\n<tr>\n<th>Maksimaalne salvestusvahemik<\/th>\n<td>kuni 8 m<\/td>\n<\/tr>\n<tr>\n<th>Vaatenurk<\/th>\n<td>145\u00b0<\/td>\n<\/tr>\n<tr>\n<th>\u00d6\u00f6salvestus<\/th>\n<td>Jah<\/td>\n<\/tr>\n<tr>\n<th>Spotlight<\/th>\n<td>100 lm<\/td>\n<\/tr>\n<tr>\n<th>T\u00f6\u00f6temperatuur<\/th>\n<td>-20\u00b0C kuni +50\u00b0C<\/td>\n<\/tr>\n<tr>\n<th>Wi-Fi sagedus<\/th>\n<td>2,4 GHz<\/td>\n<\/tr>\n<tr>\n<th>H\u00e4\u00e4leassistendid<\/th>\n<td>Alexa, Google Home<\/td>\n<\/tr>\n<tr>\n<th>Laadimine<\/th>\n<td>USB-A \u2013 USB-C kaabel<\/td>\n<\/tr>\n<\/table>\n","protected":false},"excerpt":{"rendered":"<p>Juhtmevaba turvakaamera komplekt Baseus N1 2K (3 tk, valge) Juhtmevaba turvakaamera komplekt Baseus N1 pakub usaldusv\u00e4\u00e4rset ja kaasaegset lahendust kodu v\u00f5i vara j\u00e4lgimiseks. Komplekti kuulub kolm 2K eraldusv\u00f5imega juhtmevaba v\u00e4likaamerat ja baasjaam. Lai 145\u00b0 vaatenurk ning selge pildikvaliteet v\u00f5imaldavad mugavalt j\u00e4lgida kogu hoovi, sisses\u00f5iduteed v\u00f5i muud olulist ala otse oma nutitelefonist. Kaamerad sobivad diskreetselt iga [&hellip;]<\/p>\n","protected":false},"featured_media":172536,"comment_status":"open","ping_status":"open","template":"","meta":[],"product_brand":[2876],"product_cat":[3056],"product_tag":[],"class_list":{"0":"post-172531","1":"product","2":"type-product","3":"status-publish","4":"has-post-thumbnail","6":"product_brand-baseus","7":"product_cat-ip-kaamerad","8":"product_shipping_class-innpro","10":"first","11":"instock","12":"sale","13":"taxable","14":"shipping-taxable","15":"purchasable","16":"product-type-simple"},"_links":{"self":[{"href":"https:\/\/blankpage.ee\/_ruumist-ruumi\/wp-json\/wp\/v2\/product\/172531","targetHints":{"allow":["GET"]}}],"collection":[{"href":"https:\/\/blankpage.ee\/_ruumist-ruumi\/wp-json\/wp\/v2\/product"}],"about":[{"href":"https:\/\/blankpage.ee\/_ruumist-ruumi\/wp-json\/wp\/v2\/types\/product"}],"replies":[{"embeddable":true,"href":"https:\/\/blankpage.ee\/_ruumist-ruumi\/wp-json\/wp\/v2\/comments?post=172531"}],"wp:featuredmedia":[{"embeddable":true,"href":"https:\/\/blankpage.ee\/_ruumist-ruumi\/wp-json\/wp\/v2\/media\/172536"}],"wp:attachment":[{"href":"https:\/\/blankpage.ee\/_ruumist-ruumi\/wp-json\/wp\/v2\/media?parent=172531"}],"wp:term":[{"taxonomy":"product_brand","embeddable":true,"href":"https:\/\/blankpage.ee\/_ruumist-ruumi\/wp-json\/wp\/v2\/product_brand?post=172531"},{"taxonomy":"product_cat","embeddable":true,"href":"https:\/\/blankpage.ee\/_ruumist-ruumi\/wp-json\/wp\/v2\/product_cat?post=172531"},{"taxonomy":"product_tag","embeddable":true,"href":"https:\/\/blankpage.ee\/_ruumist-ruumi\/wp-json\/wp\/v2\/product_tag?post=172531"}],"curies":[{"name":"wp","href":"https:\/\/api.w.org\/{rel}","templated":true}]}}