{"id":172593,"date":"2025-04-19T08:27:45","date_gmt":"2025-04-19T08:27:45","guid":{"rendered":"https:\/\/ruumistruumi.ee\/pood\/klambriga-led-lugemisvalgus-glocusent-wingy-usb-c-1000-mah-must\/"},"modified":"2025-08-21T08:19:04","modified_gmt":"2025-08-21T08:19:04","slug":"klambriga-led-lugemisvalgus-glocusent-wingy-usb-c-1000-mah-must","status":"publish","type":"product","link":"https:\/\/blankpage.ee\/_ruumist-ruumi\/pood\/klambriga-led-lugemisvalgus-glocusent-wingy-usb-c-1000-mah-must\/","title":{"rendered":"Klambriga LED lugemisvalgus Glocusent Wingy (USB-C, 1000 mAh, must)"},"content":{"rendered":"<h3>Klambriga LED lugemisvalgus Glocusent Wingy (USB-C, 1000 mAh, must)<\/h3>\n<p>Klambriga LED lugemisvalgus Glocusent Wingy pakub sulle paindlikku ja mugavat valgust, sobides ideaalselt nii raamatu k\u00fclge, \u00f6\u00f6kapile kui t\u00f6\u00f6- v\u00f5i kirjutuslauale. T\u00e4nu kergele kaalule (72,2 g) ja painduvale varrele saad valguse suunata t\u00e4pselt sinna, kuhu soovid. Tugev klamber tagab kindla kinnituse, m\u00fcravabad nupud v\u00f5imaldavad valgusre\u017eiime vahetada nii p\u00e4eval kui \u00f6\u00f6sel ilma teisi segamata.<\/p>\n<p><img decoding=\"async\" src=\"https:\/\/blankpage.ee\/_ruumist-ruumi\/wp-content\/uploads\/2025\/04\/3-396.webp\" alt=\"klambriga LED lugemisvalgus must Glocusent Wingy laual\" \/><\/p>\n<h3>Valgusti, mis sobib igasse olukorda<\/h3>\n<p>Saad valida kolme valgusv\u00e4rvi vahel: soe (2700K), neutraalne (4000K) ja k\u00fclm valgus (6000K). Lisaks on viis reguleeritavat heleduse astet, vahemikus 2\u201363 luumenit, et tagada mugav ja silmas\u00f5bralik valgus ka pikaajaliseks kasutamiseks \u2013 n\u00e4iteks lugemisvalgus v\u00f5i \u00f6\u00f6lamp.<\/p>\n<p><img decoding=\"async\" src=\"https:\/\/blankpage.ee\/_ruumist-ruumi\/wp-content\/uploads\/2025\/04\/2-410.webp\" alt=\"LED lugemisvalgus Glocusent Wingy erinevate valgusastmete ja toonidega\" \/><\/p>\n<h3>Pikaajaline aku t\u00f6\u00f6aeg ja USB-C laadimine<\/h3>\n<p>Juhtmevaba lambi sisseehitatud 1000 mAh aku v\u00f5imaldab \u00fche laadimisega kasutada valgustit olenevalt v\u00f5imsusest 10\u2013100 tundi. USB-C laadimisliidese abil saad lambi kiiresti taas t\u00e4is laadida \u2013 vaid 2\u20133 tunniga. Taimeriga automaatne v\u00e4ljal\u00fclitumine (30 v\u00f5i 45 minutit) muudab valgusti eriti mugavaks kasutamiseks \u00f5htuti enne uinumist.<\/p>\n<p><img decoding=\"async\" src=\"https:\/\/blankpage.ee\/_ruumist-ruumi\/wp-content\/uploads\/2025\/04\/5-333.webp\" alt=\"klambriga LED lugemisvalgus automaatse taimeriga must Glocusent\" \/><\/p>\n<h3>Tehnilised andmed<\/h3>\n<table>\n<tr>\n<th>Tootja<\/th>\n<td>Glocusent<\/td>\n<\/tr>\n<tr>\n<th>Mudel<\/th>\n<td>GLCSNTA2901<\/td>\n<\/tr>\n<tr>\n<th>Materjal<\/th>\n<td>ABS-plastik<\/td>\n<\/tr>\n<tr>\n<th>M\u00f5\u00f5tmed<\/th>\n<td>270 \u00d7 111 \u00d7 33 mm<\/td>\n<\/tr>\n<tr>\n<th>Kaal<\/th>\n<td>72,2 g<\/td>\n<\/tr>\n<tr>\n<th>Valgusvoog<\/th>\n<td>2\u201363 lm<\/td>\n<\/tr>\n<tr>\n<th>V\u00e4rvitemperatuur<\/th>\n<td>2700K \/ 4000K \/ 6000K<\/td>\n<\/tr>\n<tr>\n<th>CRI<\/th>\n<td>90<\/td>\n<\/tr>\n<tr>\n<th>V\u00f5imsus<\/th>\n<td>0,8 W<\/td>\n<\/tr>\n<tr>\n<th>Akumahtuvus<\/th>\n<td>1000 mAh<\/td>\n<\/tr>\n<tr>\n<th>Laadimisaeg<\/th>\n<td>2\u20133 tundi<\/td>\n<\/tr>\n<tr>\n<th>T\u00f6\u00f6aeg<\/th>\n<td>10\u2013100 tundi<\/td>\n<\/tr>\n<tr>\n<th>Sertifikaadid<\/th>\n<td>CE, FCC, PSE, ROHS, C-Tick<\/td>\n<\/tr>\n<\/table>\n<h3>Komplekti kuulub<\/h3>\n<ul>\n<li>Glocusent Wingy juhtmevaba lugemisvalgus (must)<\/li>\n<li>USB-C laadimiskaabel<\/li>\n<li>Raamatum\u00e4rgis<\/li>\n<li>Kasutusjuhend<\/li>\n<\/ul>\n","protected":false},"excerpt":{"rendered":"<p>Klambriga LED lugemisvalgus Glocusent Wingy (USB-C, 1000 mAh, must) Klambriga LED lugemisvalgus Glocusent Wingy pakub sulle paindlikku ja mugavat valgust, sobides ideaalselt nii raamatu k\u00fclge, \u00f6\u00f6kapile kui t\u00f6\u00f6- v\u00f5i kirjutuslauale. T\u00e4nu kergele kaalule (72,2 g) ja painduvale varrele saad valguse suunata t\u00e4pselt sinna, kuhu soovid. Tugev klamber tagab kindla kinnituse, m\u00fcravabad nupud v\u00f5imaldavad valgusre\u017eiime vahetada [&hellip;]<\/p>\n","protected":false},"featured_media":172597,"comment_status":"open","ping_status":"open","template":"","meta":[],"product_brand":[3075],"product_cat":[3040],"product_tag":[],"class_list":{"0":"post-172593","1":"product","2":"type-product","3":"status-publish","4":"has-post-thumbnail","6":"product_brand-glocusent","7":"product_cat-laua-ja-oolambid","8":"product_shipping_class-innpro","10":"first","11":"instock","12":"sale","13":"taxable","14":"shipping-taxable","15":"purchasable","16":"product-type-simple"},"_links":{"self":[{"href":"https:\/\/blankpage.ee\/_ruumist-ruumi\/wp-json\/wp\/v2\/product\/172593","targetHints":{"allow":["GET"]}}],"collection":[{"href":"https:\/\/blankpage.ee\/_ruumist-ruumi\/wp-json\/wp\/v2\/product"}],"about":[{"href":"https:\/\/blankpage.ee\/_ruumist-ruumi\/wp-json\/wp\/v2\/types\/product"}],"replies":[{"embeddable":true,"href":"https:\/\/blankpage.ee\/_ruumist-ruumi\/wp-json\/wp\/v2\/comments?post=172593"}],"wp:featuredmedia":[{"embeddable":true,"href":"https:\/\/blankpage.ee\/_ruumist-ruumi\/wp-json\/wp\/v2\/media\/172597"}],"wp:attachment":[{"href":"https:\/\/blankpage.ee\/_ruumist-ruumi\/wp-json\/wp\/v2\/media?parent=172593"}],"wp:term":[{"taxonomy":"product_brand","embeddable":true,"href":"https:\/\/blankpage.ee\/_ruumist-ruumi\/wp-json\/wp\/v2\/product_brand?post=172593"},{"taxonomy":"product_cat","embeddable":true,"href":"https:\/\/blankpage.ee\/_ruumist-ruumi\/wp-json\/wp\/v2\/product_cat?post=172593"},{"taxonomy":"product_tag","embeddable":true,"href":"https:\/\/blankpage.ee\/_ruumist-ruumi\/wp-json\/wp\/v2\/product_tag?post=172593"}],"curies":[{"name":"wp","href":"https:\/\/api.w.org\/{rel}","templated":true}]}}