{"id":172707,"date":"2025-04-19T08:40:44","date_gmt":"2025-04-19T08:40:44","guid":{"rendered":"https:\/\/ruumistruumi.ee\/pood\/nutikas-valgusdimmer-shelly-dimmer-2-wifi-komplekt-2-tk-230v\/"},"modified":"2025-08-21T08:19:03","modified_gmt":"2025-08-21T08:19:03","slug":"nutikas-valgusdimmer-shelly-dimmer-2-wifi-komplekt-2-tk-230v","status":"publish","type":"product","link":"https:\/\/blankpage.ee\/_ruumist-ruumi\/pood\/nutikas-valgusdimmer-shelly-dimmer-2-wifi-komplekt-2-tk-230v\/","title":{"rendered":"Nutikas valgusdimmer Shelly Dimmer 2 WiFi-komplekt (2 tk, 230V)"},"content":{"rendered":"<h3>Nutikas valgusdimmer Shelly Dimmer 2 WiFi-komplekt (2 tk, 230V)<\/h3>\n<p>Nutikas valgusdimmer Shelly Dimmer 2 on kaasaegne valgusregulaator, mis sobib nii uutele kui ka olemasolevatele elektripaigaldistele. See valgusdimmer v\u00f5imaldab juhtida valgustite t\u00f6\u00f6d ka neutraaljuhtmeta, pakkudes mugavat paigaldust ja paindlikkust erinevate valgustuslahenduste puhul. T\u00e4nu laiale \u00fchilduvusele sobib see dimmer LED-, h\u00f5\u00f5g- ja halogeenlampidele.<\/p>\n<p><img decoding=\"async\" src=\"https:\/\/blankpage.ee\/_ruumist-ruumi\/wp-content\/uploads\/2025\/04\/4-395.webp\" alt=\"Nutikas valgusdimmer Shelly Dimmer 2 komplekt\" \/><\/p>\n<h3>Paindlikkus, turvalisus ja energiat\u00f5husus<\/h3>\n<p>Shelly Dimmer 2 sobib standardsuuruses elektrikarpidesse ning on lihtsalt paigaldatav. Nutikas valgusdimmer on varustatud \u00fclekoormus- ja \u00fclekuumenemiskaitsega, mis tagab seadme ohutu kasutamise. Integreeritud temperatuurisensor ning energiakulu m\u00f5\u00f5tmine aitavad j\u00e4lgida ja optimeerida kodu elektritarbimist.<\/p>\n<p><img decoding=\"async\" src=\"https:\/\/blankpage.ee\/_ruumist-ruumi\/wp-content\/uploads\/2025\/04\/1-427.webp\" alt=\"Shelly Dimmer 2 paigaldusskeem elektrikarbis\" \/><\/p>\n<h3>Nutikas juhtimine ja automatiseerimine<\/h3>\n<p>Valgustit saab juhtida nii kohapeal kui ka kaugelt \u2013 t\u00e4nu WiFi \u00fchendusele oled valguse \u00fcle alati peremees. Nutikas valgusdimmer v\u00f5imaldab luua igan\u00e4dalasi ajakavasid ning automaatselt muuta valguse heledust vastavalt p\u00e4ikeset\u00f5usule ja -loojangule. Nii saad kujundada oma ruumides ideaalse valgustuse igaks olukorraks.<\/p>\n<p><img decoding=\"async\" src=\"https:\/\/blankpage.ee\/_ruumist-ruumi\/wp-content\/uploads\/2025\/04\/7-275.webp\" alt=\"Valgustuse automaatika juhtimine Shelly Dimmer 2 kaudu\" \/><\/p>\n<h3>\u00dchilduvus koduautomaatika lahendustega<\/h3>\n<p>Seadet saab kasutada nii Android- kui ka iOS-seadmetes ning see \u00fchildub Alexa ja Google Assistant h\u00e4\u00e4leassistentidega. Lisaks toetab Shelly Dimmer 2 erinevaid protokolle (nt MQTT, CoAP, REST API), mis teevad selle sobivaks erinevate koduautomaatika s\u00fcsteemidega ning erinevate isetegemislahenduste jaoks, n\u00e4iteks Arduino projektides.<\/p>\n<p><img decoding=\"async\" src=\"https:\/\/blankpage.ee\/_ruumist-ruumi\/wp-content\/uploads\/2025\/04\/3-405.webp\" alt=\"Shelly nutikas valgusdimmer koduautomaatika s\u00fcsteemis\" \/><\/p>\n<h3>Tehnilised andmed<\/h3>\n<table>\n<tbody>\n<tr>\n<th>Tootja<\/th>\n<td>Shelly<\/td>\n<\/tr>\n<tr>\n<th>Mudel<\/th>\n<td>Dimmer 2<\/td>\n<\/tr>\n<tr>\n<th>Toitepinge<\/th>\n<td>110\u2013230 V \u00b110%, 50\/60 Hz<\/td>\n<\/tr>\n<tr>\n<th>\u00dclekuumenemiskaitse<\/th>\n<td>Jah, kuni 95\u00b0C<\/td>\n<\/tr>\n<tr>\n<th>\u00dclekoormuskaitse<\/th>\n<td>Jah<\/td>\n<\/tr>\n<tr>\n<th>Voolutarbimise m\u00f5\u00f5tmine<\/th>\n<td>Jah<\/td>\n<\/tr>\n<tr>\n<th>Dimmimise tugi<\/th>\n<td>Jah<\/td>\n<\/tr>\n<tr>\n<th>T\u00f6\u00f6vool<\/th>\n<td>0,1\u20131,1 A<\/td>\n<\/tr>\n<tr>\n<th>LED-de dimmimismaht<\/th>\n<td>50\u2013200 VA \/ 10\u2013200 W<\/td>\n<\/tr>\n<tr>\n<th>H\u00f5\u00f5g- ja halogeenlampide v\u00f5imsus<\/th>\n<td>10\u2013220 W<\/td>\n<\/tr>\n<tr>\n<th>Kasutamine ilma neutraaljuhtmeta<\/th>\n<td>Jah<\/td>\n<\/tr>\n<tr>\n<th>Kanalite arv<\/th>\n<td>1<\/td>\n<\/tr>\n<tr>\n<th>T\u00f6\u00f6temperatuur<\/th>\n<td>0 kuni +40\u00b0C<\/td>\n<\/tr>\n<tr>\n<th>Seadme voolutarve<\/th>\n<td>&lt;1 W<\/td>\n<\/tr>\n<tr>\n<th>Tark sisse-\/v\u00e4lja l\u00fclitamine<\/th>\n<td>Jah<\/td>\n<\/tr>\n<tr>\n<th>Kohalik ja kaugjuhtimine<\/th>\n<td>Jah<\/td>\n<\/tr>\n<tr>\n<th>Igan\u00e4dalased ajakavad<\/th>\n<td>Jah<\/td>\n<\/tr>\n<tr>\n<th>WiFi protokoll<\/th>\n<td>802.11 b\/g\/n<\/td>\n<\/tr>\n<tr>\n<th>Raadiosagedus<\/th>\n<td>2400\u20132500 MHz<\/td>\n<\/tr>\n<tr>\n<th>Levikaugus<\/th>\n<td>Kuni 50 m (v\u00e4litingimustes), kuni 30 m (siseruumides)<\/td>\n<\/tr>\n<tr>\n<th>M\u00f5\u00f5dud<\/th>\n<td>42 \u00d7 36 \u00d7 14 mm<\/td>\n<\/tr>\n<\/tbody>\n<\/table>\n<p>Komplektis on kaks Shelly Dimmer 2 seadet, mis on ideaalne lahendus, kui vajad usaldusv\u00e4\u00e4rset ja mugavat nutikat valgusdimmerit oma koju v\u00f5i kontorisse automaatikas\u00fcsteemi t\u00e4iendamiseks.<\/p>\n","protected":false},"excerpt":{"rendered":"<p>Nutikas valgusdimmer Shelly Dimmer 2 WiFi-komplekt (2 tk, 230V) Nutikas valgusdimmer Shelly Dimmer 2 on kaasaegne valgusregulaator, mis sobib nii uutele kui ka olemasolevatele elektripaigaldistele. See valgusdimmer v\u00f5imaldab juhtida valgustite t\u00f6\u00f6d ka neutraaljuhtmeta, pakkudes mugavat paigaldust ja paindlikkust erinevate valgustuslahenduste puhul. T\u00e4nu laiale \u00fchilduvusele sobib see dimmer LED-, h\u00f5\u00f5g- ja halogeenlampidele. Paindlikkus, turvalisus ja energiat\u00f5husus [&hellip;]<\/p>\n","protected":false},"featured_media":172712,"comment_status":"open","ping_status":"open","template":"","meta":[],"product_brand":[3069],"product_cat":[3043],"product_tag":[],"class_list":{"0":"post-172707","1":"product","2":"type-product","3":"status-publish","4":"has-post-thumbnail","6":"product_brand-shelly","7":"product_cat-nutikontrollerid","8":"product_shipping_class-innpro","10":"first","11":"instock","12":"sale","13":"taxable","14":"shipping-taxable","15":"purchasable","16":"product-type-simple"},"_links":{"self":[{"href":"https:\/\/blankpage.ee\/_ruumist-ruumi\/wp-json\/wp\/v2\/product\/172707","targetHints":{"allow":["GET"]}}],"collection":[{"href":"https:\/\/blankpage.ee\/_ruumist-ruumi\/wp-json\/wp\/v2\/product"}],"about":[{"href":"https:\/\/blankpage.ee\/_ruumist-ruumi\/wp-json\/wp\/v2\/types\/product"}],"replies":[{"embeddable":true,"href":"https:\/\/blankpage.ee\/_ruumist-ruumi\/wp-json\/wp\/v2\/comments?post=172707"}],"wp:featuredmedia":[{"embeddable":true,"href":"https:\/\/blankpage.ee\/_ruumist-ruumi\/wp-json\/wp\/v2\/media\/172712"}],"wp:attachment":[{"href":"https:\/\/blankpage.ee\/_ruumist-ruumi\/wp-json\/wp\/v2\/media?parent=172707"}],"wp:term":[{"taxonomy":"product_brand","embeddable":true,"href":"https:\/\/blankpage.ee\/_ruumist-ruumi\/wp-json\/wp\/v2\/product_brand?post=172707"},{"taxonomy":"product_cat","embeddable":true,"href":"https:\/\/blankpage.ee\/_ruumist-ruumi\/wp-json\/wp\/v2\/product_cat?post=172707"},{"taxonomy":"product_tag","embeddable":true,"href":"https:\/\/blankpage.ee\/_ruumist-ruumi\/wp-json\/wp\/v2\/product_tag?post=172707"}],"curies":[{"name":"wp","href":"https:\/\/api.w.org\/{rel}","templated":true}]}}