{"id":172724,"date":"2025-04-19T08:42:46","date_gmt":"2025-04-19T08:42:46","guid":{"rendered":"https:\/\/ruumistruumi.ee\/pood\/nutikas-radiaatori-termostaatide-komplekt-shelly-blu-trv-2-tk-wifi-bluetooth-juhtpaneeliga\/"},"modified":"2025-08-21T08:19:03","modified_gmt":"2025-08-21T08:19:03","slug":"nutikas-radiaatori-termostaatide-komplekt-shelly-blu-trv-2-tk-wifi-bluetooth-juhtpaneeliga","status":"publish","type":"product","link":"https:\/\/blankpage.ee\/_ruumist-ruumi\/pood\/nutikas-radiaatori-termostaatide-komplekt-shelly-blu-trv-2-tk-wifi-bluetooth-juhtpaneeliga\/","title":{"rendered":"Nutikas radiaatori termostaatide komplekt Shelly BLU TRV (2 tk, WiFi\/Bluetooth, juhtpaneeliga)"},"content":{"rendered":"<h3>Nutikas radiaatori termostaatide komplekt Shelly BLU TRV (2 tk, WiFi\/Bluetooth, juhtpaneeliga)<\/h3>\n<p>Nutikas radiaatori termostaat tagab t\u00e4pse ja mugava koduse temperatuuri juhtimise. Komplektis on kaks Shelly BLU TRV termostaadip\u00e4ist ja USB-juhtpaneel, mis v\u00f5imaldavad seadmete kaugjuhtimist nii Bluetoothi kui ka Wi-Fi abil. Seade sobitub probleemideta enamike targa kodu s\u00fcsteemidega ning kaugjuhtimise tugi pakub maksimaalset mugavust ja aitab v\u00e4hendada energiakulu.<\/p>\n<p><img decoding=\"async\" src=\"https:\/\/blankpage.ee\/_ruumist-ruumi\/wp-content\/uploads\/2025\/04\/1-430.webp\" alt=\"Kaks Shelly nutika radiaatori termostaadip\u00e4ist ning USB-juhtpaneel \u00fches komplektis\" \/><\/p>\n<h3>T\u00e4pne temperatuuri reguleerimine<\/h3>\n<p>Shelly BLU TRV v\u00f5imaldab temperatuuri s\u00e4ttimist kuni \u00b10,1\u00b0C t\u00e4psusega. T\u00e4nu sellele hoiab nutikas radiaatori termostaat ruumi \u00fchtlase ja soovitud temperatuuriga aidates samal ajal v\u00e4ltida \u00fclek\u00fctmist ja v\u00e4hendada k\u00fcttearveid.<\/p>\n<p><img decoding=\"async\" src=\"https:\/\/blankpage.ee\/_ruumist-ruumi\/wp-content\/uploads\/2025\/04\/3-406.webp\" alt=\"Temperatuuri digitaalne ekraan Shelly BLU TRV radiaatori termostaadil\" \/><\/p>\n<h3>Boost-re\u017eiim kiireks soojenemiseks<\/h3>\n<p>Kui kiiresti on vaja ruum soojaks saada, saab aktiveerida Boost-re\u017eiimi, mis avab ventiili t\u00e4ielikult. Selle re\u017eiimi saab k\u00e4ivitada nii termostaadi pealt kui ka mobiilirakendusest kaugjuhtimise teel.<\/p>\n<p><img decoding=\"async\" src=\"https:\/\/blankpage.ee\/_ruumist-ruumi\/wp-content\/uploads\/2025\/04\/7-276.webp\" alt=\"Boost-re\u017eiimiga radiaatori kiirem k\u00fcte Shelly BLU TRV termostaadiga\" \/><\/p>\n<h3>Nutikas ajastamine ja energiakokkuhoid<\/h3>\n<p>K\u00fctmist saab seadistada vastavalt Sinu p\u00e4evakavale, v\u00e4ltides tarbetut energiakulu ja tagades, et kodu oleks soe just siis, kui vaja. Nutikas radiaatori termostaat aitab Sul saavutada energias\u00e4\u00e4stu ilma mugavuses j\u00e4releandmisi tegemata.<\/p>\n<p><img decoding=\"async\" src=\"https:\/\/blankpage.ee\/_ruumist-ruumi\/wp-content\/uploads\/2025\/04\/6-311.webp\" alt=\"Shelly radiaatori termostaat juhib k\u00fcttet\u00f6\u00f6d automaatselt ajastusega\" \/><\/p>\n<h3>Lai \u00fchilduvus anduritega<\/h3>\n<p>Shelly BLU TRV t\u00f6\u00f6tab koos v\u00e4listemperatuuri ja ukse-akna anduritega (m\u00fc\u00fcgil eraldi), v\u00f5imaldades veelgi t\u00e4psemat soojusregulatsiooni ning suuremat mugavust Sulle ja kogu perele.<\/p>\n<p><img decoding=\"async\" src=\"https:\/\/blankpage.ee\/_ruumist-ruumi\/wp-content\/uploads\/2025\/04\/4-397.webp\" alt=\"Shelly termostaat koos lisanduritega suurema t\u00e4psuse saavutamiseks\" \/><\/p>\n<h3>Kauakestev ja lihtne kasutada<\/h3>\n<p>Termostaadip\u00e4is t\u00f6\u00f6tab kahe AA patareiga ning selle patareide eluiga on kuni kaks aastat. Selge ekraan ja lihtne men\u00fc\u00fc muudavad kasutamise mugavaks. USB-juhtpaneeli paigaldamine on kiire ja probleemivaba.<\/p>\n<p><img decoding=\"async\" src=\"https:\/\/blankpage.ee\/_ruumist-ruumi\/wp-content\/uploads\/2025\/04\/5-342.webp\" alt=\"Shelly BLU TRV nutika radiaatori termostaadi p\u00e4is ning USB-juhtpaneel\" \/><\/p>\n<h3>Juhtimine mobiili\u00e4piga<\/h3>\n<p>Kogu s\u00fcsteemi saad juhtida Shelly rakenduses. Nutikas radiaatori termostaat \u00fchildub populaarsete targa kodu lahendustega, v\u00f5imaldades mugavat k\u00fcttes\u00fcsteemi haldamist k\u00f5igest \u00fchest kohast.<\/p>\n<p><img decoding=\"async\" src=\"https:\/\/blankpage.ee\/_ruumist-ruumi\/wp-content\/uploads\/2025\/04\/2-425.webp\" alt=\"Likne nutikas radiaatori termostaat, mida juhitakse mugavalt mobiili\u00e4pist Shelly rakendusega\" \/><\/p>\n<h3>Komplekti kuulub<\/h3>\n<ul>\n<li>2 x Shelly BLU TRV termostaadip\u00e4is<\/li>\n<li>Juhtpaneel (USB \u00fchendusega)<\/li>\n<\/ul>\n<h3>Tehnilised andmed<\/h3>\n<table>\n<tr>\n<th>Tootja<\/th>\n<td>Shelly<\/td>\n<\/tr>\n<tr>\n<th>Mudel<\/th>\n<td>TRVBLU1-pack<\/td>\n<\/tr>\n<tr>\n<th>M\u00f5\u00f5dud<\/th>\n<td>78 x \u00d854 mm<\/td>\n<\/tr>\n<tr>\n<th>Kaal<\/th>\n<td>107 g<\/td>\n<\/tr>\n<tr>\n<th>Paigaldus<\/th>\n<td>M30 \/ 15<\/td>\n<\/tr>\n<tr>\n<th>Paigaldusr\u00f5nga materjal<\/th>\n<td>Nikeldatud messing<\/td>\n<\/tr>\n<tr>\n<th>Korpuse materjal<\/th>\n<td>Plastik<\/td>\n<\/tr>\n<tr>\n<th>Korpuse v\u00e4rv<\/th>\n<td>Valge<\/td>\n<\/tr>\n<tr>\n<th>T\u00f6\u00f6temperatuur<\/th>\n<td>-20\u00b0C kuni 60\u00b0C<\/td>\n<\/tr>\n<tr>\n<th>\u00d5huniiskus<\/th>\n<td>25% kuni 80% RH<\/td>\n<\/tr>\n<tr>\n<th>Toiteallikas<\/th>\n<td>2 x AA patarei (kaasas)<\/td>\n<\/tr>\n<tr>\n<th>Patarei eluiga<\/th>\n<td>Kuni 2 aastat<\/td>\n<\/tr>\n<tr>\n<th>Temperatuuriandur<\/th>\n<td>Jah<\/td>\n<\/tr>\n<tr>\n<th>Bluetooth<\/th>\n<td>4.2<\/td>\n<\/tr>\n<tr>\n<th>RF sagedusala<\/th>\n<td>2400 \u2013 2483,5 MHz<\/td>\n<\/tr>\n<tr>\n<th>Maksimaalne RF v\u00f5imsus<\/th>\n<td>&lt; 5 dBm<\/td>\n<\/tr>\n<tr>\n<th>T\u00f6\u00f6raadius<\/th>\n<td>Kuni 30 m vabas \u00f5hus, kuni 10 m siseruumides (olenevalt tingimustest)<\/td>\n<\/tr>\n<tr>\n<th>Ajastused<\/th>\n<td>Jah<\/td>\n<\/tr>\n<tr>\n<th>Kr\u00fcpteering<\/th>\n<td>AES (CCM re\u017eiim)<\/td>\n<\/tr>\n<\/table>\n<p>Nutikas radiaatori termostaat sobib igasse targasse koju, pakkudes mugavat, t\u00e4pset ja energiat\u00f5husat k\u00fcttekontrolli.<\/p>\n","protected":false},"excerpt":{"rendered":"<p>Nutikas radiaatori termostaatide komplekt Shelly BLU TRV (2 tk, WiFi\/Bluetooth, juhtpaneeliga) Nutikas radiaatori termostaat tagab t\u00e4pse ja mugava koduse temperatuuri juhtimise. Komplektis on kaks Shelly BLU TRV termostaadip\u00e4ist ja USB-juhtpaneel, mis v\u00f5imaldavad seadmete kaugjuhtimist nii Bluetoothi kui ka Wi-Fi abil. Seade sobitub probleemideta enamike targa kodu s\u00fcsteemidega ning kaugjuhtimise tugi pakub maksimaalset mugavust ja aitab [&hellip;]<\/p>\n","protected":false},"featured_media":172735,"comment_status":"open","ping_status":"open","template":"","meta":[],"product_brand":[3069],"product_cat":[3054],"product_tag":[],"class_list":{"0":"post-172724","1":"product","2":"type-product","3":"status-publish","4":"has-post-thumbnail","6":"product_brand-shelly","7":"product_cat-radiaatorite-termostaatid","8":"product_shipping_class-innpro","10":"first","11":"instock","12":"sale","13":"taxable","14":"shipping-taxable","15":"purchasable","16":"product-type-simple"},"_links":{"self":[{"href":"https:\/\/blankpage.ee\/_ruumist-ruumi\/wp-json\/wp\/v2\/product\/172724","targetHints":{"allow":["GET"]}}],"collection":[{"href":"https:\/\/blankpage.ee\/_ruumist-ruumi\/wp-json\/wp\/v2\/product"}],"about":[{"href":"https:\/\/blankpage.ee\/_ruumist-ruumi\/wp-json\/wp\/v2\/types\/product"}],"replies":[{"embeddable":true,"href":"https:\/\/blankpage.ee\/_ruumist-ruumi\/wp-json\/wp\/v2\/comments?post=172724"}],"wp:featuredmedia":[{"embeddable":true,"href":"https:\/\/blankpage.ee\/_ruumist-ruumi\/wp-json\/wp\/v2\/media\/172735"}],"wp:attachment":[{"href":"https:\/\/blankpage.ee\/_ruumist-ruumi\/wp-json\/wp\/v2\/media?parent=172724"}],"wp:term":[{"taxonomy":"product_brand","embeddable":true,"href":"https:\/\/blankpage.ee\/_ruumist-ruumi\/wp-json\/wp\/v2\/product_brand?post=172724"},{"taxonomy":"product_cat","embeddable":true,"href":"https:\/\/blankpage.ee\/_ruumist-ruumi\/wp-json\/wp\/v2\/product_cat?post=172724"},{"taxonomy":"product_tag","embeddable":true,"href":"https:\/\/blankpage.ee\/_ruumist-ruumi\/wp-json\/wp\/v2\/product_tag?post=172724"}],"curies":[{"name":"wp","href":"https:\/\/api.w.org\/{rel}","templated":true}]}}