{"id":173558,"date":"2025-04-19T10:50:34","date_gmt":"2025-04-19T10:50:34","guid":{"rendered":"https:\/\/ruumistruumi.ee\/pood\/kassiliivakasti-matt-petkit-55x55-cm\/"},"modified":"2025-08-21T08:18:56","modified_gmt":"2025-08-21T08:18:56","slug":"kassiliivakasti-matt-petkit-55x55-cm","status":"publish","type":"product","link":"https:\/\/blankpage.ee\/_ruumist-ruumi\/pood\/kassiliivakasti-matt-petkit-55x55-cm\/","title":{"rendered":"Kassiliivakasti matt Petkit 55&#215;55 cm"},"content":{"rendered":"<h3>Kassiliivakasti matt Petkit 55&#215;55 cm<\/h3>\n<p>Kassiliivakasti \u00fcmbrusse laialivalguv liiv on kassiomanikele tuttav probleem. Kassiliivakasti matt Petkit on loodud selle mure lahendamiseks \u2013 aseta matt liivakasti ette, et v\u00e4lja tassitav liiv j\u00e4\u00e4ks mati peale ning ei leviks \u00fclej\u00e4\u00e4nud elamisse. Pehme materjal tagab, et matt on \u00f5rn ka kasside tundlikele k\u00e4ppadele.<\/p>\n<p><img decoding=\"async\" src=\"https:\/\/blankpage.ee\/_ruumist-ruumi\/wp-content\/uploads\/2025\/04\/4-445.webp\" alt=\"Petkit kassiliivakasti matt oran\u017ei p\u00f5hjaga ja halli v\u00f5rguga\"\/><\/p>\n<h3>Toote omadused \u2013 praktiline liivamatt igap\u00e4evaseks kasutuseks<\/h3>\n<table>\n<tbody>\n<tr>\n<th>Br\u00e4nd<\/th>\n<td>Petkit<\/td>\n<\/tr>\n<tr>\n<th>Nimetus<\/th>\n<td>Kassiliivakasti matt Petkit<\/td>\n<\/tr>\n<tr>\n<th>Kaal<\/th>\n<td>0,62 kg<\/td>\n<\/tr>\n<tr>\n<th>M\u00f5\u00f5dud<\/th>\n<td>55 \u00d7 55 \u00d7 1,3 cm<\/td>\n<\/tr>\n<\/tbody>\n<\/table>\n<p>Kassiliivakasti matt Petkit on mugav lahendus puhtama kodu ning lihtsama koristamise jaoks. See on kerge hooldada ja piisavalt suur, sobides h\u00e4sti enamikele standardsetele kassiliivakastidele.<\/p>\n","protected":false},"excerpt":{"rendered":"<p>Kassiliivakasti matt Petkit 55&#215;55 cm Kassiliivakasti \u00fcmbrusse laialivalguv liiv on kassiomanikele tuttav probleem. Kassiliivakasti matt Petkit on loodud selle mure lahendamiseks \u2013 aseta matt liivakasti ette, et v\u00e4lja tassitav liiv j\u00e4\u00e4ks mati peale ning ei leviks \u00fclej\u00e4\u00e4nud elamisse. Pehme materjal tagab, et matt on \u00f5rn ka kasside tundlikele k\u00e4ppadele. Toote omadused \u2013 praktiline liivamatt igap\u00e4evaseks [&hellip;]<\/p>\n","protected":false},"featured_media":173560,"comment_status":"open","ping_status":"open","template":"","meta":[],"product_brand":[3103],"product_cat":[3106],"product_tag":[],"class_list":{"0":"post-173558","1":"product","2":"type-product","3":"status-publish","4":"has-post-thumbnail","6":"product_brand-petkit","7":"product_cat-liivakastitarvikud","8":"product_shipping_class-innpro","10":"first","11":"instock","12":"taxable","13":"shipping-taxable","14":"purchasable","15":"product-type-simple"},"_links":{"self":[{"href":"https:\/\/blankpage.ee\/_ruumist-ruumi\/wp-json\/wp\/v2\/product\/173558","targetHints":{"allow":["GET"]}}],"collection":[{"href":"https:\/\/blankpage.ee\/_ruumist-ruumi\/wp-json\/wp\/v2\/product"}],"about":[{"href":"https:\/\/blankpage.ee\/_ruumist-ruumi\/wp-json\/wp\/v2\/types\/product"}],"replies":[{"embeddable":true,"href":"https:\/\/blankpage.ee\/_ruumist-ruumi\/wp-json\/wp\/v2\/comments?post=173558"}],"wp:featuredmedia":[{"embeddable":true,"href":"https:\/\/blankpage.ee\/_ruumist-ruumi\/wp-json\/wp\/v2\/media\/173560"}],"wp:attachment":[{"href":"https:\/\/blankpage.ee\/_ruumist-ruumi\/wp-json\/wp\/v2\/media?parent=173558"}],"wp:term":[{"taxonomy":"product_brand","embeddable":true,"href":"https:\/\/blankpage.ee\/_ruumist-ruumi\/wp-json\/wp\/v2\/product_brand?post=173558"},{"taxonomy":"product_cat","embeddable":true,"href":"https:\/\/blankpage.ee\/_ruumist-ruumi\/wp-json\/wp\/v2\/product_cat?post=173558"},{"taxonomy":"product_tag","embeddable":true,"href":"https:\/\/blankpage.ee\/_ruumist-ruumi\/wp-json\/wp\/v2\/product_tag?post=173558"}],"curies":[{"name":"wp","href":"https:\/\/api.w.org\/{rel}","templated":true}]}}