{"id":174861,"date":"2025-04-19T20:14:30","date_gmt":"2025-04-19T20:14:30","guid":{"rendered":"https:\/\/ruumistruumi.ee\/pood\/koerte-lendav-taldrik-pitchdog-waudog-24-cm-oranz\/"},"modified":"2025-08-21T08:18:29","modified_gmt":"2025-08-21T08:18:29","slug":"koerte-lendav-taldrik-pitchdog-waudog-24-cm-oranz","status":"publish","type":"product","link":"https:\/\/blankpage.ee\/_ruumist-ruumi\/pood\/koerte-lendav-taldrik-pitchdog-waudog-24-cm-oranz\/","title":{"rendered":"Koerte lendav taldrik PitchDog Waudog, 24 cm, oran\u017e"},"content":{"rendered":"<h3>Koerte lendav taldrik PitchDog Waudog 24 cm, oran\u017e<\/h3>\n<p>PitchDog Waudog koerte lendav taldrik on 24 cm l\u00e4bim\u00f5\u00f5duga oran\u017e m\u00e4nguasi, mis sobib suurep\u00e4raselt nii m\u00e4ngimiseks kui ka treeninguteks. Toodet iseloomustab pehme ja paindlik materjal, mis on ohutu sinu koera hammastele ning ei j\u00e4ta j\u00e4lgi.<\/p>\n<p>See koerte lendav taldrik p\u00fcsib veepinnal, mist\u00f5ttu sobib nii kuivale maale kui ka veem\u00e4ngudeks. T\u00e4nu heale lennuomadusele on PitchDog taldrik ideaalne aktiivseteks tegevusteks \u00f5ues v\u00f5i siseruumides.<\/p>\n<p>\n  <img decoding=\"async\" src=\"https:\/\/blankpage.ee\/_ruumist-ruumi\/wp-content\/uploads\/2025\/04\/1-598.webp\" alt=\"PitchDog oran\u017e koerte lendav taldrik, 24 cm, Waudog\"\/>\n<\/p>\n<h3>PitchDog Waudog kvaliteet ja sobivus erinevatele koertele<\/h3>\n<p>See frisbee-t\u00fc\u00fcpi m\u00e4nguasi toob r\u00f5\u00f5mu nii noorele kui ka t\u00e4iskasvanud koerale ning ergutab koera loomulikku saagiinstinkti. Koerte lendav taldrik sobib erinevas vanuses ja suuruses koertele ning muudab iga \u00fchise m\u00e4nguaja veelgi nauditavamaks.<\/p>\n<h3>Tehnilised andmed<\/h3>\n<table>\n<tr>\n<th>Tootja<\/th>\n<td>Waudog<\/td>\n<\/tr>\n<tr>\n<th>Tootekood<\/th>\n<td>62474<\/td>\n<\/tr>\n<tr>\n<th>L\u00e4bim\u00f5\u00f5t<\/th>\n<td>24 cm<\/td>\n<\/tr>\n<tr>\n<th>V\u00e4rv<\/th>\n<td>Oran\u017e<\/td>\n<\/tr>\n<\/table>\n","protected":false},"excerpt":{"rendered":"<p>Koerte lendav taldrik PitchDog Waudog 24 cm, oran\u017e PitchDog Waudog koerte lendav taldrik on 24 cm l\u00e4bim\u00f5\u00f5duga oran\u017e m\u00e4nguasi, mis sobib suurep\u00e4raselt nii m\u00e4ngimiseks kui ka treeninguteks. Toodet iseloomustab pehme ja paindlik materjal, mis on ohutu sinu koera hammastele ning ei j\u00e4ta j\u00e4lgi. See koerte lendav taldrik p\u00fcsib veepinnal, mist\u00f5ttu sobib nii kuivale maale kui [&hellip;]<\/p>\n","protected":false},"featured_media":174863,"comment_status":"open","ping_status":"open","template":"","meta":[],"product_brand":[3117],"product_cat":[3102],"product_tag":[],"class_list":{"0":"post-174861","1":"product","2":"type-product","3":"status-publish","4":"has-post-thumbnail","6":"product_brand-waudog","7":"product_cat-manguasjad","8":"product_shipping_class-innpro","10":"first","11":"instock","12":"sale","13":"taxable","14":"shipping-taxable","15":"purchasable","16":"product-type-simple"},"_links":{"self":[{"href":"https:\/\/blankpage.ee\/_ruumist-ruumi\/wp-json\/wp\/v2\/product\/174861","targetHints":{"allow":["GET"]}}],"collection":[{"href":"https:\/\/blankpage.ee\/_ruumist-ruumi\/wp-json\/wp\/v2\/product"}],"about":[{"href":"https:\/\/blankpage.ee\/_ruumist-ruumi\/wp-json\/wp\/v2\/types\/product"}],"replies":[{"embeddable":true,"href":"https:\/\/blankpage.ee\/_ruumist-ruumi\/wp-json\/wp\/v2\/comments?post=174861"}],"wp:featuredmedia":[{"embeddable":true,"href":"https:\/\/blankpage.ee\/_ruumist-ruumi\/wp-json\/wp\/v2\/media\/174863"}],"wp:attachment":[{"href":"https:\/\/blankpage.ee\/_ruumist-ruumi\/wp-json\/wp\/v2\/media?parent=174861"}],"wp:term":[{"taxonomy":"product_brand","embeddable":true,"href":"https:\/\/blankpage.ee\/_ruumist-ruumi\/wp-json\/wp\/v2\/product_brand?post=174861"},{"taxonomy":"product_cat","embeddable":true,"href":"https:\/\/blankpage.ee\/_ruumist-ruumi\/wp-json\/wp\/v2\/product_cat?post=174861"},{"taxonomy":"product_tag","embeddable":true,"href":"https:\/\/blankpage.ee\/_ruumist-ruumi\/wp-json\/wp\/v2\/product_tag?post=174861"}],"curies":[{"name":"wp","href":"https:\/\/api.w.org\/{rel}","templated":true}]}}