{"id":179436,"date":"2025-04-22T11:20:06","date_gmt":"2025-04-22T11:20:06","guid":{"rendered":"https:\/\/ruumistruumi.ee\/pood\/vedelikjahutus-protsessorile-darkflash-nebula-dn240-2x120-mm-argb-must\/"},"modified":"2025-08-21T08:17:47","modified_gmt":"2025-08-21T08:17:47","slug":"vedelikjahutus-protsessorile-darkflash-nebula-dn240-2x120-mm-argb-must","status":"publish","type":"product","link":"https:\/\/blankpage.ee\/_ruumist-ruumi\/pood\/vedelikjahutus-protsessorile-darkflash-nebula-dn240-2x120-mm-argb-must\/","title":{"rendered":"Vedelikjahutus protsessorile Darkflash Nebula DN240, 2\u00d7120 mm ARGB, must"},"content":{"rendered":"<h3>Vedelikjahutus protsessorile Darkflash Nebula DN240, must<\/h3>\n<p>Vedelikjahutus protsessorile tagab Sinu arvuti protsessorile t\u00f5husa jahutuse ka k\u00f5rge koormuse korral. Darkflash Nebula DN240 on varustatud kahe 120 mm ventilaatori, vasest soojusplaadi ja silmapaistva ARGB-taustvalgustusega, mis lisab s\u00fcsteemile pilkup\u00fc\u00fcdva ilme. See protsessori jahuti sobib nii Intel kui ka AMD protsessoritele ning aitab hoida t\u00f6\u00f6kindlust pikema aja jooksul.<\/p>\n<p>\n<img decoding=\"async\" src=\"https:\/\/blankpage.ee\/_ruumist-ruumi\/wp-content\/uploads\/2025\/04\/1-888.webp\" alt=\"T\u00f5hus vedelikjahutus protsessorile \u2013 Darkflash DN240 koos kahe ventilaatori ja pumbaga\" \/>\n<\/p>\n<h3>Vaiksed ja t\u00f5husad 120 mm ventilaatorid<\/h3>\n<p>Kahe 120 mm ventilaatoriga on tagatud maksimaalne jahutusv\u00f5imekus \u2013 h\u00fcdrauliline laager tugevdab vastupidavust ja v\u00e4hendab m\u00fcra (kuni 30 dBA). Ventilaatoritel on vibratsioonivastased padjad ning PWM funktsioon v\u00f5imaldab automaatset kiiruse muutmist (800\u20131800 RPM) vastavalt protsessori temperatuurile.<\/p>\n<p>\n<img decoding=\"async\" src=\"https:\/\/blankpage.ee\/_ruumist-ruumi\/wp-content\/uploads\/2025\/04\/3-781.webp\" alt=\"Musta korpusega ARGB valgusega 120 mm ventilaatorid Darkflash Nebula DN240 vesijahutuse s\u00fcsteemil.\" \/>\n<\/p>\n<h3>Efektiivne soojuse hajutamine<\/h3>\n<p>Vasest jahutusplaat, v\u00f5imas pump ja vastupidavad torud tagavad, et protsessor p\u00fcsib jahe ja efektiivne. Kvaliteetne alumiiniumradiaator tagab optimaalse \u00f5huvoolu ning v\u00e4hendab lekkeohtu, v\u00f5imaldades s\u00fcsteemil t\u00f6\u00f6tada usaldusv\u00e4\u00e4rselt kuni 40 000 tundi.<\/p>\n<p>\n<img decoding=\"async\" src=\"https:\/\/blankpage.ee\/_ruumist-ruumi\/wp-content\/uploads\/2025\/04\/5-632.webp\" alt=\"Tugevast alumiiniumist radiaator Darkflash DN240 vesijahutuse s\u00fcsteemis tagab kiire soojuse hajutamise.\" \/>\n<\/p>\n<h3>Lihtne paigaldus ning ARGB valgustus<\/h3>\n<p>Antud vedelikjahutus protsessorile on lihtsalt paigaldatav ja sobib laiale valikule Intel ja AMD protsessoritest. 3-pin 5V RGB liides v\u00f5imaldab emaplaadiga s\u00fcnkroonimist ning ARGB-taustvalgustus pakub kuni 16,8 miljonit v\u00e4rvitooni, et muuta Sinu arvuti t\u00f5eliselt silmapaistvaks.<\/p>\n<p>\n<img decoding=\"async\" src=\"https:\/\/blankpage.ee\/_ruumist-ruumi\/wp-content\/uploads\/2025\/04\/6-553.webp\" alt=\"Paigaldatud Darkflash Nebula DN240 jahutus \u2013 n\u00e4htav \u00fchendus emaplaadiga ja efektne ARGB valgus arvuti sees.\" \/>\n<\/p>\n<h3>Komplektis<\/h3>\n<ul>\n<li>Vedelikjahutus protsessorile Darkflash Nebula DN240<\/li>\n<li>Kinnituskomplekt Intel ja AMD protsessoritele<\/li>\n<li>Kruvikomplekt<\/li>\n<li>DP5 termopasta<\/li>\n<\/ul>\n<h3>Tehnilised andmed<\/h3>\n<div class=\"table-wrapper\">\n<table>\n<tbody>\n<tr>\n<th>Tootja<\/th>\n<td>Darkflash<\/td>\n<\/tr>\n<tr>\n<th>Mudel<\/th>\n<td>Nebula DN240<\/td>\n<\/tr>\n<tr>\n<th>Jahutuse t\u00fc\u00fcp<\/th>\n<td>Vedelikjahutus<\/td>\n<\/tr>\n<tr>\n<th>V\u00e4rv<\/th>\n<td>Must<\/td>\n<\/tr>\n<tr>\n<th>Ventilaatorite arv<\/th>\n<td>2 \u00d7 120 mm<\/td>\n<\/tr>\n<tr>\n<th>Laager<\/th>\n<td>H\u00fcdrauliline<\/td>\n<\/tr>\n<tr>\n<th>Ventilaatorikiirus<\/th>\n<td>800\u20131800 \u00b110% p\/min<\/td>\n<\/tr>\n<tr>\n<th>\u00d5huvool<\/th>\n<td>61,7 CFM<\/td>\n<\/tr>\n<tr>\n<th>Ventilaatori m\u00fcratase<\/th>\n<td>30 dBA<\/td>\n<\/tr>\n<tr>\n<th>Surve<\/th>\n<td>1,26 mm H2O<\/td>\n<\/tr>\n<tr>\n<th>Radiaatori m\u00f5\u00f5dud<\/th>\n<td>275 \u00d7 120 \u00d7 27 mm<\/td>\n<\/tr>\n<tr>\n<th>Torude m\u00f5\u00f5dud<\/th>\n<td>12 \u00d7 400 mm<\/td>\n<\/tr>\n<tr>\n<th>Radiaatori materjal<\/th>\n<td>Alumiinium<\/td>\n<\/tr>\n<tr>\n<th>Veebloki m\u00f5\u00f5dud<\/th>\n<td>86 \u00d7 72 \u00d7 59 mm<\/td>\n<\/tr>\n<tr>\n<th>Pumba kiirus<\/th>\n<td>2400 \u00b110% p\/min<\/td>\n<\/tr>\n<tr>\n<th>Pumba maksimaalne m\u00fcratase<\/th>\n<td>30 dBA<\/td>\n<\/tr>\n<tr>\n<th>Pinge<\/th>\n<td>12 V<\/td>\n<\/tr>\n<tr>\n<th>Kasutusiga<\/th>\n<td>40 000 tundi<\/td>\n<\/tr>\n<tr>\n<th>\u00dchendus<\/th>\n<td>3-pin<\/td>\n<\/tr>\n<tr>\n<th>Taustavalgustus<\/th>\n<td>ARGB<\/td>\n<\/tr>\n<tr>\n<th>\u00dchilduvus<\/th>\n<td>Intel: 115X\/1200\/1700; AMD: AM5\/AM4\/AM3\/AM3+\/AM2\/AM2+\/FM2\/FM1<\/td>\n<\/tr>\n<\/tbody>\n<\/table>\n<\/div>\n","protected":false},"excerpt":{"rendered":"<p>Vedelikjahutus protsessorile Darkflash Nebula DN240, must Vedelikjahutus protsessorile tagab Sinu arvuti protsessorile t\u00f5husa jahutuse ka k\u00f5rge koormuse korral. Darkflash Nebula DN240 on varustatud kahe 120 mm ventilaatori, vasest soojusplaadi ja silmapaistva ARGB-taustvalgustusega, mis lisab s\u00fcsteemile pilkup\u00fc\u00fcdva ilme. See protsessori jahuti sobib nii Intel kui ka AMD protsessoritele ning aitab hoida t\u00f6\u00f6kindlust pikema aja jooksul. Vaiksed [&hellip;]<\/p>\n","protected":false},"featured_media":179441,"comment_status":"open","ping_status":"open","template":"","meta":[],"product_brand":[2966],"product_cat":[3150],"product_tag":[],"class_list":{"0":"post-179436","1":"product","2":"type-product","3":"status-publish","4":"has-post-thumbnail","6":"product_brand-darkflash","7":"product_cat-vesijahutus","8":"product_shipping_class-innpro","10":"first","11":"instock","12":"sale","13":"taxable","14":"shipping-taxable","15":"purchasable","16":"product-type-simple"},"_links":{"self":[{"href":"https:\/\/blankpage.ee\/_ruumist-ruumi\/wp-json\/wp\/v2\/product\/179436","targetHints":{"allow":["GET"]}}],"collection":[{"href":"https:\/\/blankpage.ee\/_ruumist-ruumi\/wp-json\/wp\/v2\/product"}],"about":[{"href":"https:\/\/blankpage.ee\/_ruumist-ruumi\/wp-json\/wp\/v2\/types\/product"}],"replies":[{"embeddable":true,"href":"https:\/\/blankpage.ee\/_ruumist-ruumi\/wp-json\/wp\/v2\/comments?post=179436"}],"wp:featuredmedia":[{"embeddable":true,"href":"https:\/\/blankpage.ee\/_ruumist-ruumi\/wp-json\/wp\/v2\/media\/179441"}],"wp:attachment":[{"href":"https:\/\/blankpage.ee\/_ruumist-ruumi\/wp-json\/wp\/v2\/media?parent=179436"}],"wp:term":[{"taxonomy":"product_brand","embeddable":true,"href":"https:\/\/blankpage.ee\/_ruumist-ruumi\/wp-json\/wp\/v2\/product_brand?post=179436"},{"taxonomy":"product_cat","embeddable":true,"href":"https:\/\/blankpage.ee\/_ruumist-ruumi\/wp-json\/wp\/v2\/product_cat?post=179436"},{"taxonomy":"product_tag","embeddable":true,"href":"https:\/\/blankpage.ee\/_ruumist-ruumi\/wp-json\/wp\/v2\/product_tag?post=179436"}],"curies":[{"name":"wp","href":"https:\/\/api.w.org\/{rel}","templated":true}]}}