{"id":179844,"date":"2025-04-22T16:50:46","date_gmt":"2025-04-22T16:50:46","guid":{"rendered":"https:\/\/ruumistruumi.ee\/pood\/gravastar-delta35-kiirlaadija-usb-c-35w-gan-valge-2-porti\/"},"modified":"2025-08-21T08:17:42","modified_gmt":"2025-08-21T08:17:42","slug":"gravastar-delta35-kiirlaadija-usb-c-35w-gan-valge-2-porti","status":"publish","type":"product","link":"https:\/\/blankpage.ee\/_ruumist-ruumi\/pood\/gravastar-delta35-kiirlaadija-usb-c-35w-gan-valge-2-porti\/","title":{"rendered":"GravaStar Delta35 kiirlaadija USB-C, 35W GaN (valge, 2 porti)"},"content":{"rendered":"<h3>GravaStar Delta35 kiirlaadija USB-C, 35W GaN (valge, 2 porti)<\/h3>\n<p>GravaStar Delta35 on moodsale kasutajale ja m\u00e4nguhuvilisele loodud <b>kiirlaadija USB-C<\/b> portidega, milles on \u00fchendatud k\u00f5rge j\u00f5udlus ja pilkup\u00fc\u00fcdev futuristlik disain. Kompaktsel ja eristuva v\u00e4ljan\u00e4gemisega valge laadija meenutab v\u00e4ikest robotit ning sobib suurep\u00e4raselt nii t\u00f6\u00f6lauale kui m\u00e4ngunurka.<\/p>\n<p>\n<img decoding=\"async\" src=\"https:\/\/blankpage.ee\/_ruumist-ruumi\/wp-content\/uploads\/2025\/04\/7-508.webp\" alt=\"Valge GravaStar Delta35 kiirlaadija kahe USB-C pordiga futuristliku disainiga\"\/>\n<\/p>\n<h3>T\u00f5hus kiirlaadimine ja mitmek\u00fclgsed USB-C pordid<\/h3>\n<p>GravaStar Delta35 v\u00f5imaldab kuni 35 W laadimisv\u00f5imsust ning sellel on kaks <b>kiirlaadija USB-C<\/b> porti, mis v\u00f5imaldavad laadida korraga n\u00e4iteks s\u00fclearvutit, nutitelefoni v\u00f5i m\u00e4ngutarvikuid \u2013 ei ole vaja enam eelistada \u00fchte seadet teisele: \u00fchenda m\u00f5lemad ja kasuta muretult!<\/p>\n<p>\n<img decoding=\"async\" src=\"https:\/\/blankpage.ee\/_ruumist-ruumi\/wp-content\/uploads\/2025\/04\/1-918.webp\" alt=\"Kahe USB-C pordiga valge GaN kiirlaadija t\u00f6\u00f6laual\"\/>\n<\/p>\n<h3>GaN-tehnoloogia \u2013 v\u00f5imsus ja kompaktsus<\/h3>\n<p>GaN kiirlaadija USB-C v\u00e4ljundiga tagab suure j\u00f5udluse, olles samas kompaktne ja energias\u00e4\u00e4stlik. T\u00e4nu innovaatilisele galliumnitriidi tehnoloogiale p\u00fcsib laadija jahedamana ning v\u00e4heneb \u00fclekuumenemise risk ka intensiivsel kasutusel. See on ideaalne lahendus, kui soovid, et k\u00f5ik seadmed oleksid alati kiiresti laetud.<\/p>\n<p>\n<img decoding=\"async\" src=\"https:\/\/blankpage.ee\/_ruumist-ruumi\/wp-content\/uploads\/2025\/04\/4-739.webp\" alt=\"Futuristliku disainiga kompaktne valge GaN kiirlaadija\"\/>\n<\/p>\n<h3>Kaitse sinu seadmetele<\/h3>\n<p>Delta35 laadijal on mitmek\u00fclgsed sisseehitatud kaitses\u00fcsteemid: \u00fclepingekaitse, \u00fclevoolukaitse, \u00fclekuumenemiskaitse ja l\u00fchisekaitse. Nii v\u00f5id olla kindel, et sinu seadmed on laadimise ajal alati turvaliselt kaitstud.<\/p>\n<p>\n<img decoding=\"async\" src=\"https:\/\/blankpage.ee\/_ruumist-ruumi\/wp-content\/uploads\/2025\/04\/2-848.webp\" alt=\"Valge GaN kiirlaadija sisseehitatud turvakaitsetega\"\/>\n<\/p>\n<div class=\"table-wrapper\">\n<h3>Tehnilised andmed<\/h3>\n<table>\n<tbody>\n<tr>\n<th>Tootja<\/th>\n<td>GravaStar<\/td>\n<\/tr>\n<tr>\n<th>Mudel<\/th>\n<td>Delta35<\/td>\n<\/tr>\n<tr>\n<th>V\u00e4rv<\/th>\n<td>Valge<\/td>\n<\/tr>\n<tr>\n<th>Sisendpinge<\/th>\n<td>110-240V<\/td>\n<\/tr>\n<tr>\n<th>Maksimaalne laadimisv\u00f5imsus<\/th>\n<td>35 W<\/td>\n<\/tr>\n<tr>\n<th>Pordid<\/th>\n<td>USB-C x2<\/td>\n<\/tr>\n<\/tbody>\n<\/table>\n<\/div>\n","protected":false},"excerpt":{"rendered":"<p>GravaStar Delta35 kiirlaadija USB-C, 35W GaN (valge, 2 porti) GravaStar Delta35 on moodsale kasutajale ja m\u00e4nguhuvilisele loodud kiirlaadija USB-C portidega, milles on \u00fchendatud k\u00f5rge j\u00f5udlus ja pilkup\u00fc\u00fcdev futuristlik disain. Kompaktsel ja eristuva v\u00e4ljan\u00e4gemisega valge laadija meenutab v\u00e4ikest robotit ning sobib suurep\u00e4raselt nii t\u00f6\u00f6lauale kui m\u00e4ngunurka. T\u00f5hus kiirlaadimine ja mitmek\u00fclgsed USB-C pordid GravaStar Delta35 v\u00f5imaldab kuni [&hellip;]<\/p>\n","protected":false},"featured_media":179849,"comment_status":"open","ping_status":"open","template":"","meta":[],"product_brand":[3180],"product_cat":[3181],"product_tag":[],"class_list":{"0":"post-179844","1":"product","2":"type-product","3":"status-publish","4":"has-post-thumbnail","6":"product_brand-gravastar","7":"product_cat-gan-laadijad","8":"product_shipping_class-innpro","10":"first","11":"instock","12":"sale","13":"taxable","14":"shipping-taxable","15":"purchasable","16":"product-type-simple"},"_links":{"self":[{"href":"https:\/\/blankpage.ee\/_ruumist-ruumi\/wp-json\/wp\/v2\/product\/179844","targetHints":{"allow":["GET"]}}],"collection":[{"href":"https:\/\/blankpage.ee\/_ruumist-ruumi\/wp-json\/wp\/v2\/product"}],"about":[{"href":"https:\/\/blankpage.ee\/_ruumist-ruumi\/wp-json\/wp\/v2\/types\/product"}],"replies":[{"embeddable":true,"href":"https:\/\/blankpage.ee\/_ruumist-ruumi\/wp-json\/wp\/v2\/comments?post=179844"}],"wp:featuredmedia":[{"embeddable":true,"href":"https:\/\/blankpage.ee\/_ruumist-ruumi\/wp-json\/wp\/v2\/media\/179849"}],"wp:attachment":[{"href":"https:\/\/blankpage.ee\/_ruumist-ruumi\/wp-json\/wp\/v2\/media?parent=179844"}],"wp:term":[{"taxonomy":"product_brand","embeddable":true,"href":"https:\/\/blankpage.ee\/_ruumist-ruumi\/wp-json\/wp\/v2\/product_brand?post=179844"},{"taxonomy":"product_cat","embeddable":true,"href":"https:\/\/blankpage.ee\/_ruumist-ruumi\/wp-json\/wp\/v2\/product_cat?post=179844"},{"taxonomy":"product_tag","embeddable":true,"href":"https:\/\/blankpage.ee\/_ruumist-ruumi\/wp-json\/wp\/v2\/product_tag?post=179844"}],"curies":[{"name":"wp","href":"https:\/\/api.w.org\/{rel}","templated":true}]}}