{"id":180713,"date":"2025-04-22T21:51:28","date_gmt":"2025-04-22T21:51:28","guid":{"rendered":"https:\/\/ruumistruumi.ee\/pood\/valge-arvutikorpus-darkflash-c285p-mini-tower-karastatud-klaas\/"},"modified":"2025-08-21T08:17:36","modified_gmt":"2025-08-21T08:17:36","slug":"valge-arvutikorpus-darkflash-c285p-mini-tower-karastatud-klaas","status":"publish","type":"product","link":"https:\/\/blankpage.ee\/_ruumist-ruumi\/pood\/valge-arvutikorpus-darkflash-c285p-mini-tower-karastatud-klaas\/","title":{"rendered":"Valge arvutikorpus Darkflash C285P Mini Tower, karastatud klaas"},"content":{"rendered":"<h3>Valge arvutikorpus Darkflash C285P<\/h3>\n<p><b>Valge arvutikorpus<\/b> Darkflash C285P on stiilne ja mahukas Mini Tower t\u00fc\u00fcpi korpus, mis sobib suurep\u00e4raselt nii m\u00e4nguri- kui t\u00f6\u00f6arvuti ehitamiseks. Avar siseruum v\u00f5imaldab paigaldada erinevaid komponente ning luua just sellise s\u00fcsteemi, mis vastab sinu vajadustele \u2013 olgu tegemist intensiivsete m\u00e4ngusessioonide v\u00f5i t\u00f6\u00f6mahukate graafiliste programmidega.<\/p>\n<p><img decoding=\"async\" alt=\"Valge arvutikorpus Darkflash C285P minimalistliku disaini ja karastatud klaasiga\" src=\"https:\/\/blankpage.ee\/_ruumist-ruumi\/wp-content\/uploads\/2025\/04\/6-624.webp\" \/><\/p>\n<h3>Paindlikud v\u00f5imalused komponentide valikul<\/h3>\n<p>See Mini Tower korpus toetab ATX, M-ATX ning ITX emaplaate ja v\u00f5imaldab paigaldada kuni 410 mm pikkuse videokaardi. Toiteploki maksimaalne pikkus on 240 mm ning protsessori jahutile on ette n\u00e4htud kuni 160 mm k\u00f5rgus. T\u00e4nu nendele m\u00f5\u00f5tmetele sobib Darkflash C285P nii n\u00f5udlike m\u00e4ngude kui ka kontorit\u00f6\u00f6 jaoks.<\/p>\n<p><img decoding=\"async\" alt=\"Darkflash C285P korpuse mahukas sisemus ning erinevad paigutusv\u00f5imalused\" src=\"https:\/\/blankpage.ee\/_ruumist-ruumi\/wp-content\/uploads\/2025\/04\/5-720.webp\" \/><\/p>\n<h3>T\u00f5husad jahutuslahendused<\/h3>\n<p>Korpus v\u00f5imaldab paigaldada kuni \u00fcheksa ventilaatorit v\u00f5i kuni 360 mm vesijahutuse. T\u00e4nu sellele saab tagada stabiilse temperatuuri ka pikemate m\u00e4ngude v\u00f5i ressurssin\u00f5udliku t\u00f6\u00f6 ajal, pakkudes v\u00f5imalust ehitada t\u00e4iesti kohandatud jahutuss\u00fcsteem.<\/p>\n<p><img decoding=\"async\" alt=\"Jahutuss\u00fcsteemi ning ventilaatorite paigutus valges korpuses\" src=\"https:\/\/blankpage.ee\/_ruumist-ruumi\/wp-content\/uploads\/2025\/04\/8-344.webp\" \/><\/p>\n<h3>Mugavad \u00fchendused<\/h3>\n<p>Korpuse \u00fclaosas on k\u00e4ep\u00e4rased \u00fchendused: kiire USB 3.0, kaks USB 2.0 porti, k\u00f5rvaklapi- ja mikrofoni\u00fchendus. Nii on m\u00e4ngimise, voogedastamise v\u00f5i t\u00f6\u00f6tamise ajal lisaseadmete \u00fchendamine alati lihtne ja kiire.<\/p>\n<p><img decoding=\"async\" alt=\"Korpuse \u00fclemine \u00fchenduspaneel ja liidesed\" src=\"https:\/\/blankpage.ee\/_ruumist-ruumi\/wp-content\/uploads\/2025\/04\/4-799.webp\" \/><\/p>\n<h3>Mitmek\u00fclgsed salvestusv\u00f5imalused<\/h3>\n<p>Darkflash C285P lubab paigutada \u00fche 3,5&#8243; HDD v\u00f5i kaks 2,5&#8243; SSD-d, v\u00f5imaldades vajadusel valida kiire SSD m\u00e4ngudele v\u00f5i mahukama HDD fotode ja video salvestamiseks.<\/p>\n<p><img decoding=\"async\" alt=\"HDD ja SSD paigutusv\u00f5imalused arvutikorpuses\" src=\"https:\/\/blankpage.ee\/_ruumist-ruumi\/wp-content\/uploads\/2025\/04\/3-873.webp\" \/><\/p>\n<h3>Minimalistlik ja l\u00e4bipaistev disain<\/h3>\n<p>Kaks karastatud klaaspaneeli annavad valgele korpusele modernse v\u00e4limuse \u2013 k\u00fclg- ja esipaneelid toovad efektse RGB valguse ning arvutikomponendid esile. Minimalistlik disain sobib nii m\u00e4nguri- kui kontoriruumidesse.<\/p>\n<p><img decoding=\"async\" alt=\"Valge Mini Tower arvutikorpuse klaaspaneelid\" src=\"https:\/\/blankpage.ee\/_ruumist-ruumi\/wp-content\/uploads\/2025\/04\/2-913.webp\" \/><\/p>\n<div class=\"table-wrapper\">\n<table>\n<tbody>\n<tr>\n<th>Tootja<\/th>\n<td>Darkflash<\/td>\n<\/tr>\n<tr>\n<th>Mudel<\/th>\n<td>C285P<\/td>\n<\/tr>\n<tr>\n<th>Korpuse t\u00fc\u00fcp<\/th>\n<td>Mini Tower<\/td>\n<\/tr>\n<tr>\n<th>K\u00fclgpaneel<\/th>\n<td>Karastatud klaas<\/td>\n<\/tr>\n<tr>\n<th>Emaplaadi tugi<\/th>\n<td>ATX, M-ATX, ITX<\/td>\n<\/tr>\n<tr>\n<th>Toiteplokk<\/th>\n<td>ATX (paigaldus all)<\/td>\n<\/tr>\n<tr>\n<th>Sisemised kettapesad<\/th>\n<td>3,5&#8243; HDD x1, 2,5&#8243; SSD x2<\/td>\n<\/tr>\n<tr>\n<th>Laienduspesi<\/th>\n<td>7<\/td>\n<\/tr>\n<tr>\n<th>Max PSU pikkus<\/th>\n<td>240 mm<\/td>\n<\/tr>\n<tr>\n<th>Maksimaalne videokaardi pikkus<\/th>\n<td>410 mm<\/td>\n<\/tr>\n<tr>\n<th>Maksimaalne CPU jahuti k\u00f5rgus<\/th>\n<td>160 mm<\/td>\n<\/tr>\n<tr>\n<th>Ventilaatoripesad<\/th>\n<td>9<\/td>\n<\/tr>\n<tr>\n<th>Ventilaatori paigutus<\/th>\n<td>Taha 120 mm x1, \u00dcles 120 mm x3 \/ 140 mm x2, K\u00fcljele 120 mm x2 \/ 140 mm x2, Alla 120 mm x3<\/td>\n<\/tr>\n<tr>\n<th>Veejahutuse tugi<\/th>\n<td>K\u00fclg 280 mm, \u00dcles 360 mm, Alla 360 mm<\/td>\n<\/tr>\n<tr>\n<th>Eelpaigaldatud ventilaatoreid<\/th>\n<td>Pole<\/td>\n<\/tr>\n<tr>\n<th>Nupud ja juhtimine<\/th>\n<td>Power, Reset, LED<\/td>\n<\/tr>\n<tr>\n<th>\u00dchendused<\/th>\n<td>USB 3.0 x1, USB 2.0 x2, HD Audio<\/td>\n<\/tr>\n<tr>\n<th>Materjal<\/th>\n<td>0,8 mm SPCC<\/td>\n<\/tr>\n<tr>\n<th>V\u00e4rv<\/th>\n<td>Valge<\/td>\n<\/tr>\n<tr>\n<th>K\u00f5rgus<\/th>\n<td>400 mm<\/td>\n<\/tr>\n<tr>\n<th>Laius<\/th>\n<td>285 mm<\/td>\n<\/tr>\n<tr>\n<th>S\u00fcgavus<\/th>\n<td>425 mm<\/td>\n<\/tr>\n<tr>\n<th>Kaal<\/th>\n<td>7,8 kg<\/td>\n<\/tr>\n<\/tbody>\n<\/table>\n<\/div>\n<p><b>Darkflash C285P valge arvutikorpus on usaldusv\u00e4\u00e4rne ning paindlik lahendus iga\u00fchele, kes hindab kvaliteeti, modernset v\u00e4limust ja v\u00f5imalusterohkeid salvestus- ning jahutuslahendusi, sobides ideaalselt nii m\u00e4nguritele kui ka n\u00f5udlikule kontorit\u00f6\u00f6le.<\/b><\/p>\n","protected":false},"excerpt":{"rendered":"<p>Valge arvutikorpus Darkflash C285P Valge arvutikorpus Darkflash C285P on stiilne ja mahukas Mini Tower t\u00fc\u00fcpi korpus, mis sobib suurep\u00e4raselt nii m\u00e4nguri- kui t\u00f6\u00f6arvuti ehitamiseks. Avar siseruum v\u00f5imaldab paigaldada erinevaid komponente ning luua just sellise s\u00fcsteemi, mis vastab sinu vajadustele \u2013 olgu tegemist intensiivsete m\u00e4ngusessioonide v\u00f5i t\u00f6\u00f6mahukate graafiliste programmidega. Paindlikud v\u00f5imalused komponentide valikul See Mini Tower [&hellip;]<\/p>\n","protected":false},"featured_media":180720,"comment_status":"open","ping_status":"open","template":"","meta":[],"product_brand":[2966],"product_cat":[3136],"product_tag":[],"class_list":{"0":"post-180713","1":"product","2":"type-product","3":"status-publish","4":"has-post-thumbnail","6":"product_brand-darkflash","7":"product_cat-ilma-ventilaatoriteta-arvutikorpused","8":"product_shipping_class-innpro","10":"first","11":"instock","12":"sale","13":"taxable","14":"shipping-taxable","15":"purchasable","16":"product-type-simple"},"_links":{"self":[{"href":"https:\/\/blankpage.ee\/_ruumist-ruumi\/wp-json\/wp\/v2\/product\/180713","targetHints":{"allow":["GET"]}}],"collection":[{"href":"https:\/\/blankpage.ee\/_ruumist-ruumi\/wp-json\/wp\/v2\/product"}],"about":[{"href":"https:\/\/blankpage.ee\/_ruumist-ruumi\/wp-json\/wp\/v2\/types\/product"}],"replies":[{"embeddable":true,"href":"https:\/\/blankpage.ee\/_ruumist-ruumi\/wp-json\/wp\/v2\/comments?post=180713"}],"wp:featuredmedia":[{"embeddable":true,"href":"https:\/\/blankpage.ee\/_ruumist-ruumi\/wp-json\/wp\/v2\/media\/180720"}],"wp:attachment":[{"href":"https:\/\/blankpage.ee\/_ruumist-ruumi\/wp-json\/wp\/v2\/media?parent=180713"}],"wp:term":[{"taxonomy":"product_brand","embeddable":true,"href":"https:\/\/blankpage.ee\/_ruumist-ruumi\/wp-json\/wp\/v2\/product_brand?post=180713"},{"taxonomy":"product_cat","embeddable":true,"href":"https:\/\/blankpage.ee\/_ruumist-ruumi\/wp-json\/wp\/v2\/product_cat?post=180713"},{"taxonomy":"product_tag","embeddable":true,"href":"https:\/\/blankpage.ee\/_ruumist-ruumi\/wp-json\/wp\/v2\/product_tag?post=180713"}],"curies":[{"name":"wp","href":"https:\/\/api.w.org\/{rel}","templated":true}]}}