{"id":181088,"date":"2025-04-22T23:42:05","date_gmt":"2025-04-22T23:42:05","guid":{"rendered":"https:\/\/ruumistruumi.ee\/pood\/valge-arvutikorpus-darkflash-dy450l-pro-argb-usb-c-1-ventilaator\/"},"modified":"2025-08-21T08:17:33","modified_gmt":"2025-08-21T08:17:33","slug":"valge-arvutikorpus-darkflash-dy450l-pro-argb-usb-c-1-ventilaator","status":"publish","type":"product","link":"https:\/\/blankpage.ee\/_ruumist-ruumi\/pood\/valge-arvutikorpus-darkflash-dy450l-pro-argb-usb-c-1-ventilaator\/","title":{"rendered":"Valge arvutikorpus Darkflash DY450L PRO, ARGB, USB-C, 1 ventilaator"},"content":{"rendered":"<h3>Valge arvutikorpus Darkflash DY450L PRO \u2013 ARGB, USB-C, 1 ventilaator<\/h3>\n<p>Darkflash DY450L PRO on stiilne ja avar valge arvutikorpus, mis sobib suurep\u00e4raselt m\u00e4nguritele v\u00f5i entusiastidele, kes hindavad modernset disaini ja nutikaid funktsioone. Tegemist on ATX Mid Tower t\u00fc\u00fcpi mudeliga, mille avar korpus tagab suurep\u00e4rase jahutuse ja v\u00f5imaldab rohkelt paigaldusv\u00f5imalusi ka n\u00f5udlike konfiguratsioonide jaoks.<\/p>\n<p><img decoding=\"async\" alt=\"Valge arvutikorpus Darkflash DY450L PRO k\u00fclgvaates karastatud klaasist paneeliga\" src=\"https:\/\/blankpage.ee\/_ruumist-ruumi\/wp-content\/uploads\/2025\/04\/2-933.webp\"\/><\/p>\n<h3>T\u00e4pselt seadistatav jahutus ja temperatuuri j\u00e4lgimine<\/h3>\n<p>DY450L PRO korpus on varustatud nutika digitaalse temperatuuri j\u00e4lgimise s\u00fcsteemiga, mis v\u00f5imaldab sul reaalajas j\u00e4lgida graafikakaardi, protsessori ja korpuse sisetemperatuure. LCD-ekraan korpuse esipaneelil ning kolm f\u00fc\u00fcsilist juhtnuppu annavad v\u00f5imaluse ventilaatorite p\u00f6\u00f6rlemiskiirust mugavalt reguleerida vastavalt vajadusele. T\u00e4isfunktsionaalsuse tagamiseks laadi vajalik draiver tootja <a href=\"https:\/\/www.darkflash.com\/driver\">kodulehelt<\/a>.<\/p>\n<p><img decoding=\"async\" alt=\"Arvutikorpus LCD-ekraani ja juhtnuppudega\" src=\"https:\/\/blankpage.ee\/_ruumist-ruumi\/wp-content\/uploads\/2025\/04\/4-826.webp\"\/><\/p>\n<h3>Kohandatav ARGB valgustus \u2013 modernne v\u00e4limus<\/h3>\n<p>Valge arvutikorpus Darkflash DY450L PRO pakub 23 erinevat ARGB valgusre\u017eiimi ja nelja erineva kiirusega valgusefekte. K\u00f5iki valguslahendusi saad seadistada just oma stiilile vastavalt ning efekti vahetamine v\u00f5i v\u00e4ljal\u00fclitamine k\u00e4ib lihtsalt \u00fche nupuvajutusega.<\/p>\n<p><img decoding=\"async\" alt=\"Darkflash DY450L PRO arvutikorpuse esipaneel ARGB valgustusega\" src=\"https:\/\/blankpage.ee\/_ruumist-ruumi\/wp-content\/uploads\/2025\/04\/7-564.webp\"\/><\/p>\n<h3>V\u00f5imsad paigaldusv\u00f5imalused ja jahutuslahendused<\/h3>\n<p>Korpus v\u00f5imaldab paigaldada kuni 8 ventilaatorit ning toetab kuni 480 mm pikkuseid veejahutuss\u00fcsteeme. Samuti saad lisada kuni 420 mm graafikakaarte ja kuni 180 mm k\u00f5rguseid protsessorijahuteid, tehes sellest lahendusest t\u00f5elise t\u00f6\u00f6riista ka k\u00f5ige n\u00f5udlikumale m\u00e4ngurile.<\/p>\n<p><img decoding=\"async\" alt=\"Darkflash DY450L PRO paigaldusv\u00f5imalused ja ventilaatorite asukohad\" src=\"https:\/\/blankpage.ee\/_ruumist-ruumi\/wp-content\/uploads\/2025\/04\/5-738.webp\"\/><\/p>\n<h3>Kaasaegsed \u00fchendused: USB-C ja kiire andmeedastus<\/h3>\n<p>Esipaneelilt leiad kaks USB 3.0 porti, \u00fche USB-C 3.2 Gen 2 (kiirus kuni 10 Gbit\/s) ja HD Audio \u00fchenduse, mis v\u00f5imaldavad kiiret ja mugavat \u00fchenduvust erinevate lisaseadmetega.<\/p>\n<p><img decoding=\"async\" alt=\"Kaasaegsete portidega valge arvutikorpuse esipaneel, sealhulgas USB-C\" src=\"https:\/\/blankpage.ee\/_ruumist-ruumi\/wp-content\/uploads\/2025\/04\/6-650.webp\"\/><\/p>\n<h3>Tehnilised andmed<\/h3>\n<table>\n<tbody>\n<tr>\n<th>Tootja<\/th>\n<td>Darkflash<\/td>\n<\/tr>\n<tr>\n<th>Mudel<\/th>\n<td>DY450L PRO<\/td>\n<\/tr>\n<tr>\n<th>T\u00fc\u00fcp<\/th>\n<td>ATX Mid Tower<\/td>\n<\/tr>\n<tr>\n<th>K\u00fclgsein<\/th>\n<td>Karastatud klaas<\/td>\n<\/tr>\n<tr>\n<th>Emaplaadi toetus<\/th>\n<td>ATX, ITX, microATX<\/td>\n<\/tr>\n<tr>\n<th>Toiteploki asukoht<\/th>\n<td>Alumine (ATX)<\/td>\n<\/tr>\n<tr>\n<th>Salvestite pesad<\/th>\n<td>3.5&#8243; HDD x4, 2.5&#8243; SSD x4<\/td>\n<\/tr>\n<tr>\n<th>Laienduspesad<\/th>\n<td>9<\/td>\n<\/tr>\n<tr>\n<th>Maksimaalne PSU pikkus<\/th>\n<td>250 mm<\/td>\n<\/tr>\n<tr>\n<th>Maksimaalne graafikakaardi pikkus<\/th>\n<td>420 mm<\/td>\n<\/tr>\n<tr>\n<th>Maksimaalne CPU jahuti k\u00f5rgus<\/th>\n<td>180 mm<\/td>\n<\/tr>\n<tr>\n<th>Ventilaatorite koguarv<\/th>\n<td>8<\/td>\n<\/tr>\n<tr>\n<th>Ventilaatori paigaldusv\u00f5imalused<\/th>\n<td>K\u00fclg: 120 mm x4 \/ 140 mm x3, taga: 120 mm x1 \/ 140 mm x1, p\u00f5hi: 120 mm x3<\/td>\n<\/tr>\n<tr>\n<th>Veek\u00fclmiku toetus<\/th>\n<td>K\u00fclg: 360\/420\/480 mm<\/td>\n<\/tr>\n<tr>\n<th>Komplektis ventilaatorid<\/th>\n<td>1 tk (CYAN12, 120 mm, ARGB)<\/td>\n<\/tr>\n<tr>\n<th>Juhtnupud<\/th>\n<td>Power, Reset, ventilaatori kiirus, LED<\/td>\n<\/tr>\n<tr>\n<th>\u00dchendused<\/th>\n<td>USB 3.0 x2, USB-C, HD Audio<\/td>\n<\/tr>\n<tr>\n<th>Materjal<\/th>\n<td>0,8 mm SPCC<\/td>\n<\/tr>\n<tr>\n<th>V\u00e4rv<\/th>\n<td>Valge<\/td>\n<\/tr>\n<tr>\n<th>M\u00f5\u00f5dud (K x L x S)<\/th>\n<td>568 x 258 x 451 mm<\/td>\n<\/tr>\n<tr>\n<th>Kaal<\/th>\n<td>14,1 kg<\/td>\n<\/tr>\n<\/tbody>\n<\/table>\n","protected":false},"excerpt":{"rendered":"<p>Valge arvutikorpus Darkflash DY450L PRO \u2013 ARGB, USB-C, 1 ventilaator Darkflash DY450L PRO on stiilne ja avar valge arvutikorpus, mis sobib suurep\u00e4raselt m\u00e4nguritele v\u00f5i entusiastidele, kes hindavad modernset disaini ja nutikaid funktsioone. Tegemist on ATX Mid Tower t\u00fc\u00fcpi mudeliga, mille avar korpus tagab suurep\u00e4rase jahutuse ja v\u00f5imaldab rohkelt paigaldusv\u00f5imalusi ka n\u00f5udlike konfiguratsioonide jaoks. T\u00e4pselt seadistatav [&hellip;]<\/p>\n","protected":false},"featured_media":181094,"comment_status":"open","ping_status":"open","template":"","meta":[],"product_brand":[2966],"product_cat":[3137],"product_tag":[],"class_list":{"0":"post-181088","1":"product","2":"type-product","3":"status-publish","4":"has-post-thumbnail","6":"product_brand-darkflash","7":"product_cat-ventilaatoritega-arvutikorpused","8":"product_shipping_class-innpro","10":"first","11":"instock","12":"sale","13":"taxable","14":"shipping-taxable","15":"purchasable","16":"product-type-simple"},"_links":{"self":[{"href":"https:\/\/blankpage.ee\/_ruumist-ruumi\/wp-json\/wp\/v2\/product\/181088","targetHints":{"allow":["GET"]}}],"collection":[{"href":"https:\/\/blankpage.ee\/_ruumist-ruumi\/wp-json\/wp\/v2\/product"}],"about":[{"href":"https:\/\/blankpage.ee\/_ruumist-ruumi\/wp-json\/wp\/v2\/types\/product"}],"replies":[{"embeddable":true,"href":"https:\/\/blankpage.ee\/_ruumist-ruumi\/wp-json\/wp\/v2\/comments?post=181088"}],"wp:featuredmedia":[{"embeddable":true,"href":"https:\/\/blankpage.ee\/_ruumist-ruumi\/wp-json\/wp\/v2\/media\/181094"}],"wp:attachment":[{"href":"https:\/\/blankpage.ee\/_ruumist-ruumi\/wp-json\/wp\/v2\/media?parent=181088"}],"wp:term":[{"taxonomy":"product_brand","embeddable":true,"href":"https:\/\/blankpage.ee\/_ruumist-ruumi\/wp-json\/wp\/v2\/product_brand?post=181088"},{"taxonomy":"product_cat","embeddable":true,"href":"https:\/\/blankpage.ee\/_ruumist-ruumi\/wp-json\/wp\/v2\/product_cat?post=181088"},{"taxonomy":"product_tag","embeddable":true,"href":"https:\/\/blankpage.ee\/_ruumist-ruumi\/wp-json\/wp\/v2\/product_tag?post=181088"}],"curies":[{"name":"wp","href":"https:\/\/api.w.org\/{rel}","templated":true}]}}

<h3>Valge arvutikorpus Darkflash DY450L PRO – ARGB, USB-C, 1 ventilaator</h3>
<p>Darkflash DY450L PRO on stiilne ja avar valge arvutikorpus, mis sobib suurepäraselt mänguritele või entusiastidele, kes hindavad modernset disaini ja nutikaid funktsioone. Tegemist on ATX Mid Tower tüüpi mudeliga, mille avar korpus tagab suurepärase jahutuse ja võimaldab rohkelt paigaldusvõimalusi ka nõudlike konfiguratsioonide jaoks.</p>
<p><img decoding="async" alt="Valge arvutikorpus Darkflash DY450L PRO külgvaates karastatud klaasist paneeliga" src="https://blankpage.ee/_ruumist-ruumi/wp-content/uploads/2025/04/2-933.webp"/></p>
<h3>Täpselt seadistatav jahutus ja temperatuuri jälgimine</h3>
<p>DY450L PRO korpus on varustatud nutika digitaalse temperatuuri jälgimise süsteemiga, mis võimaldab sul reaalajas jälgida graafikakaardi, protsessori ja korpuse sisetemperatuure. LCD-ekraan korpuse esipaneelil ning kolm füüsilist juhtnuppu annavad võimaluse ventilaatorite pöörlemiskiirust mugavalt reguleerida vastavalt vajadusele. Täisfunktsionaalsuse tagamiseks laadi vajalik draiver tootja <a href="https://www.darkflash.com/driver">kodulehelt</a>.</p>
<p><img decoding="async" alt="Arvutikorpus LCD-ekraani ja juhtnuppudega" src="https://blankpage.ee/_ruumist-ruumi/wp-content/uploads/2025/04/4-826.webp"/></p>
<h3>Kohandatav ARGB valgustus – modernne välimus</h3>
<p>Valge arvutikorpus Darkflash DY450L PRO pakub 23 erinevat ARGB valgusrežiimi ja nelja erineva kiirusega valgusefekte. Kõiki valguslahendusi saad seadistada just oma stiilile vastavalt ning efekti vahetamine või väljalülitamine käib lihtsalt ühe nupuvajutusega.</p>
<p><img decoding="async" alt="Darkflash DY450L PRO arvutikorpuse esipaneel ARGB valgustusega" src="https://blankpage.ee/_ruumist-ruumi/wp-content/uploads/2025/04/7-564.webp"/></p>
<h3>Võimsad paigaldusvõimalused ja jahutuslahendused</h3>
<p>Korpus võimaldab paigaldada kuni 8 ventilaatorit ning toetab kuni 480 mm pikkuseid veejahutussüsteeme. Samuti saad lisada kuni 420 mm graafikakaarte ja kuni 180 mm kõrguseid protsessorijahuteid, tehes sellest lahendusest tõelise tööriista ka kõige nõudlikumale mängurile.</p>
<p><img decoding="async" alt="Darkflash DY450L PRO paigaldusvõimalused ja ventilaatorite asukohad" src="https://blankpage.ee/_ruumist-ruumi/wp-content/uploads/2025/04/5-738.webp"/></p>
<h3>Kaasaegsed ühendused: USB-C ja kiire andmeedastus</h3>
<p>Esipaneelilt leiad kaks USB 3.0 porti, ühe USB-C 3.2 Gen 2 (kiirus kuni 10 Gbit/s) ja HD Audio ühenduse, mis võimaldavad kiiret ja mugavat ühenduvust erinevate lisaseadmetega.</p>
<p><img decoding="async" alt="Kaasaegsete portidega valge arvutikorpuse esipaneel, sealhulgas USB-C" src="https://blankpage.ee/_ruumist-ruumi/wp-content/uploads/2025/04/6-650.webp"/></p>
<h3>Tehnilised andmed</h3>
<table>
<tbody>
<tr>
<th>Tootja</th>
<td>Darkflash</td>
</tr>
<tr>
<th>Mudel</th>
<td>DY450L PRO</td>
</tr>
<tr>
<th>Tüüp</th>
<td>ATX Mid Tower</td>
</tr>
<tr>
<th>Külgsein</th>
<td>Karastatud klaas</td>
</tr>
<tr>
<th>Emaplaadi toetus</th>
<td>ATX, ITX, microATX</td>
</tr>
<tr>
<th>Toiteploki asukoht</th>
<td>Alumine (ATX)</td>
</tr>
<tr>
<th>Salvestite pesad</th>
<td>3.5&#8243; HDD x4, 2.5&#8243; SSD x4</td>
</tr>
<tr>
<th>Laienduspesad</th>
<td>9</td>
</tr>
<tr>
<th>Maksimaalne PSU pikkus</th>
<td>250 mm</td>
</tr>
<tr>
<th>Maksimaalne graafikakaardi pikkus</th>
<td>420 mm</td>
</tr>
<tr>
<th>Maksimaalne CPU jahuti kõrgus</th>
<td>180 mm</td>
</tr>
<tr>
<th>Ventilaatorite koguarv</th>
<td>8</td>
</tr>
<tr>
<th>Ventilaatori paigaldusvõimalused</th>
<td>Külg: 120 mm x4 / 140 mm x3, taga: 120 mm x1 / 140 mm x1, põhi: 120 mm x3</td>
</tr>
<tr>
<th>Veekülmiku toetus</th>
<td>Külg: 360/420/480 mm</td>
</tr>
<tr>
<th>Komplektis ventilaatorid</th>
<td>1 tk (CYAN12, 120 mm, ARGB)</td>
</tr>
<tr>
<th>Juhtnupud</th>
<td>Power, Reset, ventilaatori kiirus, LED</td>
</tr>
<tr>
<th>Ühendused</th>
<td>USB 3.0 x2, USB-C, HD Audio</td>
</tr>
<tr>
<th>Materjal</th>
<td>0,8 mm SPCC</td>
</tr>
<tr>
<th>Värv</th>
<td>Valge</td>
</tr>
<tr>
<th>Mõõdud (K x L x S)</th>
<td>568 x 258 x 451 mm</td>
</tr>
<tr>
<th>Kaal</th>
<td>14,1 kg</td>
</tr>
</tbody>
</table>

<p>Valge arvutikorpus Darkflash DY450L PRO – ARGB, USB-C, 1 ventilaator Darkflash DY450L PRO on stiilne ja avar valge arvutikorpus, mis sobib suurepäraselt mänguritele või entusiastidele, kes hindavad modernset disaini ja nutikaid funktsioone. Tegemist on ATX Mid Tower tüüpi mudeliga, mille avar korpus tagab suurepärase jahutuse ja võimaldab rohkelt paigaldusvõimalusi ka nõudlike konfiguratsioonide jaoks. Täpselt seadistatav [&hellip;]</p>
