{"id":181273,"date":"2025-04-23T00:28:24","date_gmt":"2025-04-23T00:28:24","guid":{"rendered":"https:\/\/ruumistruumi.ee\/pood\/viture-one-kaelapael-xr-kaelal-kantav-arvuti-android-3200-mah-wifi5-128-gb\/"},"modified":"2025-08-21T08:17:32","modified_gmt":"2025-08-21T08:17:32","slug":"viture-one-kaelapael-xr-kaelal-kantav-arvuti-android-3200-mah-wifi5-128-gb","status":"publish","type":"product","link":"https:\/\/blankpage.ee\/_ruumist-ruumi\/pood\/viture-one-kaelapael-xr-kaelal-kantav-arvuti-android-3200-mah-wifi5-128-gb\/","title":{"rendered":"VITURE One kaelapael \u2013 XR-kaelal kantav arvuti (Android, 3200 mAh, WiFi5, 128 GB)"},"content":{"rendered":"<h3>VITURE One kaelapael \u2013 mobiilne XR-v\u00f5imsus m\u00e4nguritele<\/h3>\n<p>VITURE One kaelapael on loodud spetsiaalselt VITURE One XR prillidele, et pakkuda sulle maksimaalset vabadust ja paindlikkust m\u00e4ngimiseks ning meelelahutuseks. Kaelapael toimib kaasaskantava arvutina, mis toidab XR-prille ning v\u00f5imaldab mugavalt m\u00e4ngida, kasutada erinevaid rakendusi ja kohandada ekraani \u2013 seda k\u00f5ike olenemata sinu asukohast.<\/p>\n<p><img decoding=\"async\" alt=\"VITURE One kaelapael mustal taustal\" src=\"https:\/\/blankpage.ee\/_ruumist-ruumi\/wp-content\/uploads\/2025\/04\/11-52.webp\"\/><\/p>\n<h3>T\u00e4iustatud v\u00f5imalused igal pool (kaelapael m\u00e4ngimiseks ja sisu nautimiseks)<\/h3>\n<p>3200 mAh akuga VITURE One kaelapael t\u00f6\u00f6tab Androidi operatsioonis\u00fcsteemil, pakkudes ligip\u00e4\u00e4su populaarsetele rakendustele nagu Netflix, YouTube ja Hulu \u2013 seda ilma t\u00e4iendavate adapterite v\u00f5i seadmeteta. Vajalikud on vaid XR-prillid ja kaelapael, et sisu nautida nii kodus kui teel olles.<\/p>\n<p><img decoding=\"async\" alt=\"Kaelal kantav XR arvutikaelapael \u00fchendatud VITURE One XR prillidega\" src=\"https:\/\/blankpage.ee\/_ruumist-ruumi\/wp-content\/uploads\/2025\/04\/1-1013.webp\"\/><\/p>\n<h3>Pilvem\u00e4ngud ja kaugjuhtimine \u2013 m\u00e4ngi oma lemmikm\u00e4nge k\u00f5ikjal<\/h3>\n<p>M\u00e4nguritele v\u00f5imaldab VITURE One kaelapael konsoolidest s\u00f5ltumatut m\u00e4ngukogemust: Remote Play tugi v\u00f5imaldab m\u00e4ngida nii PlayStationi, Xboxi kui ka PC m\u00e4nge k\u00f5ikjal, kus on Wi-Fi v\u00f5i 5G \u00fchendus. Toetatud on ka populaarsed voogedastusrakendused nagu PSPlay ja XBXPlay.<\/p>\n<p><img decoding=\"async\" alt=\"VITURE One kaelapael pilvem\u00e4ngu kasutuses\" src=\"https:\/\/blankpage.ee\/_ruumist-ruumi\/wp-content\/uploads\/2025\/04\/9-260.webp\"\/><\/p>\n<h3>Muuda ekraani enda soovide j\u00e4rgi (isiklik XR elamus)<\/h3>\n<p>Saad ise reguleerida ekraani suurust ja positsiooni \u2013 Ambient Mode lubab ekraani v\u00e4iksemaks t\u00f5mmata ning maailma n\u00e4ha, Immersive Mode viib t\u00e4ieliku XR-elamuse keskpunkti. VITURE One kaelapael sobib ideaalselt nii privaatseks filmivaatamiseks kui ka produktiivseks t\u00f6\u00f6ks liikvel olles.<\/p>\n<p><img decoding=\"async\" alt=\"Ekraani seadistamise v\u00f5imalused kaelapaelaga XR prillides (kujundlik pilt)\" src=\"https:\/\/blankpage.ee\/_ruumist-ruumi\/wp-content\/uploads\/2025\/04\/4-835.webp\"\/><\/p>\n<h3>Intuitiivne juhtimine ja VITURE rakendus (lihtne seadistamine)<\/h3>\n<p>Juhi kaelapaela traditsioonilise D-padi, pealiigutuste v\u00f5i Bluetooth-seadmete abil. VITURE rakendus (iOS ja Android) v\u00f5imaldab kiiret ligip\u00e4\u00e4su seadetega seotud funktsioonidele ja tekstis\u00f5numite edastamist otse kaelapaelale. Kasutus on lihtne ja mugav.<\/p>\n<p><img decoding=\"async\" alt=\"Kaelapaela juhtimine VITURE rakendusega nutitelefonil\" src=\"https:\/\/blankpage.ee\/_ruumist-ruumi\/wp-content\/uploads\/2025\/04\/6-656.webp\"\/><\/p>\n<h3>Komplektis<\/h3>\n<ul>\n<li>VITURE One kaelapael<\/li>\n<li>USB\u2011C kaabel<\/li>\n<li>Kaitse\u00fcmbris<\/li>\n<\/ul>\n<h3>Tehnilised andmed<\/h3>\n<table>\n<tbody>\n<tr>\n<th>Tootja<\/th>\n<td>VITURE<\/td>\n<\/tr>\n<tr>\n<th>Mudel<\/th>\n<td>VITURE One kaelapael<\/td>\n<\/tr>\n<tr>\n<th>Akumaht<\/th>\n<td>3200 mAh<\/td>\n<\/tr>\n<tr>\n<th>Tarkvara<\/th>\n<td>Android<\/td>\n<\/tr>\n<tr>\n<th>Kaugm\u00e4ngude tugi<\/th>\n<td>PlayStation, Xbox, PC<\/td>\n<\/tr>\n<tr>\n<th>Rakendustugi<\/th>\n<td>Netflix, YouTube, Hulu jt<\/td>\n<\/tr>\n<tr>\n<th>Ekraani seadistus<\/th>\n<td>Ambient Mode, Immersive Mode<\/td>\n<\/tr>\n<tr>\n<th>Juhtimine<\/th>\n<td>D-pad, pealiigutused, Bluetooth<\/td>\n<\/tr>\n<tr>\n<th>Rakenduse tugi<\/th>\n<td>VITURE rakendus (iOS\/Android)<\/td>\n<\/tr>\n<tr>\n<th>\u00dchilduvus<\/th>\n<td>VITURE One XR prillidega<\/td>\n<\/tr>\n<tr>\n<th>ROM<\/th>\n<td>128 GB<\/td>\n<\/tr>\n<tr>\n<th>WiFi<\/th>\n<td>WiFi5<\/td>\n<\/tr>\n<tr>\n<th>Bluetooth<\/th>\n<td>5.0<\/td>\n<\/tr>\n<tr>\n<th>Pilvem\u00e4ngude kestvus<\/th>\n<td>ca 2,5 tundi<\/td>\n<\/tr>\n<tr>\n<th>USB\u2011C sisend<\/th>\n<td>5V\/3A, 9V\/2A, 12V\/1.5A<\/td>\n<\/tr>\n<tr>\n<th>Magnetpistik<\/th>\n<td>5V\/1.5A sisend\/v\u00e4ljund<\/td>\n<\/tr>\n<tr>\n<th>Helitugevuse kontroll<\/th>\n<td>Jah<\/td>\n<\/tr>\n<tr>\n<th>2D\u20133D l\u00fclitamine<\/th>\n<td>Jah<\/td>\n<\/tr>\n<tr>\n<th>H\u00e4\u00e4ltuvastus<\/th>\n<td>Jah<\/td>\n<\/tr>\n<tr>\n<th>Picture-in-picture<\/th>\n<td>Jah<\/td>\n<\/tr>\n<tr>\n<th>Ekraani dubleerimine<\/th>\n<td>Miracast, DLNA<\/td>\n<\/tr>\n<\/tbody>\n<\/table>\n","protected":false},"excerpt":{"rendered":"<p>VITURE One kaelapael \u2013 mobiilne XR-v\u00f5imsus m\u00e4nguritele VITURE One kaelapael on loodud spetsiaalselt VITURE One XR prillidele, et pakkuda sulle maksimaalset vabadust ja paindlikkust m\u00e4ngimiseks ning meelelahutuseks. Kaelapael toimib kaasaskantava arvutina, mis toidab XR-prille ning v\u00f5imaldab mugavalt m\u00e4ngida, kasutada erinevaid rakendusi ja kohandada ekraani \u2013 seda k\u00f5ike olenemata sinu asukohast. T\u00e4iustatud v\u00f5imalused igal pool (kaelapael [&hellip;]<\/p>\n","protected":false},"featured_media":181279,"comment_status":"open","ping_status":"open","template":"","meta":[],"product_brand":[3029],"product_cat":[3154],"product_tag":[],"class_list":{"0":"post-181273","1":"product","2":"type-product","3":"status-publish","4":"has-post-thumbnail","6":"product_brand-viture","7":"product_cat-vr-tarvikud","8":"product_shipping_class-innpro","10":"first","11":"instock","12":"sale","13":"taxable","14":"shipping-taxable","15":"purchasable","16":"product-type-simple"},"_links":{"self":[{"href":"https:\/\/blankpage.ee\/_ruumist-ruumi\/wp-json\/wp\/v2\/product\/181273","targetHints":{"allow":["GET"]}}],"collection":[{"href":"https:\/\/blankpage.ee\/_ruumist-ruumi\/wp-json\/wp\/v2\/product"}],"about":[{"href":"https:\/\/blankpage.ee\/_ruumist-ruumi\/wp-json\/wp\/v2\/types\/product"}],"replies":[{"embeddable":true,"href":"https:\/\/blankpage.ee\/_ruumist-ruumi\/wp-json\/wp\/v2\/comments?post=181273"}],"wp:featuredmedia":[{"embeddable":true,"href":"https:\/\/blankpage.ee\/_ruumist-ruumi\/wp-json\/wp\/v2\/media\/181279"}],"wp:attachment":[{"href":"https:\/\/blankpage.ee\/_ruumist-ruumi\/wp-json\/wp\/v2\/media?parent=181273"}],"wp:term":[{"taxonomy":"product_brand","embeddable":true,"href":"https:\/\/blankpage.ee\/_ruumist-ruumi\/wp-json\/wp\/v2\/product_brand?post=181273"},{"taxonomy":"product_cat","embeddable":true,"href":"https:\/\/blankpage.ee\/_ruumist-ruumi\/wp-json\/wp\/v2\/product_cat?post=181273"},{"taxonomy":"product_tag","embeddable":true,"href":"https:\/\/blankpage.ee\/_ruumist-ruumi\/wp-json\/wp\/v2\/product_tag?post=181273"}],"curies":[{"name":"wp","href":"https:\/\/api.w.org\/{rel}","templated":true}]}}