{"id":181320,"date":"2025-04-23T00:44:22","date_gmt":"2025-04-23T00:44:22","guid":{"rendered":"https:\/\/ruumistruumi.ee\/pood\/keychron-madala-profiiliga-mehaaniline-klaviatuur-k3-pro-gateron-brown-bluetooth-75-must\/"},"modified":"2025-08-21T08:17:32","modified_gmt":"2025-08-21T08:17:32","slug":"keychron-madala-profiiliga-mehaaniline-klaviatuur-k3-pro-gateron-brown-bluetooth-75-must","status":"publish","type":"product","link":"https:\/\/blankpage.ee\/_ruumist-ruumi\/pood\/keychron-madala-profiiliga-mehaaniline-klaviatuur-k3-pro-gateron-brown-bluetooth-75-must\/","title":{"rendered":"Keychron madala profiiliga mehaaniline klaviatuur K3 Pro (Gateron Brown, Bluetooth, 75%, must)"},"content":{"rendered":"<h3>Keychron madala profiiliga mehaaniline klaviatuur K3 Pro \u2013 ideaalne m\u00e4ngimiseks ja t\u00f6\u00f6ks<\/h3>\n<p><img decoding=\"async\" src=\"https:\/\/blankpage.ee\/_ruumist-ruumi\/wp-content\/uploads\/2025\/04\/1-1020.webp\" alt=\"Keychron madala profiiliga klaviatuur K3 Pro musta korpusega\"\/><\/p>\n<p><strong>Keychron K3 Pro Brown Switch<\/strong> on musta v\u00e4rvi 75% (84-klahviline) mehaaniline klaviatuur, mis sobib nii n\u00f5udlikule m\u00e4ngijale kui ka igap\u00e4evaseks t\u00f6\u00f6ks. Selle madala profiiliga disain ja Gateron Brown l\u00fclitid muudavad klaviatuuri \u00f5hukeseks ja mugavaks, tagades suurep\u00e4rase kirjutamiskogemuse ka pikemateks t\u00f6\u00f6- ja m\u00e4ngu\u00f5htuteks.<\/p>\n<h3>Keychron madal profiil: Bluetooth 5.1 ja USB-C \u00fchenduvus<\/h3>\n<p>Klaviatuuri saad \u00fchendada nii traadita Bluetooth 5.1-ga kui ka juhtmega USB-C kaudu. Bluetoothi kaudu on v\u00f5imalik \u00fchendada kuni kolm seadet korraga ning nende vahel kiirelt vahetada. Juhtmega \u00fchendusel j\u00f5uab pollingu m\u00e4\u00e4r kuni 1000 Hz-ni, mis tagab kiire ja viivitusteta reaktsiooni, eriti oluline just m\u00e4ngimisel.<\/p>\n<p><img decoding=\"async\" src=\"https:\/\/blankpage.ee\/_ruumist-ruumi\/wp-content\/uploads\/2025\/04\/2-947.webp\" alt=\"Klaviatuuri Bluetooth ja USB-C \u00fchenduse v\u00f5imalused\"\/><\/p>\n<h3>Madal profiil ja kerge disain \u2013 alati kaasas<\/h3>\n<p>Gateroni madala profiiliga Brown l\u00fclitid muudavad klaviatuuri 31% \u00f5hemaks v\u00f5rreldes tavap\u00e4raste mehaaniliste klaviatuuridega. Tugev alumiiniumist raam tagab vastupidavuse, samal ajal kui 525-grammine kaal teeb seadme mugavalt kaasaskantavaks.<\/p>\n<p><img decoding=\"async\" src=\"https:\/\/blankpage.ee\/_ruumist-ruumi\/wp-content\/uploads\/2025\/04\/4-838.webp\" alt=\"\u00d5huke ja kompaktne mehaaniline klaviatuur\"\/><\/p>\n<h3>Kohandatav vastavalt sinu vajadustele<\/h3>\n<p>K3 Pro toetab QMK tarkvara ja Keychron Launcheri veebi\u00e4ppi, mis v\u00f5imaldavad seadistada igale klahvile isiklikud funktsioonid, kasutada makrosid ning luua otseteid \u2013 sobib ideaalselt ka programmeerimiseks.<\/p>\n<p><img decoding=\"async\" src=\"https:\/\/blankpage.ee\/_ruumist-ruumi\/wp-content\/uploads\/2025\/04\/5-743.webp\" alt=\"Klaviatuuri personaalsed seadistamise v\u00f5imalused\"\/><\/p>\n<h3>Lai \u00fchilduvus ja madala profiiliga mehaanilised l\u00fclitid<\/h3>\n<p>Komplekti kuuluvad nii Maci kui Windowsi klahvikatted, nii et klaviatuur \u00fchildub erinevate ops\u00fcsteemidega. Pehmed ja vaiksed madalat profiili Gateron Brown l\u00fclitid tagavad meeldiva klahvivajutuse.<\/p>\n<p><img decoding=\"async\" src=\"https:\/\/blankpage.ee\/_ruumist-ruumi\/wp-content\/uploads\/2025\/04\/3-910.webp\" alt=\"Kahe ops\u00fcsteemi klahvikatted ja madala profiiliga Brown l\u00fclitid\"\/><\/p>\n<h3>Valge taustvalgustus ja ergonoomika<\/h3>\n<p>K3 Pro-l on 14 erinevat valget valgusefekti, mis muudavad klaviatuuri kasutamise mugavaks ja visuaalselt nauditavaks ka pimedas. Kolmeastmeline kallutus v\u00f5imaldab leida endale sobivaima kasutusnurga (valikus 2,5\u00ba, 4,2\u00ba ja 6,5\u00ba).<\/p>\n<p><img decoding=\"async\" src=\"https:\/\/blankpage.ee\/_ruumist-ruumi\/wp-content\/uploads\/2025\/04\/7-577.webp\" alt=\"Klaviatuuri valge taustvalgustus erinevate efektidega\"\/><\/p>\n<h3>Tehnilised andmed<\/h3>\n<table>\n<tr>\n<th>Mudel<\/th>\n<td>K3 Pro<\/td>\n<\/tr>\n<tr>\n<th>Klahvide arv<\/th>\n<td>84 (75%)<\/td>\n<\/tr>\n<tr>\n<th>L\u00fclitid<\/th>\n<td>Gateron Brown madal profiil<\/td>\n<\/tr>\n<tr>\n<th>Korpuse materjal<\/th>\n<td>ABS + alumiinium<\/td>\n<\/tr>\n<tr>\n<th>Klahvikatted<\/th>\n<td>Topeltvalatud PBT<\/td>\n<\/tr>\n<tr>\n<th>\u00dchendus<\/th>\n<td>Bluetooth 5.1 \/ USB-C<\/td>\n<\/tr>\n<tr>\n<th>Taustvalgustus<\/th>\n<td>14 valget valgusefekti<\/td>\n<\/tr>\n<tr>\n<th>\u00dchilduvus<\/th>\n<td>macOS \/ Windows \/ Linux<\/td>\n<\/tr>\n<tr>\n<th>Akumaht<\/th>\n<td>1550 mAh, kuni 100 tundi BT-s (ilma valgustuseta)<\/td>\n<\/tr>\n<tr>\n<th>Protsessor<\/th>\n<td>ARM Cortex-M4 STM32L432<\/td>\n<\/tr>\n<tr>\n<th>M\u00f5\u00f5dud<\/th>\n<td>306 \u00d7 116 mm<\/td>\n<\/tr>\n<tr>\n<th>Kaal<\/th>\n<td>525 g<\/td>\n<\/tr>\n<\/table>\n<h3>Komplektis<\/h3>\n<ul>\n<li>Keychron K3 Pro madala profiiliga mehaaniline klaviatuur<\/li>\n<li>USB-A \u2013 USB-C kaabel<\/li>\n<li>Klahvikorkide eemaldaja<\/li>\n<\/ul>\n","protected":false},"excerpt":{"rendered":"<p>Keychron madala profiiliga mehaaniline klaviatuur K3 Pro \u2013 ideaalne m\u00e4ngimiseks ja t\u00f6\u00f6ks Keychron K3 Pro Brown Switch on musta v\u00e4rvi 75% (84-klahviline) mehaaniline klaviatuur, mis sobib nii n\u00f5udlikule m\u00e4ngijale kui ka igap\u00e4evaseks t\u00f6\u00f6ks. Selle madala profiiliga disain ja Gateron Brown l\u00fclitid muudavad klaviatuuri \u00f5hukeseks ja mugavaks, tagades suurep\u00e4rase kirjutamiskogemuse ka pikemateks t\u00f6\u00f6- ja m\u00e4ngu\u00f5htuteks. Keychron [&hellip;]<\/p>\n","protected":false},"featured_media":181327,"comment_status":"open","ping_status":"open","template":"","meta":[],"product_brand":[3192],"product_cat":[3139],"product_tag":[],"class_list":{"0":"post-181320","1":"product","2":"type-product","3":"status-publish","4":"has-post-thumbnail","6":"product_brand-keychron","7":"product_cat-juhtmevabad-klaviatuurid","8":"product_shipping_class-innpro","10":"first","11":"instock","12":"sale","13":"taxable","14":"shipping-taxable","15":"purchasable","16":"product-type-simple"},"_links":{"self":[{"href":"https:\/\/blankpage.ee\/_ruumist-ruumi\/wp-json\/wp\/v2\/product\/181320","targetHints":{"allow":["GET"]}}],"collection":[{"href":"https:\/\/blankpage.ee\/_ruumist-ruumi\/wp-json\/wp\/v2\/product"}],"about":[{"href":"https:\/\/blankpage.ee\/_ruumist-ruumi\/wp-json\/wp\/v2\/types\/product"}],"replies":[{"embeddable":true,"href":"https:\/\/blankpage.ee\/_ruumist-ruumi\/wp-json\/wp\/v2\/comments?post=181320"}],"wp:featuredmedia":[{"embeddable":true,"href":"https:\/\/blankpage.ee\/_ruumist-ruumi\/wp-json\/wp\/v2\/media\/181327"}],"wp:attachment":[{"href":"https:\/\/blankpage.ee\/_ruumist-ruumi\/wp-json\/wp\/v2\/media?parent=181320"}],"wp:term":[{"taxonomy":"product_brand","embeddable":true,"href":"https:\/\/blankpage.ee\/_ruumist-ruumi\/wp-json\/wp\/v2\/product_brand?post=181320"},{"taxonomy":"product_cat","embeddable":true,"href":"https:\/\/blankpage.ee\/_ruumist-ruumi\/wp-json\/wp\/v2\/product_cat?post=181320"},{"taxonomy":"product_tag","embeddable":true,"href":"https:\/\/blankpage.ee\/_ruumist-ruumi\/wp-json\/wp\/v2\/product_tag?post=181320"}],"curies":[{"name":"wp","href":"https:\/\/api.w.org\/{rel}","templated":true}]}}