{"id":181357,"date":"2025-04-23T01:10:03","date_gmt":"2025-04-23T01:10:03","guid":{"rendered":"https:\/\/ruumistruumi.ee\/pood\/keychron-q1-he-juhtmevaba-75-mehaaniline-rgb-klaviatuur-hall-anduriga-magnetlulitid-must\/"},"modified":"2025-08-07T18:23:32","modified_gmt":"2025-08-07T18:23:32","slug":"keychron-q1-he-juhtmevaba-75-mehaaniline-rgb-klaviatuur-hall-anduriga-magnetlulitid-must","status":"publish","type":"product","link":"https:\/\/blankpage.ee\/_ruumist-ruumi\/pood\/keychron-q1-he-juhtmevaba-75-mehaaniline-rgb-klaviatuur-hall-anduriga-magnetlulitid-must\/","title":{"rendered":"Keychron Q1 HE juhtmevaba 75% mehaaniline RGB klaviatuur, Hall-anduriga magnetl\u00fclitid, must"},"content":{"rendered":"<h3>Mehaaniline juhtmevaba klaviatuur Keychron Q1 HE RGB \u2013 ideaalne valik m\u00e4nguritele<\/h3>\n<p>Keychron Q1 HE mehaaniline juhtmevaba klaviatuur on 75% formaadis klaviatuur, mis on loodud just n\u00f5udlikule m\u00e4ngijale. Klaviatuuri s\u00fcdameks on Gateroni topeltjuhikutega magnetl\u00fclitid koos Hall-anduriga, mis tagavad \u00fclikiire reageerimise ja sujuva ning t\u00e4pse klahvik\u00e4igu. Aktiveerimispunktid on seadistatavad vahemikus 0,2 mm kuni 3,8 mm ning igale klahvile saab m\u00e4\u00e4rata kuni neli erinevat toimingut \u2013 see on suurep\u00e4rane lahendus d\u00fcnaamilistes m\u00e4ngude situatsioonides.<\/p>\n<p><img decoding=\"async\" alt=\"mehaaniline juhtmevaba klaviatuur Keychron Q1 HE musta korpusega, pealtvaade\" src=\"https:\/\/blankpage.ee\/_ruumist-ruumi\/wp-content\/uploads\/2025\/04\/9-261.webp\"\/><\/p>\n<h3>T\u00e4iustatud seadistused ja isikup\u00e4rastatud kasutuskogemus<\/h3>\n<p>Mehaaniline juhtmevaba klaviatuur v\u00f5imaldab t\u00e4ielikku kohandamist Keychron Launcheri rakenduses ja QMK avatud l\u00e4htekoodiga tarkvara kaudu. Saad seadistada makrosid, muuta klahvide asukohti ja reguleerida k\u00e4ivituspunkti vastavalt enda vajadustele. Hotswap-tugi lubab kiirelt l\u00fclitid vahetada (\u00fchilduvad vaid Keychroni Gateron magnetl\u00fclititega), ilma et peaks midagi jootma.<\/p>\n<p><img decoding=\"async\" alt=\"Keychron Q1 HE magnetl\u00fcliti l\u00e4hiplaan ja Hall-anduri tehnoloogia\" src=\"https:\/\/blankpage.ee\/_ruumist-ruumi\/wp-content\/uploads\/2025\/04\/8-359.webp\"\/><\/p>\n<h3>Tipptasemel \u00fchendusv\u00f5imalused igaks olukorraks<\/h3>\n<p>Klaviatuur pakub mitmek\u00fclgseid \u00fchenduslahendusi: kiire 2,4 GHz juhtmevaba \u00fchendus (1000 Hz pollingu kiirus sujuvaks m\u00e4ngimiseks), Bluetooth 5.1 (kuni kolme seadmega) ja USB-C kaabel stabiilseks juhtmega kasutamiseks. 4000 mAh Li-po aku tagab t\u00f6\u00f6aja kuni 100 tundi \u00fche laadimisega (ilma taustavalguseta).<\/p>\n<p><img decoding=\"async\" alt=\"juhtmevaba mehaanilise klaviatuuri \u00fchendusv\u00f5imalused tagapaneelil\" src=\"https:\/\/blankpage.ee\/_ruumist-ruumi\/wp-content\/uploads\/2025\/04\/6-664.webp\"\/><\/p>\n<h3>Kvaliteetne korpus ja detailid m\u00e4nguklassi kasutuseks<\/h3>\n<p>Korpuse valmistamiseks on kasutatud vastupidavat 6063 alumiiniumisulamit ning topelt-tihendite ja silikoonpatjadega konstruktsioon tagab madala resonantsi ning vaikse t\u00f6\u00f6. Kasutuses on OSA-profiiiliga Double-shot PBT klahvikatted, mis on kulumis- ja pleekimiskindlad, ning s\u00e4rav RGB LED-taustavalgustus v\u00f5imaldab personaalse v\u00e4limuse loomist. Kruvitavad stabilisaatorid muudavad suuremad klahvid stabiilseks ning takistavad loksumist.<\/p>\n<p><img decoding=\"async\" alt=\"RGB-taustavalgustusega m\u00e4nguklaviatuur kasutusel tumedal laual\" src=\"https:\/\/blankpage.ee\/_ruumist-ruumi\/wp-content\/uploads\/2025\/04\/4-842.webp\"\/><\/p>\n<h3>Komplekti kuulub<\/h3>\n<ul>\n<li>Keychron Q1 HE mehaaniline juhtmevaba klaviatuur koos klahvi- ja l\u00fclitikomplektiga<\/li>\n<li>USB-C \u2192 USB-C kaabel<\/li>\n<li>USB-A \u2192 USB-C adapter<\/li>\n<li>2,4 GHz USB-A vastuv\u00f5tja<\/li>\n<li>Klahviv\u00e4ljav\u00f5tja ja l\u00fclitiv\u00e4ljav\u00f5tja<\/li>\n<li>Kruvikeeraja ja kuuskantv\u00f5ti<\/li>\n<\/ul>\n<table>\n<tr>\n<th>Tootja<\/th>\n<td>Keychron<\/td>\n<\/tr>\n<tr>\n<th>Mudel<\/th>\n<td>Q1 HE<\/td>\n<\/tr>\n<tr>\n<th>V\u00e4rv<\/th>\n<td>Must<\/td>\n<\/tr>\n<tr>\n<th>Korpuse materjal<\/th>\n<td>6063 alumiinium<\/td>\n<\/tr>\n<tr>\n<th>Plaadi materjal<\/th>\n<td>Alumiinium<\/td>\n<\/tr>\n<tr>\n<th>Pollingu kiirus<\/th>\n<td>1000 Hz (2,4 GHz\/juhtmega), 90 Hz (Bluetooth)<\/td>\n<\/tr>\n<tr>\n<th>NKRO<\/th>\n<td>Jah<\/td>\n<\/tr>\n<tr>\n<th>Reguleeritav aktiveerimispunkt<\/th>\n<td>0,2\u20133,8 mm<\/td>\n<\/tr>\n<tr>\n<th>Maksimaalne toimingute arv klahvi kohta<\/th>\n<td>4<\/td>\n<\/tr>\n<tr>\n<th>Klahvikatted<\/th>\n<td>OSA Double-shot PBT<\/td>\n<\/tr>\n<tr>\n<th>L\u00fclitid<\/th>\n<td>Gateron topeltjuhikutega magnetl\u00fclitid Hall-anduriga<\/td>\n<\/tr>\n<tr>\n<th>Hot-swap tugi<\/th>\n<td>Jah (ainult Keychroni Gateron magnetl\u00fclititele)<\/td>\n<\/tr>\n<tr>\n<th>Akumaht<\/th>\n<td>4000 mAh<\/td>\n<\/tr>\n<\/table>\n","protected":false},"excerpt":{"rendered":"<p>Mehaaniline juhtmevaba klaviatuur Keychron Q1 HE RGB \u2013 ideaalne valik m\u00e4nguritele Keychron Q1 HE mehaaniline juhtmevaba klaviatuur on 75% formaadis klaviatuur, mis on loodud just n\u00f5udlikule m\u00e4ngijale. Klaviatuuri s\u00fcdameks on Gateroni topeltjuhikutega magnetl\u00fclitid koos Hall-anduriga, mis tagavad \u00fclikiire reageerimise ja sujuva ning t\u00e4pse klahvik\u00e4igu. Aktiveerimispunktid on seadistatavad vahemikus 0,2 mm kuni 3,8 mm ning igale [&hellip;]<\/p>\n","protected":false},"featured_media":181362,"comment_status":"open","ping_status":"open","template":"","meta":[],"product_brand":[3192],"product_cat":[3139],"product_tag":[],"class_list":{"0":"post-181357","1":"product","2":"type-product","3":"status-publish","4":"has-post-thumbnail","6":"product_brand-keychron","7":"product_cat-juhtmevabad-klaviatuurid","8":"product_shipping_class-innpro","10":"first","11":"outofstock","12":"sale","13":"taxable","14":"shipping-taxable","15":"purchasable","16":"product-type-simple"},"_links":{"self":[{"href":"https:\/\/blankpage.ee\/_ruumist-ruumi\/wp-json\/wp\/v2\/product\/181357","targetHints":{"allow":["GET"]}}],"collection":[{"href":"https:\/\/blankpage.ee\/_ruumist-ruumi\/wp-json\/wp\/v2\/product"}],"about":[{"href":"https:\/\/blankpage.ee\/_ruumist-ruumi\/wp-json\/wp\/v2\/types\/product"}],"replies":[{"embeddable":true,"href":"https:\/\/blankpage.ee\/_ruumist-ruumi\/wp-json\/wp\/v2\/comments?post=181357"}],"wp:featuredmedia":[{"embeddable":true,"href":"https:\/\/blankpage.ee\/_ruumist-ruumi\/wp-json\/wp\/v2\/media\/181362"}],"wp:attachment":[{"href":"https:\/\/blankpage.ee\/_ruumist-ruumi\/wp-json\/wp\/v2\/media?parent=181357"}],"wp:term":[{"taxonomy":"product_brand","embeddable":true,"href":"https:\/\/blankpage.ee\/_ruumist-ruumi\/wp-json\/wp\/v2\/product_brand?post=181357"},{"taxonomy":"product_cat","embeddable":true,"href":"https:\/\/blankpage.ee\/_ruumist-ruumi\/wp-json\/wp\/v2\/product_cat?post=181357"},{"taxonomy":"product_tag","embeddable":true,"href":"https:\/\/blankpage.ee\/_ruumist-ruumi\/wp-json\/wp\/v2\/product_tag?post=181357"}],"curies":[{"name":"wp","href":"https:\/\/api.w.org\/{rel}","templated":true}]}}