{"id":181373,"date":"2025-01-02T00:00:00","date_gmt":"2025-01-02T00:00:00","guid":{"rendered":"https:\/\/ruumistruumi.ee\/pood\/valiruloo-120-x-250-cm-antratsiithall\/"},"modified":"2025-08-21T02:14:39","modified_gmt":"2025-08-21T02:14:39","slug":"valiruloo-120-x-250-cm-antratsiithall","status":"publish","type":"product","link":"https:\/\/blankpage.ee\/_ruumist-ruumi\/pood\/valiruloo-120-x-250-cm-antratsiithall\/","title":{"rendered":"V\u00e4liruloo 120 x 250 cm, antratsiithall"},"content":{"rendered":"<p>Otsite v\u00e4lirulood oma r\u00f5dule, aeda, terrassile v\u00f5i verandale? See k\u00e4siv\u00e4ndaga kokkukeritav v\u00e4liruloo on teile optimaalne valik! PA-kattega hingavast pol\u00fcesterkangast valmistatud vertikaalne ruloo v\u00f5imaldab head \u00f5huringlust ja blokeerib enamiku kahjulikke p\u00e4ikesekiiri. See pakub p\u00e4evasel ajal terrassil, aias v\u00f5i mujal \u00f5uealal privaatsust. Alumiiniumist esik\u00fcljel olev varras ja teraskassett v\u00e4ldivad l\u00f5tvumist ja paindumist. T\u00e4nu k\u00e4siv\u00e4ndaga mehhanismile saate rulood h\u00f5lpsasti avada ja kokku kerida. V\u00e4lirulood on lihtne kokku panna.<\/p>\n<ul>\n<li>V\u00e4rvus: antratsiithall<\/li>\n<li>Materjal: PA-kattega kangas (100% pol\u00fcester), alumiinium, teras<\/li>\n<li>Suurus: 120 x 250 cm (L x K)<\/li>\n<li>K\u00e4siv\u00e4nda pikkus: 1,21 m<\/li>\n<li>UV ja kuumuse t\u00f5kestamine<\/li>\n<li>K\u00e4siv\u00e4ndamehhanism<\/li>\n<li>Vajalik kokkupanek: jah<\/li>\n<\/ul>\n","protected":false},"excerpt":{"rendered":"<p>Otsite v\u00e4lirulood oma r\u00f5dule, aeda, terrassile v\u00f5i verandale? See k\u00e4siv\u00e4ndaga kokkukeritav v\u00e4liruloo on teile optimaalne valik! PA-kattega hingavast pol\u00fcesterkangast valmistatud vertikaalne ruloo v\u00f5imaldab head \u00f5huringlust ja blokeerib enamiku kahjulikke p\u00e4ikesekiiri. See pakub p\u00e4evasel ajal terrassil, aias v\u00f5i mujal \u00f5uealal privaatsust. Alumiiniumist esik\u00fcljel olev varras ja teraskassett v\u00e4ldivad l\u00f5tvumist ja paindumist. T\u00e4nu k\u00e4siv\u00e4ndaga mehhanismile saate rulood [&hellip;]<\/p>\n","protected":false},"featured_media":181374,"comment_status":"open","ping_status":"open","template":"","meta":[],"product_brand":[],"product_cat":[851],"product_tag":[],"class_list":{"0":"post-181373","1":"product","2":"type-product","3":"status-publish","4":"has-post-thumbnail","6":"product_cat-rulood","7":"product_shipping_class-vidaxl","8":"pa_varv-antratsiithall","10":"first","11":"outofstock","12":"taxable","13":"shipping-taxable","14":"purchasable","15":"product-type-simple"},"_links":{"self":[{"href":"https:\/\/blankpage.ee\/_ruumist-ruumi\/wp-json\/wp\/v2\/product\/181373","targetHints":{"allow":["GET"]}}],"collection":[{"href":"https:\/\/blankpage.ee\/_ruumist-ruumi\/wp-json\/wp\/v2\/product"}],"about":[{"href":"https:\/\/blankpage.ee\/_ruumist-ruumi\/wp-json\/wp\/v2\/types\/product"}],"replies":[{"embeddable":true,"href":"https:\/\/blankpage.ee\/_ruumist-ruumi\/wp-json\/wp\/v2\/comments?post=181373"}],"wp:featuredmedia":[{"embeddable":true,"href":"https:\/\/blankpage.ee\/_ruumist-ruumi\/wp-json\/wp\/v2\/media\/181374"}],"wp:attachment":[{"href":"https:\/\/blankpage.ee\/_ruumist-ruumi\/wp-json\/wp\/v2\/media?parent=181373"}],"wp:term":[{"taxonomy":"product_brand","embeddable":true,"href":"https:\/\/blankpage.ee\/_ruumist-ruumi\/wp-json\/wp\/v2\/product_brand?post=181373"},{"taxonomy":"product_cat","embeddable":true,"href":"https:\/\/blankpage.ee\/_ruumist-ruumi\/wp-json\/wp\/v2\/product_cat?post=181373"},{"taxonomy":"product_tag","embeddable":true,"href":"https:\/\/blankpage.ee\/_ruumist-ruumi\/wp-json\/wp\/v2\/product_tag?post=181373"}],"curies":[{"name":"wp","href":"https:\/\/api.w.org\/{rel}","templated":true}]}}