{"id":184631,"date":"2025-04-23T16:21:56","date_gmt":"2025-04-23T16:21:56","guid":{"rendered":"https:\/\/ruumistruumi.ee\/pood\/xreal-air-2-kleebis-roheline-disainkleebis-air-2-air-2-pro-prillidele\/"},"modified":"2025-08-21T08:17:28","modified_gmt":"2025-08-21T08:17:28","slug":"xreal-air-2-kleebis-roheline-disainkleebis-air-2-air-2-pro-prillidele","status":"publish","type":"product","link":"https:\/\/blankpage.ee\/_ruumist-ruumi\/pood\/xreal-air-2-kleebis-roheline-disainkleebis-air-2-air-2-pro-prillidele\/","title":{"rendered":"XREAL Air 2 kleebis roheline \u2013 disainkleebis Air 2 \/ Air 2 Pro prillidele"},"content":{"rendered":"<h3>XREAL Air 2 kleebis \u2013 roheline disain<\/h3>\n<p>XREAL Air 2 kleebis lisab Sinu prillidele silmapaistva ilme. Spetsiaalselt Air 2 ja Air 2 Pro nutiprillidele loodud roheline disainkleebis muudab seadmete v\u00e4limust kiiresti ja isikup\u00e4raselt. Kleebis on t\u00e4pselt m\u00f5\u00f5tu l\u00f5igatud, paigaldub lihtsalt ja p\u00fcsib kindlalt ilma mullide v\u00f5i servade lahtitulemiseta.<\/p>\n<p>Stiilne roheline v\u00e4rv sobib h\u00e4sti nii igap\u00e4evaseks kandmiseks kui ka m\u00e4ngurielamustele. V\u00e4rske v\u00e4limuse k\u00f5rval aitab XREAL Air 2 kleebis varjata v\u00e4iksemaid kriimustusi ning muudab Sinu prillid h\u00f5lpsasti \u00e4ratuntavaks n\u00e4iteks \u00fcritustel ja m\u00e4ngijate kogunemistel. See on parim viis anda prillidele isikup\u00e4ra just siis, kui soovid eristuda teistest.<\/p>\n<table>\n<tbody>\n<tr>\n<th>Tootja<\/th>\n<td>XREAL<\/td>\n<\/tr>\n<tr>\n<th>V\u00e4rv<\/th>\n<td>Roheline (Verdigris)<\/td>\n<\/tr>\n<tr>\n<th>\u00dchilduvus<\/th>\n<td>Air 2, Air 2 Pro<\/td>\n<\/tr>\n<\/tbody>\n<\/table>\n<p>Too oma m\u00e4nguritehnikasse v\u00e4rskust ja lisa stiili \u00fcksikasjadega \u2013 vali XREAL Air 2 kleebis!<\/p>\n<p><img decoding=\"async\" src=\"https:\/\/blankpage.ee\/_ruumist-ruumi\/wp-content\/uploads\/2025\/04\/3-947.webp\" alt=\"XREAL Air 2 kleebis rohelise disainiga Air 2 Pro prilliraamil\" \/><\/p>\n","protected":false},"excerpt":{"rendered":"<p>XREAL Air 2 kleebis \u2013 roheline disain XREAL Air 2 kleebis lisab Sinu prillidele silmapaistva ilme. Spetsiaalselt Air 2 ja Air 2 Pro nutiprillidele loodud roheline disainkleebis muudab seadmete v\u00e4limust kiiresti ja isikup\u00e4raselt. Kleebis on t\u00e4pselt m\u00f5\u00f5tu l\u00f5igatud, paigaldub lihtsalt ja p\u00fcsib kindlalt ilma mullide v\u00f5i servade lahtitulemiseta. Stiilne roheline v\u00e4rv sobib h\u00e4sti nii igap\u00e4evaseks [&hellip;]<\/p>\n","protected":false},"featured_media":184633,"comment_status":"open","ping_status":"open","template":"","meta":[],"product_brand":[3184],"product_cat":[3185],"product_tag":[],"class_list":{"0":"post-184631","1":"product","2":"type-product","3":"status-publish","4":"has-post-thumbnail","6":"product_brand-xreal","7":"product_cat-ar-prillid","8":"product_shipping_class-innpro","10":"first","11":"instock","12":"sale","13":"taxable","14":"shipping-taxable","15":"purchasable","16":"product-type-simple"},"_links":{"self":[{"href":"https:\/\/blankpage.ee\/_ruumist-ruumi\/wp-json\/wp\/v2\/product\/184631","targetHints":{"allow":["GET"]}}],"collection":[{"href":"https:\/\/blankpage.ee\/_ruumist-ruumi\/wp-json\/wp\/v2\/product"}],"about":[{"href":"https:\/\/blankpage.ee\/_ruumist-ruumi\/wp-json\/wp\/v2\/types\/product"}],"replies":[{"embeddable":true,"href":"https:\/\/blankpage.ee\/_ruumist-ruumi\/wp-json\/wp\/v2\/comments?post=184631"}],"wp:featuredmedia":[{"embeddable":true,"href":"https:\/\/blankpage.ee\/_ruumist-ruumi\/wp-json\/wp\/v2\/media\/184633"}],"wp:attachment":[{"href":"https:\/\/blankpage.ee\/_ruumist-ruumi\/wp-json\/wp\/v2\/media?parent=184631"}],"wp:term":[{"taxonomy":"product_brand","embeddable":true,"href":"https:\/\/blankpage.ee\/_ruumist-ruumi\/wp-json\/wp\/v2\/product_brand?post=184631"},{"taxonomy":"product_cat","embeddable":true,"href":"https:\/\/blankpage.ee\/_ruumist-ruumi\/wp-json\/wp\/v2\/product_cat?post=184631"},{"taxonomy":"product_tag","embeddable":true,"href":"https:\/\/blankpage.ee\/_ruumist-ruumi\/wp-json\/wp\/v2\/product_tag?post=184631"}],"curies":[{"name":"wp","href":"https:\/\/api.w.org\/{rel}","templated":true}]}}