{"id":184742,"date":"2025-04-23T17:22:25","date_gmt":"2025-04-23T17:22:25","guid":{"rendered":"https:\/\/ruumistruumi.ee\/pood\/magnetlulititega-juhtmevaba-rgb-manguriklaviatuur-keychron-k2-he-84-klahvi-must\/"},"modified":"2025-08-07T18:23:24","modified_gmt":"2025-08-07T18:23:24","slug":"magnetlulititega-juhtmevaba-rgb-manguriklaviatuur-keychron-k2-he-84-klahvi-must","status":"publish","type":"product","link":"https:\/\/blankpage.ee\/_ruumist-ruumi\/pood\/magnetlulititega-juhtmevaba-rgb-manguriklaviatuur-keychron-k2-he-84-klahvi-must\/","title":{"rendered":"Magnetl\u00fclititega juhtmevaba RGB m\u00e4nguriklaviatuur Keychron K2 HE (84 klahvi, must)"},"content":{"rendered":"<h3>Magnetl\u00fclititega klaviatuur Keychron K2 HE \u2013 juhtmevaba m\u00e4nguriklaviatuur m\u00e4nguritele<\/h3>\n<p><img decoding=\"async\" alt=\"Must magnetl\u00fclititega klaviatuur Keychron K2 HE RGB\" src=\"https:\/\/blankpage.ee\/_ruumist-ruumi\/wp-content\/uploads\/2025\/04\/5-776.webp\"\/><\/p>\n<p>Keychron K2 HE RGB Nebula on tippklassi magnetl\u00fclititega klaviatuur, mis kasutab kaasaegseid Gateron Nebula l\u00fcliteid ja tagab enneolematu t\u00e4psuse ning kiire reageerimise. Minimalistliku musta disainiga klaviatuur on kompaktne 75% (84 klahvi), sobides suurep\u00e4raselt nii m\u00e4ngimiseks kui ka igap\u00e4evaseks t\u00f6\u00f6ks.<\/p>\n<h3>Magnetl\u00fclitid \u2013 klaviatuur t\u00e4pselt sinu eelistustele<\/h3>\n<p><img decoding=\"async\" alt=\"L\u00e4hivaade Gateron Nebula magnetl\u00fclitile Keychron K2 HE klaviatuuril\" src=\"https:\/\/blankpage.ee\/_ruumist-ruumi\/wp-content\/uploads\/2025\/04\/7-603.webp\"\/><\/p>\n<p>Keychron K2 HE magnetl\u00fclitid loevad iga klahvivajutuse s\u00fcgavust kuni 0,1 mm t\u00e4psusega, v\u00f5imaldades seadistada klahvi aktiveerumise vahemikus 0,2\u20133,8 mm. Saad ise valida, millal klahv reageerib \u2013 kiiremaks m\u00e4ngimiseks v\u00f5i p\u00f5hjalikumaks kirjutamiseks. T\u00e4nu sellele v\u00e4ldid juhuslikke vajutusi ja saavutad eelise nii m\u00e4ngudes kui tr\u00fckkimisel.<\/p>\n<h3>Kiirus ja t\u00e4psus \u2013 ideaalne m\u00e4ngimiseks<\/h3>\n<p><img decoding=\"async\" alt=\"Mehaanilised klahvid Keychron K2 HE klaviatuuril stabilisaatoritel\" src=\"https:\/\/blankpage.ee\/_ruumist-ruumi\/wp-content\/uploads\/2025\/04\/2-988.webp\"\/><\/p>\n<p>Eel\u00f5litatud Gateron Nebula l\u00fclitid ja Last-Key Priority (LKP) funktsioon tagavad, et alati loeb just viimati vajutatud klahv \u2013 eriti oluline mitmeklahviliste k\u00e4skude puhul. Snap Click funktsioon annab t\u00e4pse vastusliikumise m\u00e4ngudes, v\u00f5imaldades kiiret liikumise ja laskmise vahetust.<\/p>\n<h3>Dynamic Keystrokes \u2013 mitmek\u00fclgne juhtimine \u00fchel klahvil<\/h3>\n<p><img decoding=\"async\" alt=\"Dynamic Keystrokes funktsioon Keychron K2 HE klaviatuuril graafiliselt kuvatud\" src=\"https:\/\/blankpage.ee\/_ruumist-ruumi\/wp-content\/uploads\/2025\/04\/4-875.webp\"\/><\/p>\n<p>Dynamic Keystrokes (DKS) tehnoloogia v\u00f5imaldab igale klahvile m\u00e4\u00e4rata kuni neli erinevat tegevust s\u00f5ltuvalt vajutuse s\u00fcgavusest. N\u00e4iteks \u00f5rn vajutus paneb tegelase k\u00f5ndima, tugevam jookseb. Analoogre\u017eiimis toimib magnetl\u00fclititega klaviatuur nagu m\u00e4ngupult ning v\u00f5imaldab liikumist ja kiirust sujuvalt kontrollida \u2013 eriti kasulik v\u00f5idus\u00f5idu- ja spordim\u00e4ngudes.<\/p>\n<h3>K\u00f5rgtehnoloogiline \u00fchenduvus ja isikup\u00e4rastamine<\/h3>\n<p><img decoding=\"async\" alt=\"Keychron K2 HE \u00fchenduses mitme seadmega juhtmevabalt ja juhtmega\" src=\"https:\/\/blankpage.ee\/_ruumist-ruumi\/wp-content\/uploads\/2025\/04\/3-959.webp\"\/><\/p>\n<p>K2 HE-l on kolm \u00fchendusv\u00f5imalust: 2.4 GHz juhtmevaba (1000 Hz polling), Bluetooth 5.2 v\u00f5i USB-C juhtmega \u00fchendus. Saad \u00fchendada kuni kolme seadme ning kiirelt nende vahel vahetada. QMK &#038; VIA tugi lubavad peaaegu piiramatut personaliseerimist \u2013 Keychron Launcher \u00e4pis saad reguleerida iga klahvi funktsiooni, RGB valgustust, makrosid ja p\u00e4\u00e4stikupunkte.<\/p>\n<h3>Mugavus, heliisoleeriv konstruktsioon ja vastupidavus<\/h3>\n<p><img decoding=\"async\" alt=\"Keychron K2 HE klaviatuuri sees mitmekihiline heliisoleeriv vaht\" src=\"https:\/\/blankpage.ee\/_ruumist-ruumi\/wp-content\/uploads\/2025\/04\/1-1062.webp\"\/><\/p>\n<p>Klaviatuuri sisemuses asub mitmekihiline heliisoleeriv vaht (EVA, EPDM, silikoon ja PET), mis muudab kirjutamish\u00e4\u00e4le meeldivalt madalaks ja pehmeks. Alumiiniumist korpus ja tugevad stabilisaatorid tagavad stabiilsuse ka suurte klahvide puhul. Kulutuskindlad PBT-klahvikatted ja rohkem kui 22 erinevat RGB valgusefekti lisavad kasutusmugavust ning stiili. Magnetl\u00fclititega klaviatuur \u00fchildub nii Maci kui ka Windowsiga, komplektis on klahvikatted m\u00f5lema ops\u00fcsteemi jaoks.<\/p>\n<p><img decoding=\"async\" alt=\"Detailne Keychron K2 HE klaviatuuri RGB taustvalgustusega klahv\" src=\"https:\/\/blankpage.ee\/_ruumist-ruumi\/wp-content\/uploads\/2025\/04\/6-694.webp\"\/><\/p>\n<h3>Tehnilised andmed<\/h3>\n<table>\n<tbody>\n<tr>\n<th>Tootja<\/th>\n<td>Keychron<\/td>\n<\/tr>\n<tr>\n<th>Mudel<\/th>\n<td>K2 HE<\/td>\n<\/tr>\n<tr>\n<th>Klahve<\/th>\n<td>84<\/td>\n<\/tr>\n<tr>\n<th>\u00dchendused<\/th>\n<td>2.4 GHz \/ Bluetooth 5.2 \/ USB-C juhtmega<\/td>\n<\/tr>\n<tr>\n<th>Klahvikatted<\/th>\n<td>PBT, Cherry-profiil, kahekihilised<\/td>\n<\/tr>\n<tr>\n<th>L\u00fclitid<\/th>\n<td>Gateron Nebula magnetl\u00fclitid, hot-swap<\/td>\n<\/tr>\n<tr>\n<th>Raam<\/th>\n<td>Alumiinium<\/td>\n<\/tr>\n<tr>\n<th>Akumaht<\/th>\n<td>4000 mAh Li-Po<\/td>\n<\/tr>\n<tr>\n<th>Taustvalgustus<\/th>\n<td>RGB LED<\/td>\n<\/tr>\n<tr>\n<th>Kaal<\/th>\n<td>~980 g<\/td>\n<\/tr>\n<\/tbody>\n<\/table>\n<p>Komplektis: klaviatuur, PBT klahvikatted, magnetl\u00fclitid, USB-A\u2013USB-C kaabel, 2.4GHz vastuv\u00f5tja, eemaldust\u00f6\u00f6riistad, kruvikeeraja ja lisatarvikud.<\/p>\n","protected":false},"excerpt":{"rendered":"<p>Magnetl\u00fclititega klaviatuur Keychron K2 HE \u2013 juhtmevaba m\u00e4nguriklaviatuur m\u00e4nguritele Keychron K2 HE RGB Nebula on tippklassi magnetl\u00fclititega klaviatuur, mis kasutab kaasaegseid Gateron Nebula l\u00fcliteid ja tagab enneolematu t\u00e4psuse ning kiire reageerimise. Minimalistliku musta disainiga klaviatuur on kompaktne 75% (84 klahvi), sobides suurep\u00e4raselt nii m\u00e4ngimiseks kui ka igap\u00e4evaseks t\u00f6\u00f6ks. Magnetl\u00fclitid \u2013 klaviatuur t\u00e4pselt sinu eelistustele Keychron [&hellip;]<\/p>\n","protected":false},"featured_media":184750,"comment_status":"open","ping_status":"open","template":"","meta":[],"product_brand":[3192],"product_cat":[3139],"product_tag":[],"class_list":{"0":"post-184742","1":"product","2":"type-product","3":"status-publish","4":"has-post-thumbnail","6":"product_brand-keychron","7":"product_cat-juhtmevabad-klaviatuurid","8":"product_shipping_class-innpro","10":"first","11":"outofstock","12":"sale","13":"taxable","14":"shipping-taxable","15":"purchasable","16":"product-type-simple"},"_links":{"self":[{"href":"https:\/\/blankpage.ee\/_ruumist-ruumi\/wp-json\/wp\/v2\/product\/184742","targetHints":{"allow":["GET"]}}],"collection":[{"href":"https:\/\/blankpage.ee\/_ruumist-ruumi\/wp-json\/wp\/v2\/product"}],"about":[{"href":"https:\/\/blankpage.ee\/_ruumist-ruumi\/wp-json\/wp\/v2\/types\/product"}],"replies":[{"embeddable":true,"href":"https:\/\/blankpage.ee\/_ruumist-ruumi\/wp-json\/wp\/v2\/comments?post=184742"}],"wp:featuredmedia":[{"embeddable":true,"href":"https:\/\/blankpage.ee\/_ruumist-ruumi\/wp-json\/wp\/v2\/media\/184750"}],"wp:attachment":[{"href":"https:\/\/blankpage.ee\/_ruumist-ruumi\/wp-json\/wp\/v2\/media?parent=184742"}],"wp:term":[{"taxonomy":"product_brand","embeddable":true,"href":"https:\/\/blankpage.ee\/_ruumist-ruumi\/wp-json\/wp\/v2\/product_brand?post=184742"},{"taxonomy":"product_cat","embeddable":true,"href":"https:\/\/blankpage.ee\/_ruumist-ruumi\/wp-json\/wp\/v2\/product_cat?post=184742"},{"taxonomy":"product_tag","embeddable":true,"href":"https:\/\/blankpage.ee\/_ruumist-ruumi\/wp-json\/wp\/v2\/product_tag?post=184742"}],"curies":[{"name":"wp","href":"https:\/\/api.w.org\/{rel}","templated":true}]}}