{"id":19428,"date":"2024-12-05T11:59:25","date_gmt":"2024-12-05T11:59:25","guid":{"rendered":"https:\/\/ruumistruumi.ee\/pood\/seinakell-metall-70-cm-kuldne-2\/"},"modified":"2025-08-21T02:17:19","modified_gmt":"2025-08-21T02:17:19","slug":"seinakell-metall-70-cm-kuldne-2","status":"publish","type":"product","link":"https:\/\/blankpage.ee\/_ruumist-ruumi\/pood\/seinakell-metall-70-cm-kuldne-2\/","title":{"rendered":"Seinakell metall 70 cm kuldne"},"content":{"rendered":"<p>Muutke meie kaunis kuldne metallist seinakell oma ruumi keskpunktiks! S\u00e4rava p\u00e4ikesedisainiga seinakell on t\u00f5eliselt suursugune ja teie kodule suurep\u00e4rane t\u00e4iendus. Kella tugev konstruktsioon on metallist, mis muudab selle v\u00e4ga vastupidavaks. Kvartsist kellamehhanismiga kell on v\u00e4ga t\u00e4pne. T\u00e4nu s\u00e4ravale kuldsele numbrilauale ja selgetele numbritele saab kella isegi kaugelt selgelt lugeda. Selle saab h\u00f5lpsasti seina k\u00fclge riputada.<\/p>\n<ul>\n<li>V\u00e4rvus: kuldne<\/li>\n<li>Materjal: metall<\/li>\n<li>L\u00e4bim\u00f5\u00f5t: 70 cm<\/li>\n<li>Sobib 1 x AA patarei (ei kuulu komplekti)<\/li>\n<\/ul>\n","protected":false},"excerpt":{"rendered":"<p>Muutke meie kaunis kuldne metallist seinakell oma ruumi keskpunktiks! S\u00e4rava p\u00e4ikesedisainiga seinakell on t\u00f5eliselt suursugune ja teie kodule suurep\u00e4rane t\u00e4iendus. Kella tugev konstruktsioon on metallist, mis muudab selle v\u00e4ga vastupidavaks. Kvartsist kellamehhanismiga kell on v\u00e4ga t\u00e4pne. T\u00e4nu s\u00e4ravale kuldsele numbrilauale ja selgetele numbritele saab kella isegi kaugelt selgelt lugeda. Selle saab h\u00f5lpsasti seina k\u00fclge riputada. [&hellip;]<\/p>\n","protected":false},"featured_media":19429,"comment_status":"open","ping_status":"open","template":"","meta":[],"product_brand":[],"product_cat":[838],"product_tag":[],"class_list":{"0":"post-19428","1":"product","2":"type-product","3":"status-publish","4":"has-post-thumbnail","6":"product_cat-seinakellad","7":"product_shipping_class-vidaxl","8":"pa_varv-kuldne","10":"first","11":"outofstock","12":"taxable","13":"shipping-taxable","14":"purchasable","15":"product-type-simple"},"_links":{"self":[{"href":"https:\/\/blankpage.ee\/_ruumist-ruumi\/wp-json\/wp\/v2\/product\/19428","targetHints":{"allow":["GET"]}}],"collection":[{"href":"https:\/\/blankpage.ee\/_ruumist-ruumi\/wp-json\/wp\/v2\/product"}],"about":[{"href":"https:\/\/blankpage.ee\/_ruumist-ruumi\/wp-json\/wp\/v2\/types\/product"}],"replies":[{"embeddable":true,"href":"https:\/\/blankpage.ee\/_ruumist-ruumi\/wp-json\/wp\/v2\/comments?post=19428"}],"wp:featuredmedia":[{"embeddable":true,"href":"https:\/\/blankpage.ee\/_ruumist-ruumi\/wp-json\/wp\/v2\/media\/19429"}],"wp:attachment":[{"href":"https:\/\/blankpage.ee\/_ruumist-ruumi\/wp-json\/wp\/v2\/media?parent=19428"}],"wp:term":[{"taxonomy":"product_brand","embeddable":true,"href":"https:\/\/blankpage.ee\/_ruumist-ruumi\/wp-json\/wp\/v2\/product_brand?post=19428"},{"taxonomy":"product_cat","embeddable":true,"href":"https:\/\/blankpage.ee\/_ruumist-ruumi\/wp-json\/wp\/v2\/product_cat?post=19428"},{"taxonomy":"product_tag","embeddable":true,"href":"https:\/\/blankpage.ee\/_ruumist-ruumi\/wp-json\/wp\/v2\/product_tag?post=19428"}],"curies":[{"name":"wp","href":"https:\/\/api.w.org\/{rel}","templated":true}]}}