{"id":203288,"date":"2025-05-13T21:27:13","date_gmt":"2025-05-13T21:27:13","guid":{"rendered":"https:\/\/ruumistruumi.ee\/pood\/parma-ummargune-aiamooblikomplekt-valge-alumiiniumraam-hall-puitplastkomposiit-reguleeritavad-toolid-gr21709\/"},"modified":"2025-08-14T10:44:35","modified_gmt":"2025-08-14T10:44:35","slug":"parma-ummargune-aiamooblikomplekt-valge-alumiiniumraam-hall-puitplastkomposiit-reguleeritavad-toolid-gr21709","status":"publish","type":"product","link":"https:\/\/blankpage.ee\/_ruumist-ruumi\/pood\/parma-ummargune-aiamooblikomplekt-valge-alumiiniumraam-hall-puitplastkomposiit-reguleeritavad-toolid-gr21709\/","title":{"rendered":"Parma \u00fcmmargune aiam\u00f6\u00f6blikomplekt \u2013 valge alumiiniumraam, hall puitplastkomposiit, reguleeritavad toolid, GR21709"},"content":{"rendered":"<h3>Stiilne \u00fcmar aiam\u00f6\u00f6bli komplekt Parma \u2013 looge hubane ja sotsiaalne \u00f5ueala<\/h3>\n<p>Parma \u00fcmar aiam\u00f6\u00f6blikomplekt on ideaalne valik, kui soovite oma terrassil v\u00f5i aias pakkuda s\u00f5pradele ja perele mugavat ning avarat istumiskohta. Komplekt koosneb elegantsest \u00fcmmargusest lauast ning neljast Albany sarja reguleeritava seljatoega kokkupandavast toolist, mis muudavad vaba aja veetmise r\u00f5\u00f5msaks ja eriti mugavaks. See \u00fcmar aiam\u00f6\u00f6bli komplekt sobib suurep\u00e4raselt p\u00f5hjamaise stiiliga \u00f5uealale, pakkudes nii praktilisust kui ka kaunist v\u00e4limust.<\/p>\n<ul>\n<li><strong>Komplekti kuulub:<\/strong> \u00fcmar laud (\u2300140 cm) ning neli reguleeritava seljatoega kokkupandavat tooli<\/li>\n<li><strong>Lauaplaat:<\/strong> hall puitplastkomposiit (WPC) \u2013 vastupidav ilmastikule, UV-kiirgusele ja kergesti hooldatav; tugev valge alumiiniumraam<\/li>\n<li><strong>Toolid:<\/strong> tugevad valge alumiiniumraamiga, istumis- ja seljatugi vastupidavast ning teisaldatavast hallist textilene-kangast \u2013 ilmastikukindel, kiiresti kuivav ja lihtsasti puhastatav<\/li>\n<li><strong>Tooli seljatugi:<\/strong> mitmeastmeliselt reguleeritav, tagades parima v\u00f5imaliku istumismugavuse<\/li>\n<li><strong>Kaalupiirang:<\/strong> iga tooli maksimaalne kandev\u00f5ime kuni 110 kg<\/li>\n<li><strong>Laua m\u00f5\u00f5dud:<\/strong> l\u00e4bim\u00f5\u00f5t 140 cm, k\u00f5rgus 73 cm, lauaplaadi paksus 3 cm<\/li>\n<li><strong>Tooli m\u00f5\u00f5dud:<\/strong> k\u00f5rgus 109,5 cm, laius 59 cm, s\u00fcgavus 67 cm<\/li>\n<li><strong>Konstruktsioon:<\/strong> kerge ja vastupidav \u2013 mugav \u00fcmber paigutada ning suurep\u00e4raselt sobiv p\u00f5hjamaise disainiga aeda v\u00f5i terrassile<\/li>\n<li><strong>Kokkuvolitavad toolid:<\/strong> hoiustamine ja transport on mugav ning s\u00e4\u00e4stab ruumi<\/li>\n<\/ul>\n<h3>Disain ja vastupidavus \u2013 ideaalne \u00fcmar aiam\u00f6\u00f6bli komplekt \u00f5uealale<\/h3>\n<p>Parma \u00fcmara lauaga aiam\u00f6\u00f6bli komplekt aitab luua toreda atmosf\u00e4\u00e4ri ja mahutab mugavalt kuni neli inimest. Hallist puitplastkomposiidist lauaplaat on suurep\u00e4raselt niiskus- ja UV-kindel, j\u00e4\u00e4des aastaid kauniks. Vastupidav alumiiniumraam toob kaasa kerge kaalu ja roostekindluse, v\u00f5imaldades komplekti kasutada pikka aega ilma muredeta.<\/p>\n<h3>Praktilised hooldussoovitused \u00fcmarale aiam\u00f6\u00f6bli komplektile<\/h3>\n<ul>\n<li>V\u00e4ldi komplekti paigutamist kinnisesse klaasruumi v\u00f5i kasvuhoonesse, kus temperatuur v\u00f5ib t\u00f5usta 60\u201370 \u00b0C-ni \u2013 see v\u00f5ib materjale kahjustada.<\/li>\n<li>\u00c4ra j\u00e4ta klaasesemeid lauale, kuna p\u00e4ikesevalgus v\u00f5ib l\u00e4bi klaasi p\u00f5hjustada p\u00f5letusi.<\/li>\n<li>Puhasta m\u00f6\u00f6blit regulaarselt niiske lapi ja \u00f5rna seebiveega, vajadusel kasuta pehmet puhastusvahendit.<\/li>\n<li>Eemalda plekkide tekkimisel vedelik viivitamatult.<\/li>\n<li>M\u00f6\u00f6blit v\u00f5iks katta spetsiaalse kaitsekattega, kui see ei ole kasutuses, et v\u00e4ltida mustust ja pleekimist.<\/li>\n<li>Talvel hoiusta komplekt jahedas ja kuivas ruumis.<\/li>\n<\/ul>\n<p>Parma \u00fcmar aiam\u00f6\u00f6bli komplekt \u00fchendab p\u00f5hjamaise disaini, mugavuse ja lihtsalt hooldatavad materjalid, pakkudes suurep\u00e4rast lahendust igasse aeda v\u00f5i terrassile.<\/p>\n","protected":false},"excerpt":{"rendered":"<p>Stiilne \u00fcmar aiam\u00f6\u00f6bli komplekt Parma \u2013 looge hubane ja sotsiaalne \u00f5ueala Parma \u00fcmar aiam\u00f6\u00f6blikomplekt on ideaalne valik, kui soovite oma terrassil v\u00f5i aias pakkuda s\u00f5pradele ja perele mugavat ning avarat istumiskohta. Komplekt koosneb elegantsest \u00fcmmargusest lauast ning neljast Albany sarja reguleeritava seljatoega kokkupandavast toolist, mis muudavad vaba aja veetmise r\u00f5\u00f5msaks ja eriti mugavaks. See \u00fcmar [&hellip;]<\/p>\n","protected":false},"featured_media":203281,"comment_status":"open","ping_status":"closed","template":"","meta":[],"product_brand":[1818],"product_cat":[1781],"product_tag":[],"class_list":{"0":"post-203288","1":"product","2":"type-product","3":"status-publish","4":"has-post-thumbnail","6":"product_brand-venture-design","7":"product_cat-aia-soogilaua-komplektid","8":"product_shipping_class-venture-design","9":"pa_kollektsioon-albany","10":"pa_kollektsioon-parma","11":"pa_laua-diameeter-3272","12":"pa_laua-korgus-4251","13":"pa_laua-materjal-alumiinium","14":"pa_laua-materjal-puitplastkomposiit","15":"pa_laua-tasapinna-materjal-puitplastkomposiit","16":"pa_laua-tasapinna-varvus-hall","17":"pa_laua-varv-hall","18":"pa_laua-varv-valge","19":"pa_mootmed-laud-140-tool-67x1095x59","20":"pa_tooli-materjal-alumiinium","21":"pa_tooli-materjal-puitplastkomposiit","22":"pa_tooli-materjal-textilene","23":"pa_tooli-varv-hall","24":"pa_tooli-varv-valge","26":"first","27":"instock","28":"sale","29":"taxable","30":"shipping-taxable","31":"purchasable","32":"product-type-simple"},"_links":{"self":[{"href":"https:\/\/blankpage.ee\/_ruumist-ruumi\/wp-json\/wp\/v2\/product\/203288","targetHints":{"allow":["GET"]}}],"collection":[{"href":"https:\/\/blankpage.ee\/_ruumist-ruumi\/wp-json\/wp\/v2\/product"}],"about":[{"href":"https:\/\/blankpage.ee\/_ruumist-ruumi\/wp-json\/wp\/v2\/types\/product"}],"replies":[{"embeddable":true,"href":"https:\/\/blankpage.ee\/_ruumist-ruumi\/wp-json\/wp\/v2\/comments?post=203288"}],"wp:featuredmedia":[{"embeddable":true,"href":"https:\/\/blankpage.ee\/_ruumist-ruumi\/wp-json\/wp\/v2\/media\/203281"}],"wp:attachment":[{"href":"https:\/\/blankpage.ee\/_ruumist-ruumi\/wp-json\/wp\/v2\/media?parent=203288"}],"wp:term":[{"taxonomy":"product_brand","embeddable":true,"href":"https:\/\/blankpage.ee\/_ruumist-ruumi\/wp-json\/wp\/v2\/product_brand?post=203288"},{"taxonomy":"product_cat","embeddable":true,"href":"https:\/\/blankpage.ee\/_ruumist-ruumi\/wp-json\/wp\/v2\/product_cat?post=203288"},{"taxonomy":"product_tag","embeddable":true,"href":"https:\/\/blankpage.ee\/_ruumist-ruumi\/wp-json\/wp\/v2\/product_tag?post=203288"}],"curies":[{"name":"wp","href":"https:\/\/api.w.org\/{rel}","templated":true}]}}