{"id":21255,"date":"2024-12-05T12:32:43","date_gmt":"2024-12-05T12:32:43","guid":{"rendered":"https:\/\/ruumistruumi.ee\/pood\/pimendavad-kardinad-2-tk-metalloosidega-135-x-175-cm-turkiis\/"},"modified":"2025-08-21T02:17:16","modified_gmt":"2025-08-21T02:17:16","slug":"pimendavad-kardinad-2-tk-metalloosidega-135-x-175-cm-turkiis","status":"publish","type":"product","link":"https:\/\/blankpage.ee\/_ruumist-ruumi\/pood\/pimendavad-kardinad-2-tk-metalloosidega-135-x-175-cm-turkiis\/","title":{"rendered":"Pimendavad kardinad 2 tk metall\u00f6\u00f6sidega 135 x 175 cm, t\u00fcrkiis"},"content":{"rendered":"<p>Elegantsed kardinad n\u00e4evad suurep\u00e4rased v\u00e4lja nii elutoas, magamistoas, kontoris kui mujal. Need pakuvad privaatsust ja blokeeerivad sissetuleva valguse. Kardinad on lihtsa ja ajatu disainiga. T\u00e4nu metall\u00f6\u00f6sidele saab need lihtsa vaevaga \u00fcles panna ja kardinad saab kaasasolevate kinnituste abil k\u00fclgedele siduda. Kvaliteetsest pol\u00fcester-mikrosatiinist valmistatud kardinad sobivad k\u00e4sipesuks. Komplekti kuulub 2 kardinat ja 2 kinnituspaela. Kardinapuu ei kuulu komplekti.<\/p>\n<ul>\n<li>V\u00e4rv: t\u00fcrkiissinine<\/li>\n<li>Suurus: 135 x 175 cm (L x K)<\/li>\n<li>Hooldus: k\u00e4sipesu<\/li>\n<li>Metall\u00f6\u00f6sidega<\/li>\n<li>Komplekti kuulub 2 kardinat ja 2 kinnituspaela<\/li>\n<li>Riie: Pol\u00fcster: 100%<\/li>\n<\/ul>\n","protected":false},"excerpt":{"rendered":"<p>Elegantsed kardinad n\u00e4evad suurep\u00e4rased v\u00e4lja nii elutoas, magamistoas, kontoris kui mujal. Need pakuvad privaatsust ja blokeeerivad sissetuleva valguse. Kardinad on lihtsa ja ajatu disainiga. T\u00e4nu metall\u00f6\u00f6sidele saab need lihtsa vaevaga \u00fcles panna ja kardinad saab kaasasolevate kinnituste abil k\u00fclgedele siduda. Kvaliteetsest pol\u00fcester-mikrosatiinist valmistatud kardinad sobivad k\u00e4sipesuks. Komplekti kuulub 2 kardinat ja 2 kinnituspaela. Kardinapuu ei [&hellip;]<\/p>\n","protected":false},"featured_media":21256,"comment_status":"open","ping_status":"open","template":"","meta":[],"product_brand":[],"product_cat":[842],"product_tag":[],"class_list":{"0":"post-21255","1":"product","2":"type-product","3":"status-publish","4":"has-post-thumbnail","6":"product_cat-kardinad","7":"product_shipping_class-vidaxl","8":"pa_varv-turkiissinine","10":"first","11":"outofstock","12":"sale","13":"taxable","14":"shipping-taxable","15":"purchasable","16":"product-type-simple"},"_links":{"self":[{"href":"https:\/\/blankpage.ee\/_ruumist-ruumi\/wp-json\/wp\/v2\/product\/21255","targetHints":{"allow":["GET"]}}],"collection":[{"href":"https:\/\/blankpage.ee\/_ruumist-ruumi\/wp-json\/wp\/v2\/product"}],"about":[{"href":"https:\/\/blankpage.ee\/_ruumist-ruumi\/wp-json\/wp\/v2\/types\/product"}],"replies":[{"embeddable":true,"href":"https:\/\/blankpage.ee\/_ruumist-ruumi\/wp-json\/wp\/v2\/comments?post=21255"}],"wp:featuredmedia":[{"embeddable":true,"href":"https:\/\/blankpage.ee\/_ruumist-ruumi\/wp-json\/wp\/v2\/media\/21256"}],"wp:attachment":[{"href":"https:\/\/blankpage.ee\/_ruumist-ruumi\/wp-json\/wp\/v2\/media?parent=21255"}],"wp:term":[{"taxonomy":"product_brand","embeddable":true,"href":"https:\/\/blankpage.ee\/_ruumist-ruumi\/wp-json\/wp\/v2\/product_brand?post=21255"},{"taxonomy":"product_cat","embeddable":true,"href":"https:\/\/blankpage.ee\/_ruumist-ruumi\/wp-json\/wp\/v2\/product_cat?post=21255"},{"taxonomy":"product_tag","embeddable":true,"href":"https:\/\/blankpage.ee\/_ruumist-ruumi\/wp-json\/wp\/v2\/product_tag?post=21255"}],"curies":[{"name":"wp","href":"https:\/\/api.w.org\/{rel}","templated":true}]}}

Pimendavad kardinad 2 tk metallöösidega 135 x 175 cm, türkiis

<p>Elegantsed kardinad näevad suurepärased välja nii elutoas, magamistoas, kontoris kui mujal. Need pakuvad privaatsust ja blokeeerivad sissetuleva valguse. Kardinad on lihtsa ja ajatu disainiga. Tänu metallöösidele saab need lihtsa vaevaga üles panna ja kardinad saab kaasasolevate kinnituste abil külgedele siduda. Kvaliteetsest polüester-mikrosatiinist valmistatud kardinad sobivad käsipesuks. Komplekti kuulub 2 kardinat ja 2 kinnituspaela. Kardinapuu ei kuulu komplekti.</p>
<ul>
<li>Värv: türkiissinine</li>
<li>Suurus: 135 x 175 cm (L x K)</li>
<li>Hooldus: käsipesu</li>
<li>Metallöösidega</li>
<li>Komplekti kuulub 2 kardinat ja 2 kinnituspaela</li>
<li>Riie: Polüster: 100%</li>
</ul>

<p>Elegantsed kardinad näevad suurepärased välja nii elutoas, magamistoas, kontoris kui mujal. Need pakuvad privaatsust ja blokeeerivad sissetuleva valguse. Kardinad on lihtsa ja ajatu disainiga. Tänu metallöösidele saab need lihtsa vaevaga üles panna ja kardinad saab kaasasolevate kinnituste abil külgedele siduda. Kvaliteetsest polüester-mikrosatiinist valmistatud kardinad sobivad käsipesuks. Komplekti kuulub 2 kardinat ja 2 kinnituspaela. Kardinapuu ei [&hellip;]</p>
