{"id":234011,"date":"2025-06-06T09:37:01","date_gmt":"2025-06-06T09:37:01","guid":{"rendered":"https:\/\/ruumistruumi.ee\/pood\/ummargune-soogilauakomplekt-plaza-pahklitoonis-mdf-ja-musta-kunstnahaga-toolidega-o100-cm-gr19674\/"},"modified":"2025-08-21T00:33:15","modified_gmt":"2025-08-21T00:33:15","slug":"ummargune-soogilauakomplekt-plaza-pahklitoonis-mdf-ja-musta-kunstnahaga-toolidega-o100-cm-gr19674","status":"publish","type":"product","link":"https:\/\/blankpage.ee\/_ruumist-ruumi\/pood\/ummargune-soogilauakomplekt-plaza-pahklitoonis-mdf-ja-musta-kunstnahaga-toolidega-o100-cm-gr19674\/","title":{"rendered":"\u00dcmmargune s\u00f6\u00f6gilauakomplekt Plaza p\u00e4hklitoonis MDF ja musta kunstnahaga toolidega (\u00f8100 cm), GR19674"},"content":{"rendered":"<h3>Plaza \u00fcmmargune s\u00f6\u00f6gilauakomplekt p\u00e4hklitoonis ja musta kunstnahaga toolidega<\/h3>\n<p>Vali oma s\u00f6\u00f6gituppa kaasaegne ja stiilne lahendus \u2013 Plaza \u00fcmmargune s\u00f6\u00f6gilauakomplekt p\u00e4hkel must! See hoolikalt viimistletud komplekt sobib suurep\u00e4raselt nii igap\u00e4eval\u00f5unaks kui ka pidulikumaks koosviibimiseks neljale inimesele. P\u00f5hjamaine disain, kvaliteetsed materjalid ja l\u00e4bim\u00f5eldud detailid loovad kodus hubase ja harmoonilise atmosf\u00e4\u00e4ri.<\/p>\n<ul>\n<li><strong>\u00dcmmargune laud \u00f8100 cm<\/strong> \u2013 ruumis\u00e4\u00e4stlik ja mugav, mahutab mugavalt kuni neli inimest.<\/li>\n<li><strong>P\u00e4hklitoonis MDF-lauaplaat<\/strong> \u2013 vastupidav ja kergesti hooldatav, toob ruumi soojust ja naturaalsust.<\/li>\n<li><strong>Stabiilsed metalljalad<\/strong> \u2013 tagavad turvalisuse ja lisavad modernset h\u00f5ngu.<\/li>\n<li><strong>Neli k\u00f5rge seljatoega tooli<\/strong> \u2013 98 cm k\u00f5rgusega seljatugi pakub ergonoomilist istumisasendit ja toetab selga ka pikematel \u00f5htus\u00f6\u00f6kidel.<\/li>\n<li><strong>Must 100% PU-kunstnahk<\/strong> \u2013 luksuslikku v\u00e4limust ja lihtsat hooldust pakkuv istme- ja seljatoekate.<\/li>\n<li><strong>P\u00e4hkli ja musta detailide koosk\u00f5la<\/strong> \u2013 loob efektselt p\u00f5hjamaise ja ajatult trendika tulemuse.<\/li>\n<\/ul>\n<h3>Tehnilised andmed \u2013 \u00fcmmargune s\u00f6\u00f6gilauakomplekt p\u00e4hkel must<\/h3>\n<ul>\n<li><strong>Laua m\u00f5\u00f5dud:<\/strong> l\u00e4bim\u00f5\u00f5t 100 cm, k\u00f5rgus 75 cm, jalgade vahe 70&#215;70 cm<\/li>\n<li><strong>Tooli m\u00f5\u00f5dud:<\/strong> laius 42 cm, s\u00fcgavus 48 cm, k\u00f5rgus 98 cm<\/li>\n<li><strong>Lauaplaat:<\/strong> MDF, p\u00e4hklitooniga viimistlus<\/li>\n<li><strong>Laua jalad:<\/strong> metall<\/li>\n<li><strong>Tooli raam:<\/strong> vineer ja metall<\/li>\n<li><strong>Polsterdus:<\/strong> vahtmaterjal, 100% PU-kunstnahk<\/li>\n<li><strong>Komplektis:<\/strong> 1 \u00fcmmargune s\u00f6\u00f6gilaud, 4 tooli<\/li>\n<li><strong>Kokkupanek:<\/strong> vajab kokkupanekut (k\u00f5ik tarvikud komplektis kaasas)<\/li>\n<li><strong>Mudel:<\/strong> Plaza (laud), Slim (toolid)<\/li>\n<li><strong>Tootekood:<\/strong> GR19674<\/li>\n<\/ul>\n<h3>Miks valida Plaza \u00fcmmargune s\u00f6\u00f6gilauakomplekt p\u00e4hkel must?<\/h3>\n<p>Seda komplekti iseloomustab p\u00f5hjalikult l\u00e4bim\u00f5eldud disain ning \u00fchendatud on tugevus, mugavus ja ajatult ilus v\u00e4limus. K\u00f5rge seljatoega pehmed toolid ja praktilised materjalid muudavad selle sobivaks nii v\u00e4iksematesse kui ka suurematesse kodudesse. \u00dcmmargune laud soodustab m\u00f5nusat suhtlust ning p\u00e4hklitooni puhas joon toob ruumi soojust. Kunstnahast must kate toolidel on vastupidav ja h\u00f5lpsasti hooldatav \u2013 ideaalne valik igap\u00e4evaselt kasutatavale m\u00f6\u00f6blikomplektile.<\/p>\n<h3>Hooldusjuhised \u00fcmmargusele s\u00f6\u00f6gilauakomplektile p\u00e4hkel must<\/h3>\n<p>Puhasta lauapind ja toolide kate pehme niiske lapiga, v\u00e4ltides abrasiivseid puhastusvahendeid. Kaitse m\u00f6\u00f6blit otsese p\u00e4ikesevalguse ja tugeva soojusallika eest, et s\u00e4ilitada materjalide esinduslik v\u00e4limus. Kunstnahast toolikate on lihtsalt hooldatav \u2013 puhasta soovi korral spetsiaalse kunstnaha puhastusvahendiga.<\/p>\n","protected":false},"excerpt":{"rendered":"<p>Plaza \u00fcmmargune s\u00f6\u00f6gilauakomplekt p\u00e4hklitoonis ja musta kunstnahaga toolidega Vali oma s\u00f6\u00f6gituppa kaasaegne ja stiilne lahendus \u2013 Plaza \u00fcmmargune s\u00f6\u00f6gilauakomplekt p\u00e4hkel must! See hoolikalt viimistletud komplekt sobib suurep\u00e4raselt nii igap\u00e4eval\u00f5unaks kui ka pidulikumaks koosviibimiseks neljale inimesele. P\u00f5hjamaine disain, kvaliteetsed materjalid ja l\u00e4bim\u00f5eldud detailid loovad kodus hubase ja harmoonilise atmosf\u00e4\u00e4ri. \u00dcmmargune laud \u00f8100 cm \u2013 ruumis\u00e4\u00e4stlik ja [&hellip;]<\/p>\n","protected":false},"featured_media":234006,"comment_status":"open","ping_status":"closed","template":"","meta":[],"product_brand":[1818],"product_cat":[3229],"product_tag":[],"class_list":{"0":"post-234011","1":"product","2":"type-product","3":"status-publish","4":"has-post-thumbnail","6":"product_brand-venture-design","7":"product_cat-ummargused-soogilauakomplektid","8":"product_shipping_class-venture-design","9":"pa_kangas-poluuretaan","10":"pa_kollektsioon-plaza","11":"pa_kollektsioon-slim","12":"pa_laua-diameeter-3402","13":"pa_laua-korgus-1190","14":"pa_laua-materjal-mdf","15":"pa_laua-materjal-metall","16":"pa_laua-tasapinna-materjal-mdf","17":"pa_laua-tasapinna-varvus-pruun","18":"pa_laua-varv-pruun","19":"pa_mootmed-laud-100-tool-48x98x42","20":"pa_tooli-materjal-painutatud-puit","21":"pa_tooli-materjal-poluuretaan","22":"pa_tooli-materjal-kiud","23":"pa_tooli-materjal-metall","24":"pa_tooli-materjal-vaht","25":"pa_tooli-varv-must","27":"first","28":"instock","29":"sale","30":"taxable","31":"shipping-taxable","32":"purchasable","33":"product-type-simple"},"_links":{"self":[{"href":"https:\/\/blankpage.ee\/_ruumist-ruumi\/wp-json\/wp\/v2\/product\/234011","targetHints":{"allow":["GET"]}}],"collection":[{"href":"https:\/\/blankpage.ee\/_ruumist-ruumi\/wp-json\/wp\/v2\/product"}],"about":[{"href":"https:\/\/blankpage.ee\/_ruumist-ruumi\/wp-json\/wp\/v2\/types\/product"}],"replies":[{"embeddable":true,"href":"https:\/\/blankpage.ee\/_ruumist-ruumi\/wp-json\/wp\/v2\/comments?post=234011"}],"wp:featuredmedia":[{"embeddable":true,"href":"https:\/\/blankpage.ee\/_ruumist-ruumi\/wp-json\/wp\/v2\/media\/234006"}],"wp:attachment":[{"href":"https:\/\/blankpage.ee\/_ruumist-ruumi\/wp-json\/wp\/v2\/media?parent=234011"}],"wp:term":[{"taxonomy":"product_brand","embeddable":true,"href":"https:\/\/blankpage.ee\/_ruumist-ruumi\/wp-json\/wp\/v2\/product_brand?post=234011"},{"taxonomy":"product_cat","embeddable":true,"href":"https:\/\/blankpage.ee\/_ruumist-ruumi\/wp-json\/wp\/v2\/product_cat?post=234011"},{"taxonomy":"product_tag","embeddable":true,"href":"https:\/\/blankpage.ee\/_ruumist-ruumi\/wp-json\/wp\/v2\/product_tag?post=234011"}],"curies":[{"name":"wp","href":"https:\/\/api.w.org\/{rel}","templated":true}]}}