{"id":251145,"date":"2025-08-01T09:07:32","date_gmt":"2025-08-01T09:07:32","guid":{"rendered":"https:\/\/ruumistruumi.ee\/pood\/royal-canin-gastrointestinal-2-kg-kuivtoit-seedimisprobleemidega-taiskasvanud-kassidele\/"},"modified":"2025-08-20T16:44:53","modified_gmt":"2025-08-20T16:44:53","slug":"royal-canin-gastrointestinal-2-kg-kuivtoit-seedimisprobleemidega-taiskasvanud-kassidele","status":"publish","type":"product","link":"https:\/\/blankpage.ee\/_ruumist-ruumi\/pood\/royal-canin-gastrointestinal-2-kg-kuivtoit-seedimisprobleemidega-taiskasvanud-kassidele\/","title":{"rendered":"Royal Canin Gastrointestinal 2 kg kuivtoit seedimisprobleemidega t\u00e4iskasvanud kassidele"},"content":{"rendered":"<h3>Royal Canin Gastrointestinal 2 kg kuivtoit seedimisprobleemidega t\u00e4iskasvanud kassidele<\/h3>\n<p>Royal Canin Cat Gastrointestinal VHN on eritoit t\u00e4iskasvanud kassidele, kes vajavad seedetrakti lisaabi. See kuivtoit aitab leevendada soolestiku imendumish\u00e4ireid ning toetab seedimist, sobides h\u00e4sti nii \u00e4gedate kui krooniliste seedeprobleemidega kassidele. K\u00f5rge energiasisalduse ning kergesti seeditava koostisega tagab toit vajalike toitainete omastamise ka siis, kui kassi isu v\u00f5i seedimine on h\u00e4iritud. Seega aitab Royal Canin Gastrointestinal hoida sinu lemmiku elur\u00f5\u00f5msana ning toetab taastumist terviseprobleemide korral.<\/p>\n<h3>Peamised omadused<\/h3>\n<ul>\n<li>K\u00f5rge energiasisaldusega, tagab vajaliku toitainete omastamise ka siis, kui s\u00f6\u00f6mine on v\u00e4henenud<\/li>\n<li>Spetsiaalne retsept kaitseb kassi seedetrakti ning aitab s\u00e4ilitada normaalset mikrobioomi tasakaalu<\/li>\n<li>Lisatud prebiootikumid ja oomega-3-rasvhapped toetavad seedes\u00fcsteemi t\u00f6\u00f6d<\/li>\n<li>Sobib igale kassi t\u00f5ule, eriti t\u00e4iskasvanud kassidele<\/li>\n<li>Ei sisalda kunstlikke v\u00e4rvaineid<\/li>\n<li>Maitsvad linnulihavalgud on valitud optimaalse maitse ja toitev\u00e4\u00e4rtuse tagamiseks<\/li>\n<li>Praktiline 2 kg pakend \u2013 sobib h\u00e4sti v\u00e4iksematele varudele v\u00f5i \u00fcksikule kassile<\/li>\n<\/ul>\n<h3>Tehnilised andmed<\/h3>\n<ul>\n<li>Pakendi kaal: 2 kg (t\u00e4pne netokaal 2043 g)<\/li>\n<li>M\u00f5\u00f5dud: 360 x 100 x 190 mm<\/li>\n<li>P\u00f5himaitse: linnuliha<\/li>\n<li>Sobiv vanus: t\u00e4iskasvanud kass<\/li>\n<li>Koostises puuduvad kunstlikud v\u00e4rvained<\/li>\n<li>Toorkiud: 4,8%<\/li>\n<li>Toorvalk: 32%<\/li>\n<li>Rasva sisaldus: 22%<\/li>\n<li>Toortuhk: 8,5%<\/li>\n<li>Sisaldab prebiootikume ja oomega-3-rasvhappeid (EPA\/DHA kokku 0,41%)<\/li>\n<li>Sobib kassidele, kelle kehakaal j\u00e4\u00e4b vahemikku 2\u20134,9 kg<\/li>\n<li>Annustamisvorm: kuivtoit<\/li>\n<li>EAN: 3182550771252<\/li>\n<\/ul>\n<h3>Kasutusjuhised<\/h3>\n<p>Paku kassile Royal Canin Gastrointestinal kuivtoitu vastava p\u00e4evase kogusena, jagatuna v\u00e4iksemateks portsjoniteks kogu p\u00e4eva jooksul. Toit sobib kasutamiseks 1\u20132 n\u00e4dalat \u00e4geda k\u00f5hulahtisuse v\u00f5i seedimish\u00e4irede korral ning vajadusel ka pikaajaliselt, l\u00e4htudes loomaarsti soovitusest. Hoia toidu kott p\u00e4rast avamist suletuna, et s\u00e4ilitada v\u00e4rskus. Paku kassile alati v\u00e4rsket joogivett. S\u00e4ilita kuivtoit kuivas ja jahedas kohas, lastele ja teistele loomadele k\u00e4ttesaamatus kohas.<\/p>\n<h3>Mille poolest see toode erineb?<\/h3>\n<p>Royal Canin Gastrointestinal on v\u00e4lja t\u00f6\u00f6tatud spetsiaalselt seedeprobleemidega kassidele ning sisaldab kergesti seeditavaid valke, kiudaineid ja hoolikalt valitud teravilju. T\u00e4nu k\u00f5rgele energia- ja toitainete sisaldusele pakub see toit tuge ka raskemate seisundite korral, v\u00f5imaldades v\u00e4iksemaid portsjoneid ning seel\u00e4bi parandades toidu omastamist ja v\u00e4hendades seedetrakti koormust. Mikrobioomi toetav koostis ja prebiootikumide lisamine eristavad seda tavalisest kassitoidust.<\/p>\n<h3>Energiat\u00f5husus ja v\u00e4\u00e4rtus<\/h3>\n<p>K\u00f5rge energiasisaldusega toit (4095 kcal\/kg) v\u00f5imaldab v\u00e4iksemate portsjonite kaudu tagada piisava p\u00e4evaenergia ning toetab kassi taastumist ja paremat \u00fcldist seisundit. Kvaliteetne koostis ning spetsiaalne retsept muudavad selle toote sobivaks valikuks seedeprobleemidega kasside igap\u00e4evatoiduks.<\/p>\n","protected":false},"excerpt":{"rendered":"<p>Royal Canin Gastrointestinal 2 kg kuivtoit aitab toetada t\u00e4iskasvanud kasside seedetrakti talitlust ning sobib seedeh\u00e4irete ja toitainete omastamise probleemide korral.<\/p>\n","protected":false},"featured_media":251144,"comment_status":"open","ping_status":"closed","template":"","meta":[],"product_brand":[7146],"product_cat":[7145],"product_tag":[],"class_list":{"0":"post-251145","1":"product","2":"type-product","3":"status-publish","4":"has-post-thumbnail","6":"product_brand-royal-canin","7":"product_cat-veterinaarne-kuivtoit-kassidele","8":"product_shipping_class-action","9":"pa_annustamise-vorm-tahke","10":"pa_gluteenivaba-ei","11":"pa_hoiatused-ara-lase-lastel-voi-teistel-loomadel-toodet-suua","12":"pa_hoiatused-hoida-kuivas-ja-jahedas-kohas-2","13":"pa_hoiatused-hoida-lastele-kattesaamatus-kohas","14":"pa_hoiatused-hoida-toodet-alati-suletud-anumas","15":"pa_hoiatused-tagada-varske-joogivesi","16":"pa_ilma-kunstlike-varvideta-jah","17":"pa_kaaluvahemik-2-kg-49-kg","18":"pa_kassi-toug-koik-toud","19":"pa_lemmiku-eluetapp-taiskasvanud","20":"pa_lemmiku-vajadused-seedetrakti-kaitse","21":"pa_lemmiku-vajadused-soole-imendumishaired","22":"pa_lemmiku-vanus-taiskasvanud","23":"pa_lisafunktsioonid-seedetrakti-probleemid","24":"pa_lisafunktsioonid-seedimise-tugi","25":"pa_pakendi-tuup-kott","26":"pa_pohimaitse-linnuliha","27":"pa_proteiin-7461","28":"pa_rasva-sisaldus-7764","29":"pa_seeria-royal-canin-gastrointestinal","30":"pa_sobivus-kassile","31":"pa_sojavaba-ei","32":"pa_suhkruvaba-andmed-puuduvad","33":"pa_toorkiud-10599","34":"pa_toorvalk-7984","36":"first","37":"instock","38":"taxable","39":"shipping-taxable","40":"purchasable","41":"product-type-simple"},"_links":{"self":[{"href":"https:\/\/blankpage.ee\/_ruumist-ruumi\/wp-json\/wp\/v2\/product\/251145","targetHints":{"allow":["GET"]}}],"collection":[{"href":"https:\/\/blankpage.ee\/_ruumist-ruumi\/wp-json\/wp\/v2\/product"}],"about":[{"href":"https:\/\/blankpage.ee\/_ruumist-ruumi\/wp-json\/wp\/v2\/types\/product"}],"replies":[{"embeddable":true,"href":"https:\/\/blankpage.ee\/_ruumist-ruumi\/wp-json\/wp\/v2\/comments?post=251145"}],"wp:featuredmedia":[{"embeddable":true,"href":"https:\/\/blankpage.ee\/_ruumist-ruumi\/wp-json\/wp\/v2\/media\/251144"}],"wp:attachment":[{"href":"https:\/\/blankpage.ee\/_ruumist-ruumi\/wp-json\/wp\/v2\/media?parent=251145"}],"wp:term":[{"taxonomy":"product_brand","embeddable":true,"href":"https:\/\/blankpage.ee\/_ruumist-ruumi\/wp-json\/wp\/v2\/product_brand?post=251145"},{"taxonomy":"product_cat","embeddable":true,"href":"https:\/\/blankpage.ee\/_ruumist-ruumi\/wp-json\/wp\/v2\/product_cat?post=251145"},{"taxonomy":"product_tag","embeddable":true,"href":"https:\/\/blankpage.ee\/_ruumist-ruumi\/wp-json\/wp\/v2\/product_tag?post=251145"}],"curies":[{"name":"wp","href":"https:\/\/api.w.org\/{rel}","templated":true}]}}