{"id":252042,"date":"2025-08-01T19:03:46","date_gmt":"2025-08-01T19:03:46","guid":{"rendered":"https:\/\/ruumistruumi.ee\/pood\/animonda-carny-kitten-200-g-vasika-kana-ja-kalkunilihaga-teraviljavaba-kassipoegade-margtoit\/"},"modified":"2025-08-20T16:19:42","modified_gmt":"2025-08-20T16:19:42","slug":"animonda-carny-kitten-200-g-vasika-kana-ja-kalkunilihaga-teraviljavaba-kassipoegade-margtoit","status":"publish","type":"product","link":"https:\/\/blankpage.ee\/_ruumist-ruumi\/pood\/animonda-carny-kitten-200-g-vasika-kana-ja-kalkunilihaga-teraviljavaba-kassipoegade-margtoit\/","title":{"rendered":"Animonda Carny Kitten 200 g vasika-, kana- ja kalkunilihaga teraviljavaba kassipoegade m\u00e4rgtoit"},"content":{"rendered":"<h3>Animonda Carny Kitten 200 g vasika-, kana- ja kalkunilihaga teraviljavaba kassipoegade m\u00e4rgtoit<\/h3>\n<p>Animonda Carny Kitten veise-, kana- ja kalkunilihaga m\u00e4rgtoit on loodud spetsiaalselt kassipoegadele, pakkudes vajalikku tuge kasvu- ja arenguperioodil. See on t\u00e4isv\u00e4\u00e4rtuslik m\u00e4rgtoit, mille koostises kasutatakse 100% v\u00e4rskeid lihalisi koostisosi, et tagada noorele kassile k\u00f5ik olulised toitained ning h\u00f5rk maitse. Vasikaliha kassipoegade m\u00e4rgtoit sobib kasutamiseks igast t\u00f5ust kassipoegadele alates varasest east kuni juunioriikka l\u00f5puni.<\/p>\n<h3>Peamised omadused<\/h3>\n<ul>\n<li>100% v\u00e4rsked lihalised koostisosad (vasikaliha, kana, kalkun)<\/li>\n<li>Gluteeni-, soja- ja suhkruvaba retsept<\/li>\n<li>Ei sisalda kunstlikke v\u00e4rvaineid<\/li>\n<li>Teraviljavaba \u2013 sobib ka tundliku seedimisega kassipoegadele<\/li>\n<li>Lisatud looduslik tauriin<\/li>\n<li>T\u00e4nu v\u00e4ikestele lihat\u00fckkidele kergesti n\u00e4ritav, sobib eriti h\u00e4sti noore kassi l\u00f5ualuudele<\/li>\n<li>Pehme ja mahlane, soodustab head vedelikutarbimist<\/li>\n<li>Toetab \u00fcldist tervist ning aitab katta kasvueas vajaminevat energiataset<\/li>\n<\/ul>\n<h3>Tehnilised andmed<\/h3>\n<ul>\n<li>P\u00f5himaitse: vasikaliha (sh kops ja s\u00fcda), kana (maks ja s\u00fcda), kalkuniliha<\/li>\n<li>Pakend: 200 g alumiiniumpurk<\/li>\n<li>Netokaal: 200 g, brutokaal: 205 g<\/li>\n<li>M\u00f5\u00f5dud: 75 x 75 x 55 mm<\/li>\n<li>Toorvalk: 10,5%<\/li>\n<li>Rasvasisaldus: 6,3%<\/li>\n<li>Toortuhk: 1,8%<\/li>\n<li>Toorkiud: 0,3%<\/li>\n<li>Niiskusesisaldus: 80%<\/li>\n<li>Ei sisalda soola, soja ega gluteeni<\/li>\n<li>Sobib k\u00f5ikidele kassit\u00f5ugudele<\/li>\n<\/ul>\n<p><small>*&#8221;Toorvalk&#8221; t\u00e4hendab siin toortuhka \u2013 mineraalainete sisaldust.<\/small><\/p>\n<h3>Kasutamisjuhised<\/h3>\n<p>S\u00f6\u00f6da Animonda Carny Kitten m\u00e4rgtoitu vastavalt kassipoja vanusele ja kehakaalule. P\u00e4evane soovituslik kogus alla 7-kuusel kassipojal on 170\u2013240 g ning kogused v\u00f5ivad varieeruda aktiivsusastmest ja individuaalsetest vajadustest. Toitu serveeri toatemperatuuril. Avatud purk hoia k\u00fclmkapis ja kasuta \u00e4ra 48 tunni jooksul. J\u00e4lgi, et kassil oleks pidevalt v\u00e4rske joogivesi k\u00e4ttesaadav. \u00c4ra \u00fcleta p\u00e4evast soovituslikku kogust. Parima kvaliteedi tagamiseks hoia toodet suletuna jahedas ja kuivas kohas.<\/p>\n<h3>Miks valida see m\u00e4rgtoit?<\/h3>\n<p>Vasikaliha kassipoegade m\u00e4rgtoit Animonda Carny Kitten eristub v\u00e4rskete lihakoostisosade, allergiavaba retsepti ja spetsiaalselt kasvavate kasside vajadustele vastavate omaduste poolest. Toode ei sisalda teravilja, gluteeni, soja ega suhkrut, mis v\u00e4hendab allergiaohtu ja toetab \u00f5iget seedimist. K\u00f5rge niiskusesisaldus aitab hoida noore kassi vee tasakaalu. Toode sobib igale kassit\u00f5ule ning on sobiv valik kasvavatele ja tundliku seedimisega kassipoegadele. Pakend on mugav ja lihtsasti avatav.<\/p>\n<h3>Komplektis sisaldub<\/h3>\n<ul>\n<li>1 x Animonda Carny Kitten vasikaliha, kana ja kalkuniga m\u00e4rgtoidupurk (200 g)<\/li>\n<li>Kaas ei ole korduvkasutatav (vajadusel kasuta katet k\u00fclmkapis s\u00e4ilitamiseks)<\/li>\n<\/ul>\n<h3>Kvaliteet ja garantii<\/h3>\n<p>Toode on Saksamaal valmistatud k\u00f5rgete kvaliteedistandardite j\u00e4rgi. Koostisosad on regulaarselt kontrollitud ning toit on testitud, et see vastaks kasvava kassi vajadustele. Ei sisalda kunstlikke v\u00e4rvaineid ega s\u00e4ilitusaineid. Animonda tagab tootega l\u00e4bipaistva info ja hea hinna ning v\u00e4\u00e4rtusega t\u00e4iss\u00f6\u00f6da k\u00f5igile kassipoegadele.<\/p>\n","protected":false},"excerpt":{"rendered":"<p>Animonda Carny Kitten vasikaliha, kana ja kalkuniga m\u00e4rgtoit sobib igat t\u00f5ugu kassipoegadele, toetades tervislikku kasvu teravilja- ja suhkruvaba retseptiga.<\/p>\n","protected":false},"featured_media":252041,"comment_status":"open","ping_status":"closed","template":"","meta":[],"product_brand":[7161],"product_cat":[7158],"product_tag":[],"class_list":{"0":"post-252042","1":"product","2":"type-product","3":"status-publish","4":"has-post-thumbnail","6":"product_brand-animonda","7":"product_cat-margtoit-ja-konservid-kassidele","8":"product_shipping_class-action","9":"pa_annustamise-vorm-tahke","10":"pa_gluteenivaba-jah","11":"pa_hoiatused-toodet-tuleb-hoida-jahedas-ja-kuivas-kohas-parast-avamist-hoida-kulmkapis-ja-kasutada-48-tunni-jooksul-mitte-uletada-soovitatud-paevast-kogust","12":"pa_ilma-kunstlike-varvideta-jah","13":"pa_kaaluvahemik-0-g-200-g","14":"pa_kassi-toug-koik-toud","15":"pa_lemmiku-eluetapp-kassipojad","16":"pa_lemmiku-vajadused-kasvuperiood","17":"pa_lemmiku-vanus-kassipoeg","18":"pa_lisafunktsioonid-gluteenivaba","19":"pa_lisafunktsioonid-kasvuperiood","20":"pa_lisafunktsioonid-teraviljavaba","21":"pa_lisafunktsioonid-uldtervis","22":"pa_niiskuse-sisaldus-7315","23":"pa_pakendi-tuup-purk","24":"pa_pohimaitse-vasikaliha","25":"pa_proteiin-10822","26":"pa_rasva-sisaldus-10836","27":"pa_seeria-animonda-carny","28":"pa_sobivus-kassile","29":"pa_sojavaba-jah","30":"pa_suhkruvaba-jah","31":"pa_toorkiud-10762","32":"pa_toorvalk-10844","34":"first","35":"instock","36":"taxable","37":"shipping-taxable","38":"purchasable","39":"product-type-simple"},"_links":{"self":[{"href":"https:\/\/blankpage.ee\/_ruumist-ruumi\/wp-json\/wp\/v2\/product\/252042","targetHints":{"allow":["GET"]}}],"collection":[{"href":"https:\/\/blankpage.ee\/_ruumist-ruumi\/wp-json\/wp\/v2\/product"}],"about":[{"href":"https:\/\/blankpage.ee\/_ruumist-ruumi\/wp-json\/wp\/v2\/types\/product"}],"replies":[{"embeddable":true,"href":"https:\/\/blankpage.ee\/_ruumist-ruumi\/wp-json\/wp\/v2\/comments?post=252042"}],"wp:featuredmedia":[{"embeddable":true,"href":"https:\/\/blankpage.ee\/_ruumist-ruumi\/wp-json\/wp\/v2\/media\/252041"}],"wp:attachment":[{"href":"https:\/\/blankpage.ee\/_ruumist-ruumi\/wp-json\/wp\/v2\/media?parent=252042"}],"wp:term":[{"taxonomy":"product_brand","embeddable":true,"href":"https:\/\/blankpage.ee\/_ruumist-ruumi\/wp-json\/wp\/v2\/product_brand?post=252042"},{"taxonomy":"product_cat","embeddable":true,"href":"https:\/\/blankpage.ee\/_ruumist-ruumi\/wp-json\/wp\/v2\/product_cat?post=252042"},{"taxonomy":"product_tag","embeddable":true,"href":"https:\/\/blankpage.ee\/_ruumist-ruumi\/wp-json\/wp\/v2\/product_tag?post=252042"}],"curies":[{"name":"wp","href":"https:\/\/api.w.org\/{rel}","templated":true}]}}