{"id":253685,"date":"2025-08-02T12:28:06","date_gmt":"2025-08-02T12:28:06","guid":{"rendered":"https:\/\/ruumistruumi.ee\/pood\/animonda-integra-protect-diabetes-100-g-teraviljavaba-margtoit-kanaga-diabeediga-taiskasvanud-kassile\/"},"modified":"2025-08-20T03:50:19","modified_gmt":"2025-08-20T03:50:19","slug":"animonda-integra-protect-diabetes-100-g-teraviljavaba-margtoit-kanaga-diabeediga-taiskasvanud-kassile","status":"publish","type":"product","link":"https:\/\/blankpage.ee\/_ruumist-ruumi\/pood\/animonda-integra-protect-diabetes-100-g-teraviljavaba-margtoit-kanaga-diabeediga-taiskasvanud-kassile\/","title":{"rendered":"Animonda Integra Protect Diabetes 100 g teraviljavaba m\u00e4rgtoit kanaga diabeediga t\u00e4iskasvanud kassile"},"content":{"rendered":"<h3>Animonda Integra Protect Diabetes 100 g teraviljavaba m\u00e4rgtoit kanaga diabeediga t\u00e4iskasvanud kassile<\/h3>\n<p>Animonda Integra Protect Diabetes Chicken on spetsiaalselt diabeediga t\u00e4iskasvanud kassidele loodud m\u00e4rgtoit, mis aitab hoida veresuhkru taset kontrolli all. T\u00e4nu teravilja- ja suhkruvabale koostisele sobib see toit ka tundliku seedimisega v\u00f5i gluteenitalumatusega kassidele. M\u00e4rgtoit sobib k\u00f5ikidele kassit\u00f5ugudele ning on m\u00f5eldud igap\u00e4evaseks toitmiseks kroonilise diabeedi korral. Mugav ning \u00f5hukindel 100 g pakk tagab v\u00e4rskuse ja sobib h\u00e4sti ka v\u00e4iksemale kassile.<\/p>\n<h3>Toote \u00fclevaade<\/h3>\n<p>See m\u00e4rgtoit toetab kasse, kes vajavad abi veresuhkru reguleerimisel. Toode on teravilja-, gluteeni-, soja-, kunstlike v\u00e4rvainete- ja suhkrulisandita, olles siiski tasakaalustatud ja maitsev. Integra Protect Diabetes sarja retsept v\u00e4hendab veresuhkru k\u00f5ikumist ning toetab \u00fcldist tervist.<\/p>\n<h3>Peamised omadused<\/h3>\n<ul>\n<li>Spetsiaalselt diabeediga kasside toetamiseks<\/li>\n<li>V\u00e4ga madala s\u00fcsivesikusisaldusega ja suhkruvaba<\/li>\n<li>Teravilja- ja gluteenivaba, sobib ka tundliku seedimisega kassidele<\/li>\n<li>Ei sisalda kunstlikke v\u00e4rvaineid ega soja<\/li>\n<li>Toetab stabiilset veresuhkru taset ja \u00fcldist tervist<\/li>\n<li>Pakendatud mugavasse alumiiniumist portsu\u00fcmbrisesse<\/li>\n<li>P\u00f5himaitse \u2013 kanaliha<\/li>\n<li>Sobib k\u00f5ikidele t\u00f5ugudele, t\u00e4iskasvanud kassidele<\/li>\n<\/ul>\n<h3>Tehnilised andmed<\/h3>\n<ul>\n<li>Netokogus: 100 g<\/li>\n<li>M\u00f5\u00f5tmed: 90 \u00d7 25 \u00d7 90 mm<\/li>\n<li>Kaal koos pakendiga: 105 g<\/li>\n<li>Niiskusesisaldus: 81%<\/li>\n<li>Proteiin: 11%<\/li>\n<li>Rasvasisaldus: 5%<\/li>\n<li>Toorkiud: 0,3%<\/li>\n<li>Toortuhk: 1,6%<\/li>\n<li>T\u00fc\u00fcp: M\u00e4rgtoit (t\u00e4iss\u00f6\u00f6t t\u00e4iskasvanud kassidele)<\/li>\n<li>P\u00f5himaitse: Kana (linnuliha)<\/li>\n<li>Pakendi t\u00fc\u00fcp: Alumiiniumist portsjonipakend<\/li>\n<li>EAN: 4017721868372<\/li>\n<li>Sobivus: K\u00f5ik kassit\u00f5ud, t\u00e4iskasvanud<\/li>\n<\/ul>\n<h3>Kasutusjuhised<\/h3>\n<p>P\u00e4evane toidukogus s\u00f5ltub kassi kehakaalust (n\u00e4iteks 3 kg kassile ~200 g p\u00e4evas, 4 kg kassile ~245 g p\u00e4evas, 5 kg kassile ~285 g p\u00e4evas). P\u00e4evane kogus jagada mitmeks toidukorraks. Toit on serveerimisvalmis ega vaja eelnevat ettevalmistust \u2013 lihtsalt avage ja pakkuge kassile.<\/p>\n<p>P\u00e4rast avamist s\u00e4ilitada k\u00fclmkapis ning tarvitada 48 tunni jooksul. \u00c4rge \u00fcletage soovitatavat p\u00e4evast kogust. Kassil peab alati olema saadaval v\u00e4rske joogivesi. Hoida kuivas ja jahedas kohas. Toidu sobivuse osas konsultreerige vajadusel loomaarstiga.<\/p>\n<h3>Miks valida just see m\u00e4rgtoit?<\/h3>\n<ul>\n<li><b>Madal s\u00fcsivesikusisaldus ja rafineeritud koostis<\/b> \u2013 aitab hoida veresuhkru taset stabiilsena.<\/li>\n<li><b>Tasakaalustatud toitev\u00e4\u00e4rtus<\/b> \u2013 k\u00f5ik vajalikud toitained ilma liigsete s\u00fcsivesikute ja rasvadeta.<\/li>\n<li><b>K\u00f5rged kvaliteedistandardid<\/b> \u2013 toodetud Saksamaal kontrollitud toorainest, ilma tehislike lisaaineteta.<\/li>\n<li><b>Mugav portsjonipakend<\/b> \u2013 100 g on ideaalne \u00fcheks toidukorraks, ei vaja eraldi m\u00f5\u00f5tmist.<\/li>\n<li><b>Pakendis<\/b>: \u00dcks 100 g m\u00e4rgtoidu portsjon.<\/li>\n<\/ul>\n<p>Animonda Integra Protect Diabetes m\u00e4rgtoit on sobiv valik diabeediga kassidele, pakkudes kvaliteetset, ohutut ja efektiivset toitumist igap\u00e4evaseks kasutamiseks.<\/p>\n","protected":false},"excerpt":{"rendered":"<p>Animonda Integra Protect Diabetes kanaga m\u00e4rgtoit on teraviljavaba ja suhkruvaba dieet t\u00e4iskasvanud diabeediga kassidele, toetab stabiilset veresuhkru taset. 100 g pakend.<\/p>\n","protected":false},"featured_media":253684,"comment_status":"open","ping_status":"closed","template":"","meta":[],"product_brand":[7161],"product_cat":[7158],"product_tag":[],"class_list":{"0":"post-253685","1":"product","2":"type-product","3":"status-publish","4":"has-post-thumbnail","6":"product_brand-animonda","7":"product_cat-margtoit-ja-konservid-kassidele","8":"product_shipping_class-action","9":"pa_annustamise-vorm-tahke","10":"pa_gluteenivaba-jah","11":"pa_hoiatused-arge-uletage-soovitatud-paevast-annust-hoida-toodet-jahedas-ja-kuivas-parast-avamist-hoida-kulmkapis-ja-kasutada-48-tunni-jooksul","12":"pa_ilma-kunstlike-varvideta-jah","13":"pa_kaaluvahemik-0-g-200-g","14":"pa_kassi-toug-koik-toud","15":"pa_lemmiku-eluetapp-taiskasvanud","16":"pa_lemmiku-vajadused-diabeet","17":"pa_lemmiku-vajadused-veresuhkru-taseme-reguleerimine","18":"pa_lemmiku-vanus-taiskasvanu","19":"pa_lisafunktsioonid-diabeet","20":"pa_lisafunktsioonid-gluteenivaba","21":"pa_lisafunktsioonid-teraviljavaba","22":"pa_lisafunktsioonid-uldtervis","23":"pa_niiskuse-sisaldus-7303","24":"pa_pakendi-tuup-tops","25":"pa_pohimaitse-linnuliha","26":"pa_proteiin-7301","27":"pa_rasva-sisaldus-8801","28":"pa_seeria-animonda-integra-protect","29":"pa_sobivus-kassile","30":"pa_sojavaba-jah","31":"pa_suhkruvaba-jah","32":"pa_toorkiud-10762","33":"pa_toorvalk-16-3","35":"first","36":"instock","37":"taxable","38":"shipping-taxable","39":"purchasable","40":"product-type-simple"},"_links":{"self":[{"href":"https:\/\/blankpage.ee\/_ruumist-ruumi\/wp-json\/wp\/v2\/product\/253685","targetHints":{"allow":["GET"]}}],"collection":[{"href":"https:\/\/blankpage.ee\/_ruumist-ruumi\/wp-json\/wp\/v2\/product"}],"about":[{"href":"https:\/\/blankpage.ee\/_ruumist-ruumi\/wp-json\/wp\/v2\/types\/product"}],"replies":[{"embeddable":true,"href":"https:\/\/blankpage.ee\/_ruumist-ruumi\/wp-json\/wp\/v2\/comments?post=253685"}],"wp:featuredmedia":[{"embeddable":true,"href":"https:\/\/blankpage.ee\/_ruumist-ruumi\/wp-json\/wp\/v2\/media\/253684"}],"wp:attachment":[{"href":"https:\/\/blankpage.ee\/_ruumist-ruumi\/wp-json\/wp\/v2\/media?parent=253685"}],"wp:term":[{"taxonomy":"product_brand","embeddable":true,"href":"https:\/\/blankpage.ee\/_ruumist-ruumi\/wp-json\/wp\/v2\/product_brand?post=253685"},{"taxonomy":"product_cat","embeddable":true,"href":"https:\/\/blankpage.ee\/_ruumist-ruumi\/wp-json\/wp\/v2\/product_cat?post=253685"},{"taxonomy":"product_tag","embeddable":true,"href":"https:\/\/blankpage.ee\/_ruumist-ruumi\/wp-json\/wp\/v2\/product_tag?post=253685"}],"curies":[{"name":"wp","href":"https:\/\/api.w.org\/{rel}","templated":true}]}}