{"id":255689,"date":"2025-08-05T10:09:40","date_gmt":"2025-08-05T10:09:40","guid":{"rendered":"https:\/\/ruumistruumi.ee\/pood\/orijen-small-breed-marine-fish-18-kg-teraviljavaba-kuivtoit-kalaga-vaikestele-taiskasvanud-koertele\/"},"modified":"2025-08-20T14:55:24","modified_gmt":"2025-08-20T14:55:24","slug":"orijen-small-breed-marine-fish-18-kg-teraviljavaba-kuivtoit-kalaga-vaikestele-taiskasvanud-koertele","status":"publish","type":"product","link":"https:\/\/blankpage.ee\/_ruumist-ruumi\/pood\/orijen-small-breed-marine-fish-18-kg-teraviljavaba-kuivtoit-kalaga-vaikestele-taiskasvanud-koertele\/","title":{"rendered":"Orijen Small Breed Marine Fish 1,8 kg teraviljavaba kuivtoit kalaga v\u00e4ikestele t\u00e4iskasvanud koertele"},"content":{"rendered":"<h3>Orijen Small Breed Marine Fish 1,8 kg teraviljavaba kuivtoit kalaga v\u00e4ikestele t\u00e4iskasvanud koertele<\/h3>\n<p>Orijen Small Breed Marine Fish on spetsiaalselt v\u00e4ikest kasvu t\u00e4iskasvanud koertele loodud kvaliteetne teraviljavaba kuivtoit. Selle p\u00f5hieesm\u00e4rk on pakkuda v\u00e4ikestele koertele optimaalset ja tasakaalustatud toitu, toetada lihaste arengut, seedes\u00fcsteemi tervist ja tagada igap\u00e4evane vitaalsus. Suure valgusisaldusega ning merekaladest (l\u00f5he, heeringas, lest, merluus, kivikala, merikeel) koosneva koostisega toit sobib k\u00f5ikidele v\u00e4ikestele koerat\u00f5ugudele kehakaaluga 5\u201310 kg.<\/p>\n<h3>Peamised omadused<\/h3>\n<ul>\n<li><strong>Teraviljavaba ja gluteenivaba<\/strong> \u2013 ei sisalda nisu, maisi ega muid teravilju, sobib ka tundliku seedimisega koertele.<\/li>\n<li><strong>K\u00f5rge valgusisaldus \u2013 40%<\/strong> \u2013 toetab v\u00e4ikeste t\u00f5ugude lihaskonda.<\/li>\n<li><strong>P\u00f5hikoostis: merekalad<\/strong> \u2013 toidus on p\u00f5hilised koostisosad v\u00e4rske l\u00f5he, heeringas, lest ja teised ookeanikalad.<\/li>\n<li><strong>Kana- ja sojavaba<\/strong> \u2013 sobib ka kanaallergiaga v\u00f5i kana talumatusega koertele.<\/li>\n<li><strong>Ilma kunstlike v\u00e4rv-, l\u00f5hna- ja s\u00e4ilitusaineteta<\/strong> \u2013 ainult looduslikud koostisosad.<\/li>\n<li><strong>V\u00e4ike graanulisuurus<\/strong> \u2013 umbes 9 mm l\u00e4bim\u00f5\u00f5duga graanulid sobivad v\u00e4ikesele koerale.<\/li>\n<li><strong>Seedimist toetavad kiudained<\/strong> \u2013 lisatud k\u00f6\u00f6giviljad ja taimsed kiudained toetavad seedimist.<\/li>\n<li><strong>Omega-3 ja omega-6 rasvhapped<\/strong> \u2013 toetavad naha ja karvkatte tervist.<\/li>\n<li><strong>Madalam rasvasisaldus<\/strong> kui paljudel universaalsetel kuivtoitudel (15%), aitab hoida v\u00e4ikese t\u00f5u kehakaalu kontrolli all.<\/li>\n<li><strong>Toetab \u00fcldist tervist ja energiat<\/strong> \u2013 sobib igap\u00e4evaseks toitmiseks v\u00e4ikest kasvu koertele ilma erivajadusteta.<\/li>\n<\/ul>\n<h3>Tehnilised andmed<\/h3>\n<ul>\n<li>Kogus: 1,8 kg<\/li>\n<li>Pakendi m\u00f5\u00f5tmed: 245 x 361 x 106 mm<\/li>\n<li>Kaal: 1840 g<\/li>\n<li>Toorvalk: 40%<\/li>\n<li>Rasvasisaldus: 15%<\/li>\n<li>Toorkiud: 4%<\/li>\n<li>Niiskus: 12%<\/li>\n<li>Gluteenivaba, teraviljavaba, sojavaba, suhkruvaba<\/li>\n<li>EAN: 064992722524<\/li>\n<li>Sobivus: t\u00e4iskasvanud v\u00e4ikest kasvu koerad, k\u00f5ik t\u00f5ud 5\u201310 kg<\/li>\n<li>Pakend: taaskasutatav kott<\/li>\n<\/ul>\n<h3>Kasutamisjuhised<\/h3>\n<p>S\u00f6\u00f6da Orijen Small Breed Marine Fish kuivtoitu vastavalt koera kehakaalule ja aktiivsusele, j\u00e4rgides tootepakendil esitatud soovitusi. Kuivtoitu v\u00f5ib anda nii p\u00f5his\u00f6\u00f6gina kui ka maiusena retkedel ja treeningutel. Toit sobib v\u00e4ikestele t\u00e4iskasvanud koertele ning graanuli suurus (umbes 9 mm) on m\u00f5eldud v\u00e4iksemale koerasuule.<\/p>\n<p>Soovitused:<\/p>\n<ul>\n<li>Hoia toit jahedas, kuivas kohas, kaitstuna otsese p\u00e4ikesevalguse eest.<\/li>\n<li>Tagada koerale alati v\u00e4rske joogivesi.<\/li>\n<li>Puhasta toidukauss regulaarselt, et v\u00e4ltida toidu saastumist.<\/li>\n<li>Kasutada toit \u00e4ra enne pakendil m\u00e4rgitud \u201cparim enne\u201d kuup\u00e4eva.<\/li>\n<\/ul>\n<p>Orijen Small Breed Marine Fish on suurep\u00e4rane valik v\u00e4ikese koera tervise ja igap\u00e4evaste vajaduste toetamiseks \u2013 optimaalne valgusisaldus, k\u00f5rged kvaliteedin\u00f5uded ja looduslikud koostisosad tagavad pikaajalise heaolu.<\/p>\n","protected":false},"excerpt":{"rendered":"<p>Orijen Small Breed Marine Fish on kvaliteetne kalaga kuivtoit v\u00e4ikestele t\u00e4iskasvanud koertele, millel on teraviljavaba koostis ja k\u00f5rge valgusisaldus. Sobib igap\u00e4evaseks toitumiseks, toetab lihaste arengut ja seedimist.<\/p>\n","protected":false},"featured_media":255688,"comment_status":"open","ping_status":"closed","template":"","meta":[],"product_brand":[7199],"product_cat":[7192],"product_tag":[],"class_list":{"0":"post-255689","1":"product","2":"type-product","3":"status-publish","4":"has-post-thumbnail","6":"product_brand-orijen","7":"product_cat-kuivtoit-kassidele","8":"product_shipping_class-action","9":"pa_annustamise-vorm-tahke","10":"pa_gluteenivaba-jah","11":"pa_hoiatused-eemal-otsesest-paikesevalgusest-veendu","12":"pa_hoiatused-et-kauss-oleks-alati-puhas","13":"pa_hoiatused-et-valtida-toidu-saastumist-jargi-pakendil-toodud-toitmisjuhiseid","14":"pa_hoiatused-hoia-kuivas-ja-jahedas-2","15":"pa_ilma-kunstlike-varvideta-jah","16":"pa_kaaluvahemik-1-kg-19-kg","17":"pa_koeratoug-koik-vaikeste-koerte-toud","18":"pa_lemmiku-eluetapp-taiskasvanud","19":"pa_lemmiku-vajadused-puuduvad-erinouded","20":"pa_lemmiku-vanus-taiskasvanu","21":"pa_lisafunktsioonid-gluteenivaba","22":"pa_lisafunktsioonid-kanavaba","23":"pa_lisafunktsioonid-lihaste-areng","24":"pa_lisafunktsioonid-seedimist-toetav","25":"pa_lisafunktsioonid-teraviljavaba","26":"pa_lisafunktsioonid-uldise-tervise-tugi","27":"pa_niiskuse-sisaldus-8134","28":"pa_pakendi-tuup-kott","29":"pa_pohimaitse-kala","30":"pa_proteiin-8149","31":"pa_rasva-sisaldus-7449","32":"pa_sobivus-koerale","33":"pa_sojavaba-jah","34":"pa_suhkruvaba-jah","35":"pa_toorkiud-7460","36":"pa_toorvalk-8790","37":"pa_tou-suurus-vaike-toug-5-10-kg","39":"first","40":"instock","41":"taxable","42":"shipping-taxable","43":"purchasable","44":"product-type-simple"},"_links":{"self":[{"href":"https:\/\/blankpage.ee\/_ruumist-ruumi\/wp-json\/wp\/v2\/product\/255689","targetHints":{"allow":["GET"]}}],"collection":[{"href":"https:\/\/blankpage.ee\/_ruumist-ruumi\/wp-json\/wp\/v2\/product"}],"about":[{"href":"https:\/\/blankpage.ee\/_ruumist-ruumi\/wp-json\/wp\/v2\/types\/product"}],"replies":[{"embeddable":true,"href":"https:\/\/blankpage.ee\/_ruumist-ruumi\/wp-json\/wp\/v2\/comments?post=255689"}],"wp:featuredmedia":[{"embeddable":true,"href":"https:\/\/blankpage.ee\/_ruumist-ruumi\/wp-json\/wp\/v2\/media\/255688"}],"wp:attachment":[{"href":"https:\/\/blankpage.ee\/_ruumist-ruumi\/wp-json\/wp\/v2\/media?parent=255689"}],"wp:term":[{"taxonomy":"product_brand","embeddable":true,"href":"https:\/\/blankpage.ee\/_ruumist-ruumi\/wp-json\/wp\/v2\/product_brand?post=255689"},{"taxonomy":"product_cat","embeddable":true,"href":"https:\/\/blankpage.ee\/_ruumist-ruumi\/wp-json\/wp\/v2\/product_cat?post=255689"},{"taxonomy":"product_tag","embeddable":true,"href":"https:\/\/blankpage.ee\/_ruumist-ruumi\/wp-json\/wp\/v2\/product_tag?post=255689"}],"curies":[{"name":"wp","href":"https:\/\/api.w.org\/{rel}","templated":true}]}}