{"id":257126,"date":"2025-08-06T07:21:33","date_gmt":"2025-08-06T07:21:33","guid":{"rendered":"https:\/\/ruumistruumi.ee\/pood\/bosch-mini-adult-lamb-rice-3-kg-gluteenivaba-kuivtoit-tundliku-kohuga-vaikestele-taiskasvanud-koertele\/"},"modified":"2025-08-16T18:37:26","modified_gmt":"2025-08-16T18:37:26","slug":"bosch-mini-adult-lamb-rice-3-kg-gluteenivaba-kuivtoit-tundliku-kohuga-vaikestele-taiskasvanud-koertele","status":"publish","type":"product","link":"https:\/\/blankpage.ee\/_ruumist-ruumi\/pood\/bosch-mini-adult-lamb-rice-3-kg-gluteenivaba-kuivtoit-tundliku-kohuga-vaikestele-taiskasvanud-koertele\/","title":{"rendered":"Bosch Mini Adult Lamb &amp; Rice 3 kg gluteenivaba kuivtoit tundliku k\u00f5huga v\u00e4ikestele t\u00e4iskasvanud koertele"},"content":{"rendered":"<h3>Bosch Mini Adult Lamb &amp; Rice 3 kg gluteenivaba kuivtoit tundliku k\u00f5huga v\u00e4ikestele t\u00e4iskasvanud koertele<\/h3>\n<p>Bosch Mini Adult Lamb &amp; Rice on spetsiaalselt v\u00e4lja t\u00f6\u00f6tatud gluteenivaba kuivtoit v\u00e4ikestele t\u00e4iskasvanud koertele, kelle kehakaal j\u00e4\u00e4b vahemikku 2\u20135 kg ning kellel v\u00f5ib esineda tundlikku seedimist, toidutalumatust v\u00f5i allergiaid. Selle retsepti p\u00f5hikoostisosad on kvaliteetne lambaliha ja riis, mis on kergesti seeditavad ning tagavad k\u00f5rge toitainesisalduse ka k\u00f5ige n\u00f5udlikumale v\u00e4ikest t\u00f5ugu koerale. Sobib suurep\u00e4raselt n\u00e4iteks maltakoerale, kuid sobib ka k\u00f5ikidele teistele v\u00e4ikest kasvu t\u00f5ugudele. Graanulite suurus on disainitud spetsiaalselt v\u00e4ikestele koertele, et s\u00f6\u00f6tmine oleks lihtne ning parandaks s\u00f6\u00f6giisu ka valivatel koertel.<\/p>\n<h3>Peamised omadused<\/h3>\n<ul>\n<li><strong>Gluteenivaba retsept:<\/strong> sobib koertele, kellel on gluteenitalumatus v\u00f5i tundlik seedimine.<\/li>\n<li><strong>Toidutalumatusega lemmikutele:<\/strong> v\u00e4hendab allergiaohtu t\u00e4nu valitud valgu- ja s\u00fcsivesikuallikatele.<\/li>\n<li><strong>Peamine valguline koostisosa \u2013 lambaliha:<\/strong> maitsev, h\u00e4sti omastatav ning toetab lihaste arengut.<\/li>\n<li><strong>Vitamiinirikas:<\/strong> sisaldab laias valikus vajalikke vitamiine (A, C, D3, E, B1, B2, B3, B5, B6, B9, B12).<\/li>\n<li><strong>Toetab immuunsust ja seedimist:<\/strong> tugevdatud vitamiinide, mineraalide ja kergesti seeditavate koostisosadega.<\/li>\n<li><strong>Graanulite suurus sobib v\u00e4ikestele t\u00f5ugudele:<\/strong> ergutab n\u00e4rimist ja aitab hammaste hooldusel.<\/li>\n<li><strong>P\u00f5himaitse:<\/strong> lambaliha ja riis.<\/li>\n<\/ul>\n<h3>Tehnilised andmed<\/h3>\n<ul>\n<li><strong>Tootekategooria:<\/strong> kuivtoit (sack).<\/li>\n<li><strong>P\u00f5hikoostisosad:<\/strong> lambaliha, riis.<\/li>\n<li><strong>Proteiin:<\/strong> 25%.<\/li>\n<li><strong>Rasv:<\/strong> 14%.<\/li>\n<li><strong>Toorvalk:<\/strong> 6%.<\/li>\n<li><strong>Toorkiud:<\/strong> 2,5%.<\/li>\n<li><strong>Kaltsium:<\/strong> 1,2%.<\/li>\n<li><strong>Fosfor:<\/strong> 0,95%.<\/li>\n<li><strong>Naatrium:<\/strong> 0,3%.<\/li>\n<li><strong>Kaalium:<\/strong> 0,5%.<\/li>\n<li><strong>Seleen:<\/strong> 0,2 mg\/kg.<\/li>\n<li><strong>Raua sisaldus:<\/strong> 140 mg\/kg.<\/li>\n<li><strong>Energeetiline v\u00e4\u00e4rtus (ME):<\/strong> 16 MJ\/kg.<\/li>\n<li><strong>Pantoteenhape (B5):<\/strong> 20 mg\/kg.<\/li>\n<li><strong>Tiamiin (B1):<\/strong> 10 mg\/kg.<\/li>\n<li><strong>B12-vitamiin:<\/strong> 30 \u03bcg\/kg.<\/li>\n<li><strong>E-vitamiin:<\/strong> 70 mg\/kg.<\/li>\n<li><strong>C-vitamiin:<\/strong> 70 mg\/kg.<\/li>\n<li><strong>Niatsiin (B3):<\/strong> 40 mg\/kg.<\/li>\n<li><strong>Biotiin:<\/strong> 250 \u03bcg\/kg.<\/li>\n<li><strong>Kogukaal:<\/strong> 3 kg (pakendikaal 3060 g).<\/li>\n<li><strong>Paki m\u00f5\u00f5dud:<\/strong> 250 \u00d7 80 \u00d7 300 mm.<\/li>\n<li><strong>EAN:<\/strong> 4015598013055.<\/li>\n<\/ul>\n<h3>Kasutamisjuhised<\/h3>\n<p>Toit sobib igap\u00e4evaseks kasutamiseks v\u00e4ikest t\u00f5ugu t\u00e4iskasvanud koertele. J\u00e4rgi pakendil toodud p\u00e4evast toidunormi vastavalt lemmiku kehakaalule. Uuele toidule \u00fcleminekuks soovitatakse j\u00e4rkj\u00e4rgulist vahetust: sega uut toitu eelnevaga ning suurenda j\u00e4rk-j\u00e4rgult uue toidu osakaalu 5\u20137 p\u00e4eva v\u00e4ltel. Tagada tuleb alati puhta joogivee olemasolu.<\/p>\n<p>Toidu v\u00e4rskuse ja kvaliteedi s\u00e4ilitamiseks hoia pakend kuivas, jahedas kohas ning v\u00e4ldi otsest p\u00e4ikesevalgust. Sulge avatuna toidu pakk hoolikalt iga kord p\u00e4rast kasutamist. J\u00e4lgi, et lemmiku s\u00f6\u00f6gikauss oleks puhas, et v\u00e4ltida saastumist.<\/p>\n<h3>Miks valida Bosch Mini Adult Lamb &amp; Rice?<\/h3>\n<ul>\n<li><strong>Sobib tundliku seedimisega v\u00e4ikestele t\u00e4iskasvanud koertele.<\/strong><\/li>\n<li><strong>Gluteenivaba koostis toetab paremat seeduvust ja aitab v\u00e4hendada allergiaohtu.<\/strong><\/li>\n<li><strong>Sisaldab laia vitamiini- ja mineraalide spektrit, toetab \u00fcldist tervist.<\/strong><\/li>\n<li><strong>K\u00f5rge proteiinisisaldus ja kvaliteetne lambaliha aitavad s\u00e4ilitada lihasmassi.<\/strong><\/li>\n<li><strong>V\u00e4iksed graanulid on loodud v\u00e4ikestele koertele.<\/strong><\/li>\n<\/ul>\n<h3>Komplektis ja sobivus<\/h3>\n<ul>\n<li><strong>Pakendis:<\/strong> 3 kg kuivtoitu suletavas kotis.<\/li>\n<li><strong>Sobib k\u00f5igile v\u00e4ikest t\u00f5ugu t\u00e4iskasvanud koertele.<\/strong><\/li>\n<\/ul>\n<p>Kokkuv\u00f5ttes on Bosch Mini Adult Lamb &amp; Rice ideaalne valik tundliku seedimisega v\u00e4ikest kasvu t\u00e4iskasvanud koertele, pakkudes tasakaalustatud toitev\u00e4\u00e4rtust ja toetades lemmiku igap\u00e4evast heaolu ilma gluteenikoormuseta.<\/p>\n","protected":false},"excerpt":{"rendered":"<p>Bosch Mini Adult Lamb &amp; Rice on gluteenivaba kuivtoit tundliku seedimisega v\u00e4ikestele t\u00e4iskasvanud koertele, sisaldab lambaliha ja riisi. Sobib igap\u00e4evaseks toitmiseks ning toetab koera heaolu.<\/p>\n","protected":false},"featured_media":257125,"comment_status":"open","ping_status":"closed","template":"","meta":[],"product_brand":[7377],"product_cat":[7203],"product_tag":[],"class_list":{"0":"post-257126","1":"product","2":"type-product","3":"status-publish","4":"has-post-thumbnail","6":"product_brand-bosch-petfood","7":"product_cat-kuivtoit-koertele","8":"product_shipping_class-action","9":"pa_a-vitamiini-sisaldus-12000-iu-kg","10":"pa_ainevahetusenergia-me-16-mj-kg","11":"pa_b12-vitamiini-sisaldus-30-g-kg","12":"pa_b6-vitamiini-sisaldus-6-mg-kg","13":"pa_biotiini-sisaldus-250-g-kg","14":"pa_c-vitamiini-sisaldus-70-mg-kg","15":"pa_d3-vitamiini-sisaldus-1200-iu-kg","16":"pa_e-vitamiini-sisaldus-70-mg-kg","17":"pa_foolhape-b9-sisaldus-2-mg-kg","18":"pa_fosfor-8518","19":"pa_gluteenivaba-jah","20":"pa_hoiatused-et-koera-kauss-oleks-alati-puhas","21":"pa_hoiatused-et-valtida-toidu-saastumist-jargi-soovituslikku-sootmiskogust-vastavalt-pakendil-toodud-juhistele-hoida-kuivas-ja-jahedas-kohas","22":"pa_hoiatused-hoolitse-selle-eest","23":"pa_hoiatused-kaitstuna-otsese-paikesevalguse-eest-2","24":"pa_joodi-sisaldus-2-mg-kg","25":"pa_kaaliumi-sisaldus-13181","26":"pa_kaaluvahemik-2-kg-49-kg","27":"pa_kaltsium-8532","28":"pa_lemmikloomatoug-malta-koer","29":"pa_lemmiku-eluetapp-taiskasvanud","30":"pa_lemmiku-vajadused-tundlik-koht","31":"pa_lemmiku-vanus-taiskasvanu","32":"pa_lisafunktsioonid-gluteenivaba","33":"pa_lisafunktsioonid-toidutundlikkus","34":"pa_magneesiumi-sisaldus-8248","35":"pa_mangaani-sisaldus-15-mg-kg-3","36":"pa_naatrium-7644","37":"pa_niatsiin-b3-sisaldus-40-mg-kg","38":"pa_pakendi-tuup-kott","39":"pa_pantoteenhape-b5-sisaldus-20-mg-kg","40":"pa_pohimaitse-lambaliha","41":"pa_pohimaitse-riis","42":"pa_proteiin-7539","43":"pa_rasva-sisaldus-7733","44":"pa_raua-sisaldus-140-mg-kg","45":"pa_riboflaviin-b2-sisaldus-10-mg-kg","46":"pa_seleeni-sisaldus-02-mg-kg","47":"pa_sisaldab-vitamiine-a-vitamiin","48":"pa_sisaldab-vitamiine-b1-vitamiin","49":"pa_sisaldab-vitamiine-b12-vitamiin","50":"pa_sisaldab-vitamiine-b2-vitamiin","51":"pa_sisaldab-vitamiine-b3-vitamiin","52":"pa_sisaldab-vitamiine-b6-vitamiin","53":"pa_sisaldab-vitamiine-b9-vitamiin-foolhape","54":"pa_sisaldab-vitamiine-c-vitamiin","55":"pa_sisaldab-vitamiine-d3-vitamiin","56":"pa_sisaldab-vitamiine-e-vitamiin","57":"pa_sobivus-koerale","58":"pa_tiamiin-b1-sisaldus-10-mg-kg","59":"pa_toorkiud-7698","60":"pa_toorvalk-7588","61":"pa_tou-suurus-mini-5-10-kg","62":"pa_tsingi-sisaldus-70-mg-kg","63":"pa_vase-sisaldus-10-mg-kg","65":"first","66":"outofstock","67":"taxable","68":"shipping-taxable","69":"purchasable","70":"product-type-simple"},"_links":{"self":[{"href":"https:\/\/blankpage.ee\/_ruumist-ruumi\/wp-json\/wp\/v2\/product\/257126","targetHints":{"allow":["GET"]}}],"collection":[{"href":"https:\/\/blankpage.ee\/_ruumist-ruumi\/wp-json\/wp\/v2\/product"}],"about":[{"href":"https:\/\/blankpage.ee\/_ruumist-ruumi\/wp-json\/wp\/v2\/types\/product"}],"replies":[{"embeddable":true,"href":"https:\/\/blankpage.ee\/_ruumist-ruumi\/wp-json\/wp\/v2\/comments?post=257126"}],"wp:featuredmedia":[{"embeddable":true,"href":"https:\/\/blankpage.ee\/_ruumist-ruumi\/wp-json\/wp\/v2\/media\/257125"}],"wp:attachment":[{"href":"https:\/\/blankpage.ee\/_ruumist-ruumi\/wp-json\/wp\/v2\/media?parent=257126"}],"wp:term":[{"taxonomy":"product_brand","embeddable":true,"href":"https:\/\/blankpage.ee\/_ruumist-ruumi\/wp-json\/wp\/v2\/product_brand?post=257126"},{"taxonomy":"product_cat","embeddable":true,"href":"https:\/\/blankpage.ee\/_ruumist-ruumi\/wp-json\/wp\/v2\/product_cat?post=257126"},{"taxonomy":"product_tag","embeddable":true,"href":"https:\/\/blankpage.ee\/_ruumist-ruumi\/wp-json\/wp\/v2\/product_tag?post=257126"}],"curies":[{"name":"wp","href":"https:\/\/api.w.org\/{rel}","templated":true}]}}