{"id":257248,"date":"2025-08-06T07:28:43","date_gmt":"2025-08-06T07:28:43","guid":{"rendered":"https:\/\/ruumistruumi.ee\/pood\/arquivet-fresh-duck-10-kg-poolniiske-pardilihaga-gluteenivaba-koeratoit-taiskasvanud-igat-tougu-koertele\/"},"modified":"2025-08-20T22:18:13","modified_gmt":"2025-08-20T22:18:13","slug":"arquivet-fresh-duck-10-kg-poolniiske-pardilihaga-gluteenivaba-koeratoit-taiskasvanud-igat-tougu-koertele","status":"publish","type":"product","link":"https:\/\/blankpage.ee\/_ruumist-ruumi\/pood\/arquivet-fresh-duck-10-kg-poolniiske-pardilihaga-gluteenivaba-koeratoit-taiskasvanud-igat-tougu-koertele\/","title":{"rendered":"ARQUIVET Fresh Duck 10 kg poolniiske pardilihaga gluteenivaba koeratoit t\u00e4iskasvanud igat t\u00f5ugu koertele"},"content":{"rendered":"<h3>ARQUIVET Fresh Duck 10 kg poolniiske pardilihaga gluteenivaba koeratoit t\u00e4iskasvanud igat t\u00f5ugu koertele<\/h3>\n<p>ARQUIVET Fresh Duck with ocean fish on poolniiske kvaliteettoit t\u00e4iskasvanud igat t\u00f5ugu koertele, mis \u00fchendab k\u00f5rge v\u00e4rske pardiliha ja merikalade sisalduse hoolikalt valitud k\u00f6\u00f6giviljade, puuviljade ning \u00fcrtidega. Gluteenivaba koostis sobib ka tundlikuma seedimisega koertele, soja, lihajahu ning kunstlikud v\u00e4rv- ja maitseained on koostises v\u00e4listatud. Toodet k\u00fcpsetatakse aeglaselt madalal temperatuuril, et s\u00e4iliksid v\u00e4\u00e4rtuslikud toitained ning s\u00f6\u00f6da maitse oleks loomulikult isu\u00e4ratav. Kogu koostis toetab koera \u00fcldist tervist ja vastupidavust.<\/p>\n<h3>Peamised omadused<\/h3>\n<ul>\n<li>Poolniiske koostis \u2013 kergesti n\u00e4ritav, maitsev ja h\u00e4sti seeditav<\/li>\n<li>55% v\u00e4rsket parti ja 20% v\u00e4rsket merelist kala (meriahven, tuunikala, sardiin jt)<\/li>\n<li>Gluteenivaba, ilma soja ja kunstlike v\u00e4rvaineteta<\/li>\n<li>Ei sisalda lihajahu ega kunstlikke l\u00f5hna- v\u00f5i maitseaineid<\/li>\n<li>Sobib k\u00f5ikidele t\u00e4iskasvanud koerat\u00f5ugudele \u2013 ka suurematele t\u00f5ugudele<\/li>\n<li>T\u00e4iss\u00f6\u00f6t heaks seeduvuseks ja l\u00e4ikivaks karvkatteks<\/li>\n<li>K\u00fclmpressitud ning aeglaselt madalal temperatuuril valmistatud<\/li>\n<li>Pakend mugavas 10 kg kotis, sobib h\u00e4sti ka mitme koeraga majapidamisse<\/li>\n<\/ul>\n<h3>Tehnilised andmed<\/h3>\n<ul>\n<li>P\u00f5himaitse: Part ja merikalad<\/li>\n<li>Kaal: 10 kg (pakendi kaal 10050 g)<\/li>\n<li>Pakk: Kott<\/li>\n<li>M\u00f5\u00f5tmed: 380 \u00d7 500 \u00d7 100 mm<\/li>\n<li>Graanuli m\u00f5\u00f5t: ca 10 \u00d7 12 mm (sobib h\u00e4sti ka v\u00e4iksematele koertele)<\/li>\n<li>Toorproteiini sisaldus: 27%<\/li>\n<li>Toorrasva sisaldus: 17%<\/li>\n<li>Toorkiud: 1,5%<\/li>\n<li>Toortuhk: 6%<\/li>\n<li>Niiskus: 20%<\/li>\n<li>Energiasisaldus: 3 750 kcal\/kg<\/li>\n<li>Ilma soja ja gluteenita, suhkrulisandita<\/li>\n<li>EAN: 8435117892354<\/li>\n<li>Toote ID: DLPARQKAS0013<\/li>\n<\/ul>\n<h3>Kasutamisjuhised<\/h3>\n<p>ARQUIVET Fresh Duck poolniisket koeratoitu soovitatakse pakkuda t\u00e4iskasvanud koertele vastavalt pakendil toodud p\u00e4evasele annusele, l\u00e4htudes koera kehakaalust. N\u00e4iteks 10 kg koerale umbes 165 g p\u00e4evas. Toit sobib k\u00f5ikidele t\u00f5u suurustele. Koeral peab alati olema vabalt k\u00e4ttesaadav v\u00e4rske vesi. Hoidke toitu kuivas, jahedas ning p\u00e4ikesevalguse eest kaitstud kohas, et s\u00e4ilitada selle v\u00e4rskus ja kvaliteet kogu s\u00e4ilitusaja jooksul. P\u00e4rast koti avamist sulgege see tihedalt. Puhastage koerakauss regulaarselt, et v\u00e4ltida s\u00f6\u00f6da saastumist.<\/p>\n<h3>Miks valida ARQUIVET Fresh Duck poolniiske pardilihaga koeratoit?<\/h3>\n<ul>\n<li>Toetab koera igap\u00e4evast \u00fcldtervist ja eluj\u00f5udu naturaalse koostisega<\/li>\n<li>Gluteenivaba ning ilma kunstlike lisanditeta \u2013 sobib h\u00e4sti ka tundliku seedimisega lemmikule<\/li>\n<li>Suur lihasisaldus ja v\u00e4rske kala toetavad lihaste arengut ja tugevdavad organismi<\/li>\n<li>Pehmem kui t\u00fc\u00fcpiline kuivtoit \u2013 ideaalne neile, kellele meeldib lihtsam n\u00e4rimine<\/li>\n<li>Pakub pikaajalist kokkuhoidu ja mugavust t\u00e4nu suurele pakendimahule<\/li>\n<\/ul>\n","protected":false},"excerpt":{"rendered":"<p>Gluteenivaba poolniiske pardilihaga koeratoit t\u00e4iskasvanud igat t\u00f5ugu koertele, sisaldab 55% v\u00e4rsket parti ja 20% merelist kala. Toit tagab hea seeduvuse ja maitseelamuse.<\/p>\n","protected":false},"featured_media":257247,"comment_status":"open","ping_status":"closed","template":"","meta":[],"product_brand":[7164],"product_cat":[7203],"product_tag":[],"class_list":{"0":"post-257248","1":"product","2":"type-product","3":"status-publish","4":"has-post-thumbnail","6":"product_brand-arquivet","7":"product_cat-kuivtoit-koertele","8":"product_shipping_class-action","9":"pa_annustamise-vorm-tahke","10":"pa_gluteenivaba-jah","11":"pa_hoiatused-et-koera-kauss-oleks-alati-puhas","12":"pa_hoiatused-et-valtida-toidu-saastumist-jargige-pakendil-toodud-soovitatavat-sootmiskogust","13":"pa_hoiatused-hoida-kuivas-ja-jahedas-2","14":"pa_hoiatused-otsese-paikesevalguse-eest-kaitstud-kohas-veenduge","15":"pa_ilma-kunstlike-varvideta-jah","16":"pa_kaaluvahemik-10-kg-159-kg","17":"pa_koeratoug-koik-toud","18":"pa_lemmiku-eluetapp-taiskasvanud","19":"pa_lemmiku-vajadused-ei-ole-spetsiifilisi-vajadusi","20":"pa_lemmiku-vanus-taiskasvanu","21":"pa_lisafunktsioonid-gluteenivaba","22":"pa_lisafunktsioonid-uldtervis","23":"pa_pakendi-tuup-kott","24":"pa_pohimaitse-part","25":"pa_proteiin-7486","26":"pa_rasva-sisaldus-7439","27":"pa_sobivus-koerale","28":"pa_sojavaba-jah","29":"pa_suhkruvaba-andmed-puuduvad","30":"pa_toorkiud-7713","31":"pa_toorvalk-7588","32":"pa_tou-suurus-sobib-koikidele-tougudele","34":"first","35":"instock","36":"taxable","37":"shipping-taxable","38":"purchasable","39":"product-type-simple"},"_links":{"self":[{"href":"https:\/\/blankpage.ee\/_ruumist-ruumi\/wp-json\/wp\/v2\/product\/257248","targetHints":{"allow":["GET"]}}],"collection":[{"href":"https:\/\/blankpage.ee\/_ruumist-ruumi\/wp-json\/wp\/v2\/product"}],"about":[{"href":"https:\/\/blankpage.ee\/_ruumist-ruumi\/wp-json\/wp\/v2\/types\/product"}],"replies":[{"embeddable":true,"href":"https:\/\/blankpage.ee\/_ruumist-ruumi\/wp-json\/wp\/v2\/comments?post=257248"}],"wp:featuredmedia":[{"embeddable":true,"href":"https:\/\/blankpage.ee\/_ruumist-ruumi\/wp-json\/wp\/v2\/media\/257247"}],"wp:attachment":[{"href":"https:\/\/blankpage.ee\/_ruumist-ruumi\/wp-json\/wp\/v2\/media?parent=257248"}],"wp:term":[{"taxonomy":"product_brand","embeddable":true,"href":"https:\/\/blankpage.ee\/_ruumist-ruumi\/wp-json\/wp\/v2\/product_brand?post=257248"},{"taxonomy":"product_cat","embeddable":true,"href":"https:\/\/blankpage.ee\/_ruumist-ruumi\/wp-json\/wp\/v2\/product_cat?post=257248"},{"taxonomy":"product_tag","embeddable":true,"href":"https:\/\/blankpage.ee\/_ruumist-ruumi\/wp-json\/wp\/v2\/product_tag?post=257248"}],"curies":[{"name":"wp","href":"https:\/\/api.w.org\/{rel}","templated":true}]}}