{"id":257654,"date":"2025-08-06T07:52:23","date_gmt":"2025-08-06T07:52:23","guid":{"rendered":"https:\/\/ruumistruumi.ee\/pood\/natures-protection-superior-care-lohega-gluteenivaba-kuivtoit-vaikest-tougu-taiskasvanud-koertele-10-kg\/"},"modified":"2025-08-21T09:53:32","modified_gmt":"2025-08-21T09:53:32","slug":"natures-protection-superior-care-lohega-gluteenivaba-kuivtoit-vaikest-tougu-taiskasvanud-koertele-10-kg","status":"publish","type":"product","link":"https:\/\/blankpage.ee\/_ruumist-ruumi\/pood\/natures-protection-superior-care-lohega-gluteenivaba-kuivtoit-vaikest-tougu-taiskasvanud-koertele-10-kg\/","title":{"rendered":"Nature&#8217;s Protection Superior Care l\u00f5hega gluteenivaba kuivtoit v\u00e4ikest t\u00f5ugu t\u00e4iskasvanud koertele, 10 kg"},"content":{"rendered":"<h3>Nature&#8217;s Protection Superior Care gluteenivaba kuivtoit v\u00e4ikest kasvu kutsikatele 10 kg<\/h3>\n<p>Nature&#8217;s Protection Superior Care White Dogs Grain Free Junior Small Bia\u0142oryba on spetsiaalselt v\u00e4ikest ja k\u00e4\u00e4buskasvu kutsikatele (sh tundliku naha ning valge v\u00f5i heleda karvastikuga t\u00f5ugudele) m\u00f5eldud gluteenivaba kuivtoit. Selle p\u00f5hikoostis on valge kala, tagades hea seeduvuse ning madala allergiariski. Toode sobib kutsikatele, kellel on teravilja- v\u00f5i kanaallergia, ning toetab nii naha kui ka karvkatte tervist, seedimist ja kutsika igak\u00fclgset arengut.<\/p>\n<h3>Peamised omadused<\/h3>\n<ul>\n<li><strong>Gluteenivaba koostis<\/strong> \u2013 sobib tundliku seedimise v\u00f5i teraviljatalumatusega lemmikutele.<\/li>\n<li><strong>K\u00f5rge loomse valgu sisaldus<\/strong> \u2013 p\u00f5hikoostises on valge kala (42%) ja l\u00f5he, mis toetavad lihaste arengut ning naha tervist.<\/li>\n<li><strong>Ilma kanaliha, soja, suhkru ja kunstlike v\u00e4rvaineteta<\/strong> \u2013 v\u00e4hendab allergiariski.<\/li>\n<li><strong>Toetab karva ja naha tervist<\/strong> \u2013 sisaldab oomega-3 ja oomega-6 rasvhappeid.<\/li>\n<li><strong>Pisarateplekkide v\u00e4hendamine<\/strong> \u2013 aitab v\u00e4ltida pruunide pisaraj\u00e4lgede teket heleda karvaga koertel.<\/li>\n<li><strong>Lisatud MicroZeoGen mineraal<\/strong> \u2013 toetab seedimist ja kehast toksiinide v\u00e4ljutamist.<\/li>\n<li><strong>V\u00e4ikest t\u00f5ugu kutsikatele sobiv graanulisuurus<\/strong> \u2013 lihtne n\u00e4rida ja neelata v\u00e4ikest kasvu kutsikatel.<\/li>\n<li><strong>K\u00f5rge toitev\u00e4\u00e4rtus<\/strong> \u2013 sobib aktiivse kasvava kutsika p\u00e4evaseks toitmiseks.<\/li>\n<\/ul>\n<h3>Tehnilised andmed<\/h3>\n<ul>\n<li>P\u00f5himaitse: valge kala ja l\u00f5he<\/li>\n<li>Pakendi kaal: 10 kg (kott)<\/li>\n<li>Toote kogukaal koos pakendiga: 10 150 g<\/li>\n<li>M\u00f5\u00f5tmed: 562 x 140 x 397 mm<\/li>\n<li>Proteiin: 25%<\/li>\n<li>Rasvasisaldus: 15%<\/li>\n<li>Toorkiud: 3,5%<\/li>\n<li>Toorvalk: 9,5%<\/li>\n<li>Sobib v\u00e4ikestele ja k\u00e4\u00e4buskasvu t\u00f5ugudele (t\u00e4iskasvanuna 5\u201310 kg)<\/li>\n<li>Vastab kasvavate koerte vajadustele, eriti valge\/heleda karvaga t\u00f5ugudel<\/li>\n<li>EAN: 4771317458353<\/li>\n<li>Toote ID: DLPNPOKAS0008<\/li>\n<\/ul>\n<h3>Kasutamisjuhised<\/h3>\n<p>Serveeri kuivtoit loomale kuivalt, lisatoitusid pole vaja. V\u00e4rske, puhas vesi peab alati olema saadaval. Toitmissoovitused (p\u00e4evane kogus kehakaalu j\u00e4rgi) leiad pakendilt \u2013 vajadusel kohanda koguseid kutsika vanuse, aktiivsuse ja seisundi j\u00e4rgi. S\u00e4ilita kuivtoit kuivas ja jahedas, otsese p\u00e4ikese eest kaitstult. Koera toidukauss hoia alati puhtana, et v\u00e4ltida toidu saastumist.<\/p>\n<h3>Lisainfo<\/h3>\n<p>Nature&#8217;s Protection Superior Care sari paistab silma k\u00f5rge toitev\u00e4\u00e4rtuse, allergiavaba retsepti ning spetsiaalse mineraalisegu MicroZeoGen poolest, mis parandab seedimist ja toitainete omastamist. Gluteenivaba l\u00f5hekoeratoit v\u00e4ikestele koertele sobib igap\u00e4evaseks kasutamiseks, kui otsid usaldusv\u00e4\u00e4rset, h\u00e4sti talutavat ning funktsionaalset kuivtoitu. Toode on valmistatud sertifitseeritud toorainest ja vastab Euroopa kvaliteedin\u00f5uetele.<\/p>\n","protected":false},"excerpt":{"rendered":"<p>Nature&#8217;s Protection gluteenivaba l\u00f5hekoeratoit v\u00e4ikestele t\u00f5ugudele sobib t\u00e4iskasvanud koertele, toetab naha ja seedimise tervist. Koostises pole teravilja ega kunstlikke v\u00e4rvaineid, mis sobib eriti tundlikele lemmikutele.<\/p>\n","protected":false},"featured_media":257653,"comment_status":"open","ping_status":"closed","template":"","meta":[],"product_brand":[7213],"product_cat":[7203],"product_tag":[],"class_list":{"0":"post-257654","1":"product","2":"type-product","3":"status-publish","4":"has-post-thumbnail","6":"product_brand-natures-protection","7":"product_cat-kuivtoit-koertele","8":"product_shipping_class-action","9":"pa_annustamise-vorm-tahke","10":"pa_gluteenivaba-jah","11":"pa_hoiatused-eemal-otsesest-paikesevalgusest","12":"pa_hoiatused-et-valtida-toidu-saastumist-jargi-pakendil-toodud-toitmissoovitusi-sailita-jahedas-ja-kuivas","13":"pa_hoiatused-hoia-koera-toidukauss-alati-puhas","14":"pa_hooajapakkumine-suvi-koos-lemmikuga","15":"pa_ilma-kunstlike-varvideta-jah","16":"pa_kaaluvahemik-10-kg-159-kg","17":"pa_koeratoug-koik-kaabus-ja-vaikest-tougu-koerad","18":"pa_lemmiku-eluetapp-taiskasvanud","19":"pa_lemmiku-vajadused-naha-tervise-parandamine","20":"pa_lemmiku-vajadused-nahk-ja-karvastik","21":"pa_lemmiku-vajadused-oige-seedimine","22":"pa_lemmiku-vajadused-teraviljatalumatus","23":"pa_lemmiku-vajadused-toiduallergia","24":"pa_lemmiku-vanus-taiskasvanu","25":"pa_lisafunktsioonid-gluteenivaba","26":"pa_lisafunktsioonid-ilma-kanata","27":"pa_lisafunktsioonid-karv-ja-nahk","28":"pa_lisafunktsioonid-seedimise-tugi","29":"pa_lisafunktsioonid-teraviljavaba","30":"pa_lisafunktsioonid-toidutundlikkus","31":"pa_pakendi-tuup-kott","32":"pa_pohimaitse-lohe","33":"pa_proteiin-7539","34":"pa_rasva-sisaldus-7449","35":"pa_sobivus-koertele","36":"pa_sojavaba-jah","37":"pa_suhkruvaba-jah","38":"pa_toorkiud-8049","39":"pa_toorvalk-11940","40":"pa_tou-suurus-vaike-toug-5-10-kg","42":"first","43":"instock","44":"taxable","45":"shipping-taxable","46":"purchasable","47":"product-type-simple"},"_links":{"self":[{"href":"https:\/\/blankpage.ee\/_ruumist-ruumi\/wp-json\/wp\/v2\/product\/257654","targetHints":{"allow":["GET"]}}],"collection":[{"href":"https:\/\/blankpage.ee\/_ruumist-ruumi\/wp-json\/wp\/v2\/product"}],"about":[{"href":"https:\/\/blankpage.ee\/_ruumist-ruumi\/wp-json\/wp\/v2\/types\/product"}],"replies":[{"embeddable":true,"href":"https:\/\/blankpage.ee\/_ruumist-ruumi\/wp-json\/wp\/v2\/comments?post=257654"}],"wp:featuredmedia":[{"embeddable":true,"href":"https:\/\/blankpage.ee\/_ruumist-ruumi\/wp-json\/wp\/v2\/media\/257653"}],"wp:attachment":[{"href":"https:\/\/blankpage.ee\/_ruumist-ruumi\/wp-json\/wp\/v2\/media?parent=257654"}],"wp:term":[{"taxonomy":"product_brand","embeddable":true,"href":"https:\/\/blankpage.ee\/_ruumist-ruumi\/wp-json\/wp\/v2\/product_brand?post=257654"},{"taxonomy":"product_cat","embeddable":true,"href":"https:\/\/blankpage.ee\/_ruumist-ruumi\/wp-json\/wp\/v2\/product_cat?post=257654"},{"taxonomy":"product_tag","embeddable":true,"href":"https:\/\/blankpage.ee\/_ruumist-ruumi\/wp-json\/wp\/v2\/product_tag?post=257654"}],"curies":[{"name":"wp","href":"https:\/\/api.w.org\/{rel}","templated":true}]}}