{"id":258684,"date":"2025-08-06T08:49:44","date_gmt":"2025-08-06T08:49:44","guid":{"rendered":"https:\/\/ruumistruumi.ee\/pood\/acana-singles-grass-fed-lamb-114-kg-gluteenivaba-kuivtoit-taiskasvanud-koertele-tundliku-seedimise-ja-allergia-korral\/"},"modified":"2025-08-21T08:58:26","modified_gmt":"2025-08-21T08:58:26","slug":"acana-singles-grass-fed-lamb-114-kg-gluteenivaba-kuivtoit-taiskasvanud-koertele-tundliku-seedimise-ja-allergia-korral","status":"publish","type":"product","link":"https:\/\/blankpage.ee\/_ruumist-ruumi\/pood\/acana-singles-grass-fed-lamb-114-kg-gluteenivaba-kuivtoit-taiskasvanud-koertele-tundliku-seedimise-ja-allergia-korral\/","title":{"rendered":"ACANA Singles Grass-Fed Lamb 11,4 kg gluteenivaba kuivtoit t\u00e4iskasvanud koertele tundliku seedimise ja allergia korral"},"content":{"rendered":"<h3>Lambalihaga gluteenivaba koeratoit ACANA Singles Grass-Fed Lamb 11,4 kg<\/h3>\n<p>ACANA Singles Grass-Fed Lamb on piiratud koostisega gluteenivaba kuivtoit, mis on loodud t\u00e4iskasvanud koertele toiduallergiate, talumatuste ja tundliku seedimise korral. See monoproteiinne ning teraviljavaba toit sisaldab ainult \u00fchte loomset valguallikat \u2013 lambaliha \u2013 ja sobib h\u00e4sti koertele, kellel esineb seedimis- v\u00f5i nahaprobleeme. Valem p\u00f5hineb rohuga toidetud lambalihal, aidates tugevdada lihasmassi ning pakkudes looduslikke oomega-rasvhappeid ja olulisi mineraale ilma lisatud suhkru, soja v\u00f5i kanalihata. ACANA toidus puuduvad kunstlikud v\u00e4rvained ja s\u00e4ilitusained.<\/p>\n<h3>Peamised omadused<\/h3>\n<ul>\n<li><strong>Monoproteiinne:<\/strong> ainus loomne valguallikas on lambaliha, sobib h\u00e4sti allergiatele kalduvatele koertele.<\/li>\n<li><strong>Gluteenivaba ja teraviljavaba:<\/strong> ei sisalda nisu, maisi, otra, soja ega gluteeni.<\/li>\n<li><strong>Kana- ja sojavaba:<\/strong> v\u00e4listab levinud allergeenid ning sobib toidutalumatusega koertele.<\/li>\n<li><strong>T\u00e4iskasvanud koertele k\u00f5ikides suurustes:<\/strong> sobib igas suuruses ja igat t\u00f5ugu koertele.<\/li>\n<li><strong>Ilma kunstlike v\u00e4rv- ja s\u00e4ilitusaineteta:<\/strong> loomulik ja puhas koostis.<\/li>\n<li><strong>Tervislik seedimine:<\/strong> sisaldab \u00f5unu ja k\u00f6\u00f6givilju, mis toetavad seedimist.<\/li>\n<li><strong>Suhkruvaba retsept:<\/strong> ei sisalda lisatud suhkrut, mis tagab tasakaalustatud toitumise.<\/li>\n<li><strong>Lihasmassi toetus:<\/strong> k\u00f5rge proteiinisisaldus (31%) toetab lihaskonna tugevust ja s\u00e4ilimist.<\/li>\n<\/ul>\n<h3>Tehnilised andmed<\/h3>\n<ul>\n<li>Kogus: 11,4 kg (suur kott, sobib suurematele ja mitmele koerale)<\/li>\n<li>Toote m\u00f5\u00f5dud: 550 x 370 x 100 mm<\/li>\n<li>Pakend: tugev kott<\/li>\n<li>Lemmiku vanus: t\u00e4iskasvanud koerad<\/li>\n<li>Koerat\u00f5ug: sobib k\u00f5igile t\u00f5ugudele<\/li>\n<li>Kaaluvahemik: 10\u201315,9 kg<\/li>\n<li>P\u00f5himaitse: lambaliha<\/li>\n<li>Niiskusesisaldus: 12%<\/li>\n<li>Proteiin: 31%<\/li>\n<li>Rasvasisaldus: 15%<\/li>\n<li>Toorkiud: 5%<\/li>\n<li>Toorvalk: 7,5%<\/li>\n<li>Suhkru- ja sojavaba<\/li>\n<li>EAN: 064992570125<\/li>\n<\/ul>\n<h3>Kasutamisjuhised<\/h3>\n<p>J\u00e4lgi pakendil toodud toitmisjuhiseid ning kohanda s\u00f6\u00f6dakogus vastavalt koera vanusele, aktiivsusele ja kehakaalule. Toit sobib igap\u00e4evaseks kasutamiseks ning aitab v\u00e4hendada toidust p\u00f5hjustatud talumatust ja allergilisi reaktsioone. \u00dcleminekul uuele toidule soovitatakse seda olemasoleva toiduga j\u00e4rk-j\u00e4rgult segada, et koera seedes\u00fcsteem harjuks.<\/p>\n<p>Hoia kuivtoitu jahedas ja kuivas kohas, kaitstuna otsese p\u00e4ikesevalguse eest. Puhasta koera toidukauss korrap\u00e4raselt, et tagada v\u00e4rske ja ohutu toit igal s\u00f6\u00f6gikorral.<\/p>\n<h3>Praktilisus ja sobivus<\/h3>\n<p>ACANA Singles Grass-Fed Lamb 11,4 kg sobib k\u00f5igile t\u00e4iskasvanud koerat\u00f5ugudele, sh suurtele ja v\u00e4ikestele t\u00f5ugudele. Monoproteiinne koostis on eriti sobilik tundliku seedimise v\u00f5i allergiaga koertele. Toode on kasutusvalmis kohe p\u00e4rast koti avamist.<\/p>\n<h3>Kvaliteet ja vastupidavus<\/h3>\n<p>ACANA kasutab ainult kvaliteetseid, inimesele k\u00f5lblikke v\u00e4rskeid ja tooreid koostisosi. Tootmine vastab k\u00f5rgetele rahvusvahelistele standarditele ning toodet iseloomustab k\u00f5rge toitev\u00e4\u00e4rtus, hea seeduvus ja usaldusv\u00e4\u00e4rne kvaliteedikontroll. Pakend on tugev ning h\u00e4sti suletav, mis hoiab kr\u00f5binad kaua v\u00e4rskena.<\/p>\n<h3>Komplektis<\/h3>\n<ul>\n<li>1 \u00d7 11,4 kg lambalihaga gluteenivaba koeratoitu<\/li>\n<\/ul>\n<p>Lisavarustus pole kohustuslik. Tagada tuleks alati v\u00e4rske joogivee olemasolu ning kasutada v\u00f5ib \u00f5hukindlat mahutit s\u00e4ilitamiseks.<\/p>\n<h3>Kas see on oma hinda v\u00e4\u00e4rt?<\/h3>\n<p>ACANA Singles Grass-Fed Lamb pakub pikaajalist v\u00e4\u00e4rtust t\u00e4nu k\u00f5rgele toitev\u00e4\u00e4rtusele, looduslikele koostisosadele ja allergiavabale retseptile. See lambalihaga gluteenivaba koeratoit on hea valik teadlikule koeraomanikule, kes hindab kvaliteeti, lihtsust ja lemmiku tervist.<\/p>\n","protected":false},"excerpt":{"rendered":"<p>ACANA Singles Grass-Fed Lamb on gluteenivaba lambalihaga kuivtoit t\u00e4iskasvanud koertele, mis sobib h\u00e4sti toiduallergiate ja tundliku seedimisega lemmikutele.<\/p>\n","protected":false},"featured_media":258683,"comment_status":"open","ping_status":"closed","template":"","meta":[],"product_brand":[7194],"product_cat":[7203],"product_tag":[],"class_list":{"0":"post-258684","1":"product","2":"type-product","3":"status-publish","4":"has-post-thumbnail","6":"product_brand-acana","7":"product_cat-kuivtoit-koertele","8":"product_shipping_class-action","9":"pa_annustamise-vorm-tahke","10":"pa_gluteenivaba-jah","11":"pa_hoiatused-eemal-otsesest-paikesevalgusest-2","12":"pa_hoiatused-et-valtida-toidu-saastumist","13":"pa_hoiatused-jargi-pakendil-toodud-soovituslikku-sootmiskogust","14":"pa_hoiatused-koera-kauss-peab-alati-olema-puhas","15":"pa_hoiatused-sailitada-kuivas-ja-jahedas-kohas","16":"pa_ilma-kunstlike-varvideta-jah","17":"pa_kaaluvahemik-10-kg-159-kg","18":"pa_koeratoug-koik-toud","19":"pa_lemmiku-eluetapp-taiskasvanud","20":"pa_lemmiku-vajadused-toiduallergia","21":"pa_lemmiku-vajadused-toidutalumatuse-vahendamine","22":"pa_lemmiku-vanus-taiskasvanu","23":"pa_lisafunktsioonid-allergiavastane","24":"pa_lisafunktsioonid-gluteenivaba","25":"pa_lisafunktsioonid-kanavaba","26":"pa_lisafunktsioonid-lihaste-ehitamine","27":"pa_lisafunktsioonid-monoproteiinne","28":"pa_lisafunktsioonid-teraviljavaba","29":"pa_niiskuse-sisaldus-8134","30":"pa_pakendi-tuup-kott","31":"pa_pohimaitse-lambaliha","32":"pa_proteiin-7895","33":"pa_rasva-sisaldus-7449","34":"pa_seeria-acana-singles","35":"pa_sobivus-koerale","36":"pa_sojavaba-jah","37":"pa_suhkruvaba-jah","38":"pa_toorkiud-7409","39":"pa_toorvalk-8020","40":"pa_tou-suurus-sobib-koigile-tougudele","42":"first","43":"instock","44":"taxable","45":"shipping-taxable","46":"purchasable","47":"product-type-simple"},"_links":{"self":[{"href":"https:\/\/blankpage.ee\/_ruumist-ruumi\/wp-json\/wp\/v2\/product\/258684","targetHints":{"allow":["GET"]}}],"collection":[{"href":"https:\/\/blankpage.ee\/_ruumist-ruumi\/wp-json\/wp\/v2\/product"}],"about":[{"href":"https:\/\/blankpage.ee\/_ruumist-ruumi\/wp-json\/wp\/v2\/types\/product"}],"replies":[{"embeddable":true,"href":"https:\/\/blankpage.ee\/_ruumist-ruumi\/wp-json\/wp\/v2\/comments?post=258684"}],"wp:featuredmedia":[{"embeddable":true,"href":"https:\/\/blankpage.ee\/_ruumist-ruumi\/wp-json\/wp\/v2\/media\/258683"}],"wp:attachment":[{"href":"https:\/\/blankpage.ee\/_ruumist-ruumi\/wp-json\/wp\/v2\/media?parent=258684"}],"wp:term":[{"taxonomy":"product_brand","embeddable":true,"href":"https:\/\/blankpage.ee\/_ruumist-ruumi\/wp-json\/wp\/v2\/product_brand?post=258684"},{"taxonomy":"product_cat","embeddable":true,"href":"https:\/\/blankpage.ee\/_ruumist-ruumi\/wp-json\/wp\/v2\/product_cat?post=258684"},{"taxonomy":"product_tag","embeddable":true,"href":"https:\/\/blankpage.ee\/_ruumist-ruumi\/wp-json\/wp\/v2\/product_tag?post=258684"}],"curies":[{"name":"wp","href":"https:\/\/api.w.org\/{rel}","templated":true}]}}