{"id":259463,"date":"2025-08-07T09:26:09","date_gmt":"2025-08-07T09:26:09","guid":{"rendered":"https:\/\/ruumistruumi.ee\/pood\/brit-premium-by-nature-light-3-kg-kalkuniga-kuivtoit-taiskasvanud-ja-eakatele-koertele-kehakaalu-kontrolliks\/"},"modified":"2025-08-21T08:45:05","modified_gmt":"2025-08-21T08:45:05","slug":"brit-premium-by-nature-light-3-kg-kalkuniga-kuivtoit-taiskasvanud-ja-eakatele-koertele-kehakaalu-kontrolliks","status":"publish","type":"product","link":"https:\/\/blankpage.ee\/_ruumist-ruumi\/pood\/brit-premium-by-nature-light-3-kg-kalkuniga-kuivtoit-taiskasvanud-ja-eakatele-koertele-kehakaalu-kontrolliks\/","title":{"rendered":"Brit Premium by Nature Light 3 kg kalkuniga kuivtoit t\u00e4iskasvanud ja eakatele koertele kehakaalu kontrolliks"},"content":{"rendered":"<h3>Brit Premium by Nature Light 3 kg kalkuniga kuivtoit t\u00e4iskasvanud ja eakatele koertele kehakaalu kontrolliks<\/h3>\n<p>Brit Premium by Nature Light Turkey &amp; Oat 3 kg on spetsiaalselt loodud kuivtoit t\u00e4iskasvanud ja eakatele koertele, kellel on kalduvus \u00fclekaalule v\u00f5i kes vajavad kehakaalu reguleerimist. Toodet iseloomustab k\u00f5rge kalkuni- ja kaerasisaldus, mis toetab seedimist ning aitab hoida koera aktiivsena liigse energiata. See dieettoit sobib k\u00f5ikidele t\u00f5ugudele ja aitab tagada sinu lemmikule heaolu ning pikemat eluiga.<\/p>\n<h3>Peamised omadused<\/h3>\n<ul>\n<li>V\u00e4hendatud rasvasisaldusega (8%) koeratoit, mis toetab kehakaalu kontrolli<\/li>\n<li>K\u00f5rge valgusisaldus (28%) lihasmassi s\u00e4ilitamiseks<\/li>\n<li>P\u00f5himaitseks kalkun \u2013 kergesti seeditav ning sobib ka tundliku seedimisega koertele<\/li>\n<li>Lisatud kaer pikema t\u00e4isk\u00f5hutunde ja parema seedimise nimel<\/li>\n<li>Suhkru-, laktoosi- ja sojavaba<\/li>\n<li>Ei sisalda kunstlikke v\u00e4rvaineid ega s\u00e4ilitusaineid<\/li>\n<li>Sobib steriliseeritud, \u00fclekaalulisele ja eakale koerale<\/li>\n<li>Sobiv k\u00f5igile t\u00f5ugudele ja suurustele<\/li>\n<li>Valmistatud ainult kvaliteetsetest loomsetest ja taimsetest koostisosadest<\/li>\n<li>Pakend: 3 kg kott, sobilik v\u00e4ikesele ja keskmisele koerale<\/li>\n<\/ul>\n<h3>Tehnilised andmed<\/h3>\n<ul>\n<li>Kaal: 3,06 kg (netokaal: 3 kg, pakendiga 3060 g)<\/li>\n<li>M\u00f5\u00f5tmed: 250 x 90 x 300 mm<\/li>\n<li>Toote ID: DLZRITKAR0001<\/li>\n<li>EAN: 8595602526581<\/li>\n<li>Peamised koostisosad: kalkuniliha, kaer, deh\u00fcdreeritud kana, nisu, \u00f5unapulp, bambus, mais, l\u00f5he\u00f5li, \u00f5llep\u00e4rm, taimede ekstraktid<\/li>\n<li>Toorvalk: 28%, Toorrasv: 8%, Toorkiud: 6,5%, Niiskus: 10%, Toortuhk: 7,6%<\/li>\n<li>Energia: 3180 kcal\/kg<\/li>\n<li>Tervisefunktsioonid: omega-3 rasvhapped s\u00fcdamele, liigeste tugi (kollageen, kondroitiin, gl\u00fckoosamiin), immuunsust ja seedimist toetavad prebiootikumid, puuviljad, \u00fcrdid<\/li>\n<\/ul>\n<h3>Kasutusjuhised<\/h3>\n<p>Brit Premium by Nature Light kalkuniga dieetkoeratoit sobib andmiseks igap\u00e4evatoiduna kuivalt v\u00f5i niisutatult leige veega. \u00dcleminekul uuele toidule sega seda vana toiduga 3\u20135 p\u00e4eva jooksul. P\u00e4evane toitmisnorm s\u00f5ltub looma kehakaalust, vanusest ja aktiivsest elustiilist \u2013 j\u00e4rgi pakendil toodud annustamist. Kauss olgu alati puhas ja koerale peab alati k\u00e4ttesaadav olema v\u00e4rske joogivesi. Hoida kuivas ja jahedas, otsese p\u00e4ikesevalguse eest kaitstud kohas.<\/p>\n<h3>Lisainfo ja eelised<\/h3>\n<ul>\n<li>Dieettoit sobib kaaluprobleemidega, steriliseeritud v\u00f5i eakale koerale<\/li>\n<li>Gluteeni- ja sojavaba \u2013 sobiv ka tundliku seedimisega koertele<\/li>\n<li>Looduslikult suhkruta, kunstlike v\u00e4rvainete ja s\u00e4ilitusaineteta<\/li>\n<li>Valmistatud Euroopas kaasaegseid kvaliteedistandardeid j\u00e4rgides<\/li>\n<li>Pakendis 1 x 3 kg; toitmiskauss ja m\u00f5\u00f5dulusikas vajadusel eraldi<\/li>\n<li>Brit Premium by Nature sari \u00fchendab looduslikud toorained ja teadusliku tasakaalu, tagades kvaliteetse igap\u00e4evase toidu.<\/li>\n<\/ul>\n","protected":false},"excerpt":{"rendered":"<p>Brit Premium by Nature Light kalkuniga kuivtoit on v\u00e4hendatud rasvasisaldusega t\u00e4istoit t\u00e4iskasvanud ja eakatele koertele, sobib ideaalselt kehakaalu kontrolliks.<\/p>\n","protected":false},"featured_media":259462,"comment_status":"open","ping_status":"closed","template":"","meta":[],"product_brand":[7179],"product_cat":[7203],"product_tag":[],"class_list":{"0":"post-259463","1":"product","2":"type-product","3":"status-publish","4":"has-post-thumbnail","6":"product_brand-brit","7":"product_cat-kuivtoit-koertele","8":"product_shipping_class-action","9":"pa_annustamise-vorm-tahke","10":"pa_gluteenivaba-ei","11":"pa_hoiatused-et-koera-soogikauss-oleks-alati-puhas","12":"pa_hoiatused-et-valtida-toidu-saastumist-jargi-sootmise-soovituslikku-normi-vastavalt-pakendil-toodud-juhistele-hoida-kuivas-ja-jahedas","13":"pa_hoiatused-otsese-paikesevalguse-eest-kaitstult","14":"pa_hoiatused-veendu","15":"pa_hooajapakkumine-pannkoogipaev","16":"pa_ilma-kunstlike-varvideta-jah","17":"pa_kaaluvahemik-2-kg-49-kg","18":"pa_koeratoug-koik-toud","19":"pa_laktoosivaba-jah","20":"pa_lemmiku-eluetapp-eakad","21":"pa_lemmiku-eluetapp-taiskasvanud","22":"pa_lemmiku-vajadused-aitab-sailitada-tervislikku-kehakaalu","23":"pa_lemmiku-vajadused-kalduvus-ulekaalule","24":"pa_lemmiku-vanus-senior","25":"pa_lemmiku-vanus-taiskasvanu","26":"pa_lisafunktsioonid-steriliseerimine","27":"pa_lisafunktsioonid-ulekaal","28":"pa_loomaliik-koer","29":"pa_niiskuse-sisaldus-7442","30":"pa_pakendi-tuup-kott","31":"pa_pohimaitse-kalkun","32":"pa_proteiin-7440","33":"pa_rasva-sisaldus-8043","34":"pa_sailitusaineteta-jah","35":"pa_seeria-brit-premium-by-nature","36":"pa_sobivus-koerale","37":"pa_sojavaba-jah","38":"pa_suhkruvaba-jah","39":"pa_tervisemoju-tervislik-kehakaal","40":"pa_toorkiud-8045","41":"pa_toorvalk-8044","42":"pa_tou-suurus-sobib-koigile-tougudele","44":"first","45":"instock","46":"taxable","47":"shipping-taxable","48":"purchasable","49":"product-type-simple"},"_links":{"self":[{"href":"https:\/\/blankpage.ee\/_ruumist-ruumi\/wp-json\/wp\/v2\/product\/259463","targetHints":{"allow":["GET"]}}],"collection":[{"href":"https:\/\/blankpage.ee\/_ruumist-ruumi\/wp-json\/wp\/v2\/product"}],"about":[{"href":"https:\/\/blankpage.ee\/_ruumist-ruumi\/wp-json\/wp\/v2\/types\/product"}],"replies":[{"embeddable":true,"href":"https:\/\/blankpage.ee\/_ruumist-ruumi\/wp-json\/wp\/v2\/comments?post=259463"}],"wp:featuredmedia":[{"embeddable":true,"href":"https:\/\/blankpage.ee\/_ruumist-ruumi\/wp-json\/wp\/v2\/media\/259462"}],"wp:attachment":[{"href":"https:\/\/blankpage.ee\/_ruumist-ruumi\/wp-json\/wp\/v2\/media?parent=259463"}],"wp:term":[{"taxonomy":"product_brand","embeddable":true,"href":"https:\/\/blankpage.ee\/_ruumist-ruumi\/wp-json\/wp\/v2\/product_brand?post=259463"},{"taxonomy":"product_cat","embeddable":true,"href":"https:\/\/blankpage.ee\/_ruumist-ruumi\/wp-json\/wp\/v2\/product_cat?post=259463"},{"taxonomy":"product_tag","embeddable":true,"href":"https:\/\/blankpage.ee\/_ruumist-ruumi\/wp-json\/wp\/v2\/product_tag?post=259463"}],"curies":[{"name":"wp","href":"https:\/\/api.w.org\/{rel}","templated":true}]}}