{"id":260919,"date":"2025-08-11T17:12:05","date_gmt":"2025-08-11T17:12:05","guid":{"rendered":"https:\/\/ruumistruumi.ee\/pood\/brit-care-mini-salmon-herring-85-g-teraviljavaba-margtoit-steriliseeritud-vaikest-tougu-taiskasvanud-koertele\/"},"modified":"2025-08-18T09:37:13","modified_gmt":"2025-08-18T09:37:13","slug":"brit-care-mini-salmon-herring-85-g-teraviljavaba-margtoit-steriliseeritud-vaikest-tougu-taiskasvanud-koertele","status":"publish","type":"product","link":"https:\/\/blankpage.ee\/_ruumist-ruumi\/pood\/brit-care-mini-salmon-herring-85-g-teraviljavaba-margtoit-steriliseeritud-vaikest-tougu-taiskasvanud-koertele\/","title":{"rendered":"Brit Care Mini Salmon &amp; Herring 85 g teraviljavaba m\u00e4rgtoit steriliseeritud v\u00e4ikest t\u00f5ugu t\u00e4iskasvanud koertele"},"content":{"rendered":"<h3>Brit Care Mini Salmon &amp; Herring 85 g teraviljavaba m\u00e4rgtoit steriliseeritud v\u00e4ikest t\u00f5ugu t\u00e4iskasvanud koertele<\/h3>\n<p>\nBrit Care Mini Salmon &amp; Herring on spetsiaalselt steriliseeritud v\u00e4ikest t\u00f5ugu t\u00e4iskasvanud koertele m\u00f5eldud m\u00e4rgtoit, mis aitab s\u00e4ilitada tervislikku kehakaalu ning sobib ka tundliku seedimisega lemmikutele. See kvaliteetne t\u00e4iss\u00f6\u00f6t on mugavas portsjonpakis, mis sisaldab 85 g h\u00f5rku l\u00f5he- ja heeringafileed kastmes, aidates rahuldada steriliseeritud v\u00e4ikest t\u00f5ugu koerte spetsiifilisi toitumisvajadusi ning pakkudes neile maitsva ja tasakaalustatud toiduelamuse.\n<\/p>\n<h3>Peamised omadused<\/h3>\n<ul>\n<li>Teravilja- ja gluteenivaba \u2013 sobib allergiale kalduvatele ja tundliku seedimisega koertele<\/li>\n<li>Rikastatud prebiootikumide, supertoitude ja \u00fcrtidega seedimise ning \u00fcldise tervise toetamiseks<\/li>\n<li>Sobib steriliseeritud v\u00e4ikest t\u00f5ugu t\u00e4iskasvanud koertele (sh maltalased)<\/li>\n<li>Ilma kunstlike v\u00e4rv-, l\u00f5hna- ja s\u00e4ilitusaineteta; suhkruvaba ja sojavaba<\/li>\n<li>Mugav portsjonpakend: 85 g v\u00e4rsket m\u00e4rgtoitu \u00fcheks toidukorraks<\/li>\n<li>P\u00f5himaitsed: l\u00f5he, heeringas (kokku 45% kala ja kalatooteid)<\/li>\n<li>Aitab hoida ideaalset kehakaalu p\u00e4rast steriliseerimist<\/li>\n<\/ul>\n<h3>Tehnilised andmed<\/h3>\n<ul>\n<li><strong>Netokogus:<\/strong> 85 g<\/li>\n<li><strong>P\u00f5himaitse:<\/strong> l\u00f5he, heeringas<\/li>\n<li><strong>Toorvalk:<\/strong> 8%<\/li>\n<li><strong>Rasvasisaldus:<\/strong> 4%<\/li>\n<li><strong>Toorkiud:<\/strong> 0,4%<\/li>\n<li><strong>Niiskus:<\/strong> 82%<\/li>\n<li><strong>Pakia m\u00f5\u00f5dud:<\/strong> 90 \u00d7 140 \u00d7 10 mm<\/li>\n<li><strong>Kaal koos pakendiga:<\/strong> 90 g<\/li>\n<li><strong>S\u00e4ilitusaeg:<\/strong> Kontrolli pakendilt<\/li>\n<li><strong>EAN:<\/strong> 8595602554850<\/li>\n<li><strong>P\u00e4ritolumaa:<\/strong> T\u0161ehhi Vabariik<\/li>\n<\/ul>\n<h3>Kasutamisjuhised<\/h3>\n<p>\nAvage portsjonpakend ja valage sisu s\u00f6\u00f6gikaussi \u2013 toit on valmis serveerimiseks ega vaja lisat\u00f6\u00f6tlemist. Sobib igap\u00e4evaseks s\u00f6\u00f6tmiseks steriliseeritud v\u00e4ikest t\u00f5ugu t\u00e4iskasvanud koertele (ka maltalastele). V\u00e4rske joogivesi peab alati olema saadaval. Avatud pakend s\u00e4ilitada k\u00fclmkapis ja kasutada 24 tunni jooksul. Soovitame toitu serveerida toatemperatuuril.\n<\/p>\n<p>\nToode ei sisalda s\u00e4ilitusaineid ega kunstlikke v\u00e4rvi- ja l\u00f5hnaaineid ning sobib h\u00e4sti ka tundliku seedimisega v\u00f5i allergiale kalduvatele koertele. Kasutamisel j\u00e4lgige koera kehakaalu ning pidage kinni toitmissoovitustest toote pakendil.\n<\/p>\n<h3>Lisateave ja vastavus erivajadustele<\/h3>\n<ul>\n<li>Kvaliteetne loomne proteiin aitab s\u00e4ilitada lihasmassi ja toetab kehakaalu kontrolli<\/li>\n<li>Prebiootikumid, \u00fcrdid ja mustikad toetavad immuuns\u00fcsteemi ning seedimist<\/li>\n<li>Gluteenivaba, suhkruvaba, sojavaba<\/li>\n<li>K\u00f5rge niiskusesisaldus tagab piisava vedelikutasakaalu<\/li>\n<\/ul>\n<h3>Kokkuv\u00f5te \u2013 Terviklik lahendus v\u00e4ikestele steriliseeritud koertele<\/h3>\n<p>\nBrit Care Mini Salmon &amp; Herring m\u00e4rgtoit on kaalutletud valik neile, kes otsivad tervislikku, mugavat ja maitsvat igap\u00e4evatoitu v\u00e4ikest t\u00f5ugu steriliseeritud koertele. Teraviljavaba m\u00e4rgtoit v\u00e4ikestele koertele aitab hoida kehakaalu, toetab aktiivsust ning r\u00f5hutab puhaste ja kvaliteetsete koostisosade kasutamist.<\/p>\n","protected":false},"excerpt":{"rendered":"<p>Brit Care Mini Salmon &amp; Herring 85 g on teraviljavaba m\u00e4rgtoit steriliseeritud v\u00e4ikest t\u00f5ugu t\u00e4iskasvanud koertele, sobib igap\u00e4evaseks tasakaalustatud toidukorraks.<\/p>\n","protected":false},"featured_media":260918,"comment_status":"open","ping_status":"closed","template":"","meta":[],"product_brand":[7179],"product_cat":[8796],"product_tag":[],"class_list":{"0":"post-260919","1":"product","2":"type-product","3":"status-publish","4":"has-post-thumbnail","6":"product_brand-brit","7":"product_cat-margtoit-ja-konservid-koertele","8":"product_shipping_class-action","9":"pa_annustamise-vorm-tahke","10":"pa_gluteenivaba-jah","11":"pa_hoiatused-ei-ole-moeldud-inimtoiduks-2","12":"pa_hoiatused-hoida-kuivas-ja-jahedas-kohas-2","13":"pa_hoiatused-kasuta-enne-kolblikkusaja-loppu","14":"pa_ilma-kunstlike-varvideta-jah","15":"pa_ilma-kunstlisete-lisanditeta-jah","16":"pa_kaaluvahemik-0-g-200-g","17":"pa_koeratoug-koik-vaikest-tougu-koerad","18":"pa_lemmikloomatoug-malta-koer","19":"pa_lemmiku-eluetapp-taiskasvanud","20":"pa_lemmiku-vajadused-steriliseeritud-voi-kastreeritud","21":"pa_lemmiku-vanus-taiskasvanud","22":"pa_lisafunktsioonid-steriliseeritud","23":"pa_lisafunktsioonid-teraviljavaba","24":"pa_loomaliik-koer","25":"pa_niiskuse-sisaldus-8890","26":"pa_pakendi-tuup-kotike","27":"pa_pohimaitse-heeringas","28":"pa_pohimaitse-kala","29":"pa_pohimaitse-lohe","30":"pa_portsjoni-suurus-85-g","31":"pa_proteiin-7247","32":"pa_rasva-sisaldus-7260","33":"pa_sailitusaineteta-jah","34":"pa_seeria-brit-care","35":"pa_sobib-koer","36":"pa_sobivus-koerale","37":"pa_sojavaba-jah","38":"pa_suhkruvaba-jah","39":"pa_tervisemoju-tervislik-kehakaal","40":"pa_toorkiud-10757","41":"pa_toorvalk-2-2","42":"pa_tou-suurus-vaiketoug-5-10-kg","44":"first","45":"instock","46":"taxable","47":"shipping-taxable","48":"purchasable","49":"product-type-simple"},"_links":{"self":[{"href":"https:\/\/blankpage.ee\/_ruumist-ruumi\/wp-json\/wp\/v2\/product\/260919","targetHints":{"allow":["GET"]}}],"collection":[{"href":"https:\/\/blankpage.ee\/_ruumist-ruumi\/wp-json\/wp\/v2\/product"}],"about":[{"href":"https:\/\/blankpage.ee\/_ruumist-ruumi\/wp-json\/wp\/v2\/types\/product"}],"replies":[{"embeddable":true,"href":"https:\/\/blankpage.ee\/_ruumist-ruumi\/wp-json\/wp\/v2\/comments?post=260919"}],"wp:featuredmedia":[{"embeddable":true,"href":"https:\/\/blankpage.ee\/_ruumist-ruumi\/wp-json\/wp\/v2\/media\/260918"}],"wp:attachment":[{"href":"https:\/\/blankpage.ee\/_ruumist-ruumi\/wp-json\/wp\/v2\/media?parent=260919"}],"wp:term":[{"taxonomy":"product_brand","embeddable":true,"href":"https:\/\/blankpage.ee\/_ruumist-ruumi\/wp-json\/wp\/v2\/product_brand?post=260919"},{"taxonomy":"product_cat","embeddable":true,"href":"https:\/\/blankpage.ee\/_ruumist-ruumi\/wp-json\/wp\/v2\/product_cat?post=260919"},{"taxonomy":"product_tag","embeddable":true,"href":"https:\/\/blankpage.ee\/_ruumist-ruumi\/wp-json\/wp\/v2\/product_tag?post=260919"}],"curies":[{"name":"wp","href":"https:\/\/api.w.org\/{rel}","templated":true}]}}