{"id":36126,"date":"2024-12-05T16:14:02","date_gmt":"2024-12-05T16:14:02","guid":{"rendered":"https:\/\/ruumistruumi.ee\/pood\/vaip-zizur-160x230-cm-dzuudi-valimus-tuppa-voi-oue-2\/"},"modified":"2025-08-21T02:15:31","modified_gmt":"2025-08-21T02:15:31","slug":"vaip-zizur-160x230-cm-dzuudi-valimus-tuppa-voi-oue-2","status":"publish","type":"product","link":"https:\/\/blankpage.ee\/_ruumist-ruumi\/pood\/vaip-zizur-160x230-cm-dzuudi-valimus-tuppa-voi-oue-2\/","title":{"rendered":"Vaip, ZIZUR 160&#215;230 cm, d\u017euudi v\u00e4limus, tuppa v\u00f5i \u00f5ue"},"content":{"rendered":"<p>T\u00e4nu sellele vaibale, mis loob hubase \u00f5hustiku nii sise- kui v\u00e4lisruumis, ei pea te muretsema mustuse ja tolmu p\u00e4rast. Vastupidav materjal: PP materjalist valmistatud vaip on vastupidav ja seda saab pikka aega v\u00e4listingimustes kasutada.D\u017euudi v\u00e4limus: d\u017euudi v\u00e4limusega \u00f5uevaip lisab teie interj\u00f6\u00f6rile loomulikku ilu.Mitmek\u00fclgne kasutus: vaip sobib kasutamiseks nii \u00f5ues, n\u00e4iteks terrassil, r\u00f5dul, aias v\u00f5i piknikuks pargis ning see sobib kasutamiseks ka toas, lisades stiilset disaini ja mugavust.Lihtne puhastada: vaipa on lihtne puhastada, pihustades seda voolikuga v\u00f5i peske mustus veega maha ja laske sel \u00f5hu k\u00e4es kuivada. See ei kogu vett ning kuivab kergesti.<\/p>\n<ul>\n<li>Materjal: PP (pol\u00fcprop\u00fcleen)<\/li>\n<li>Suurus: 160 x 230 cm (L x P)<\/li>\n<li>UV-kindel<\/li>\n<li>\u00dcmara kujundusega<\/li>\n<li>Sarja nimi: ZIZUR<\/li>\n<\/ul>\n","protected":false},"excerpt":{"rendered":"<p>T\u00e4nu sellele vaibale, mis loob hubase \u00f5hustiku nii sise- kui v\u00e4lisruumis, ei pea te muretsema mustuse ja tolmu p\u00e4rast. Vastupidav materjal: PP materjalist valmistatud vaip on vastupidav ja seda saab pikka aega v\u00e4listingimustes kasutada.D\u017euudi v\u00e4limus: d\u017euudi v\u00e4limusega \u00f5uevaip lisab teie interj\u00f6\u00f6rile loomulikku ilu.Mitmek\u00fclgne kasutus: vaip sobib kasutamiseks nii \u00f5ues, n\u00e4iteks terrassil, r\u00f5dul, aias v\u00f5i piknikuks [&hellip;]<\/p>\n","protected":false},"featured_media":36127,"comment_status":"open","ping_status":"open","template":"","meta":[],"product_brand":[],"product_cat":[932,867],"product_tag":[],"class_list":{"0":"post-36126","1":"product","2":"type-product","3":"status-publish","4":"has-post-thumbnail","6":"product_cat-terrassivaibad","7":"product_cat-vaibad-elutuppa","8":"product_shipping_class-vidaxl","9":"pa_varv-pruun","11":"first","12":"outofstock","13":"sale","14":"taxable","15":"shipping-taxable","16":"purchasable","17":"product-type-simple"},"_links":{"self":[{"href":"https:\/\/blankpage.ee\/_ruumist-ruumi\/wp-json\/wp\/v2\/product\/36126","targetHints":{"allow":["GET"]}}],"collection":[{"href":"https:\/\/blankpage.ee\/_ruumist-ruumi\/wp-json\/wp\/v2\/product"}],"about":[{"href":"https:\/\/blankpage.ee\/_ruumist-ruumi\/wp-json\/wp\/v2\/types\/product"}],"replies":[{"embeddable":true,"href":"https:\/\/blankpage.ee\/_ruumist-ruumi\/wp-json\/wp\/v2\/comments?post=36126"}],"wp:featuredmedia":[{"embeddable":true,"href":"https:\/\/blankpage.ee\/_ruumist-ruumi\/wp-json\/wp\/v2\/media\/36127"}],"wp:attachment":[{"href":"https:\/\/blankpage.ee\/_ruumist-ruumi\/wp-json\/wp\/v2\/media?parent=36126"}],"wp:term":[{"taxonomy":"product_brand","embeddable":true,"href":"https:\/\/blankpage.ee\/_ruumist-ruumi\/wp-json\/wp\/v2\/product_brand?post=36126"},{"taxonomy":"product_cat","embeddable":true,"href":"https:\/\/blankpage.ee\/_ruumist-ruumi\/wp-json\/wp\/v2\/product_cat?post=36126"},{"taxonomy":"product_tag","embeddable":true,"href":"https:\/\/blankpage.ee\/_ruumist-ruumi\/wp-json\/wp\/v2\/product_tag?post=36126"}],"curies":[{"name":"wp","href":"https:\/\/api.w.org\/{rel}","templated":true}]}}