{"id":40558,"date":"2024-12-05T19:33:03","date_gmt":"2024-12-05T19:33:03","guid":{"rendered":"https:\/\/ruumistruumi.ee\/pood\/naitusevaip-sile-1-x-24-m-punane\/"},"modified":"2025-08-21T02:15:19","modified_gmt":"2025-08-21T02:15:19","slug":"naitusevaip-sile-1-x-24-m-punane","status":"publish","type":"product","link":"https:\/\/blankpage.ee\/_ruumist-ruumi\/pood\/naitusevaip-sile-1-x-24-m-punane\/","title":{"rendered":"N\u00e4itusevaip sile 1 x 24 m punane"},"content":{"rendered":"<p>Sile vaip on ideaalne p\u00f5randakate pulmades, pidudel, etendustel, avamistel, s\u00fcnnip\u00e4evadel, festivalidel jms. Kvaliteetsest raske kaaluga materjalist valmistatud n\u00e4itusevaip on pehme, vastupidav ja korduvkasutatav ning selle saab kergesti hoiustamiseks ja transpordiks kokku rullida. Vaipa on lihtne tolmuimejaga puhastada.<\/p>\n<ul>\n<li>V\u00e4rvus: punane<\/li>\n<li>Materjal: 100% pol\u00fcester<\/li>\n<li>M\u00f5\u00f5dud: 1 x 24 m (L x P)<\/li>\n<li>Kaal: 260-280 g\/m\u00b2<\/li>\n<li>Mitmeotstarbeline<\/li>\n<li>Korduvkasutatav<\/li>\n<li>Lihtne puhastada<\/li>\n<li>Saab k\u00e4\u00e4ridega l\u00f5igata <\/li>\n<li>Riie: Pol\u00fcster: 100%<\/li>\n<\/ul>\n","protected":false},"excerpt":{"rendered":"<p>Sile vaip on ideaalne p\u00f5randakate pulmades, pidudel, etendustel, avamistel, s\u00fcnnip\u00e4evadel, festivalidel jms. Kvaliteetsest raske kaaluga materjalist valmistatud n\u00e4itusevaip on pehme, vastupidav ja korduvkasutatav ning selle saab kergesti hoiustamiseks ja transpordiks kokku rullida. Vaipa on lihtne tolmuimejaga puhastada. V\u00e4rvus: punane Materjal: 100% pol\u00fcester M\u00f5\u00f5dud: 1 x 24 m (L x P) Kaal: 260-280 g\/m\u00b2 Mitmeotstarbeline Korduvkasutatav [&hellip;]<\/p>\n","protected":false},"featured_media":40559,"comment_status":"open","ping_status":"open","template":"","meta":[],"product_brand":[],"product_cat":[864],"product_tag":[],"class_list":{"0":"post-40558","1":"product","2":"type-product","3":"status-publish","4":"has-post-thumbnail","6":"product_cat-uksematid-ja-esikuvaibad","7":"product_shipping_class-vidaxl","8":"pa_varv-punane","10":"first","11":"outofstock","12":"sale","13":"taxable","14":"shipping-taxable","15":"purchasable","16":"product-type-simple"},"_links":{"self":[{"href":"https:\/\/blankpage.ee\/_ruumist-ruumi\/wp-json\/wp\/v2\/product\/40558","targetHints":{"allow":["GET"]}}],"collection":[{"href":"https:\/\/blankpage.ee\/_ruumist-ruumi\/wp-json\/wp\/v2\/product"}],"about":[{"href":"https:\/\/blankpage.ee\/_ruumist-ruumi\/wp-json\/wp\/v2\/types\/product"}],"replies":[{"embeddable":true,"href":"https:\/\/blankpage.ee\/_ruumist-ruumi\/wp-json\/wp\/v2\/comments?post=40558"}],"wp:featuredmedia":[{"embeddable":true,"href":"https:\/\/blankpage.ee\/_ruumist-ruumi\/wp-json\/wp\/v2\/media\/40559"}],"wp:attachment":[{"href":"https:\/\/blankpage.ee\/_ruumist-ruumi\/wp-json\/wp\/v2\/media?parent=40558"}],"wp:term":[{"taxonomy":"product_brand","embeddable":true,"href":"https:\/\/blankpage.ee\/_ruumist-ruumi\/wp-json\/wp\/v2\/product_brand?post=40558"},{"taxonomy":"product_cat","embeddable":true,"href":"https:\/\/blankpage.ee\/_ruumist-ruumi\/wp-json\/wp\/v2\/product_cat?post=40558"},{"taxonomy":"product_tag","embeddable":true,"href":"https:\/\/blankpage.ee\/_ruumist-ruumi\/wp-json\/wp\/v2\/product_tag?post=40558"}],"curies":[{"name":"wp","href":"https:\/\/api.w.org\/{rel}","templated":true}]}}