{"id":42920,"date":"2024-12-05T20:01:12","date_gmt":"2024-12-05T20:01:12","guid":{"rendered":"https:\/\/ruumistruumi.ee\/pood\/koogivaip-pestav-morning-pruun-60-x-180-cm-samet\/"},"modified":"2025-08-21T02:15:08","modified_gmt":"2025-08-21T02:15:08","slug":"koogivaip-pestav-morning-pruun-60-x-180-cm-samet","status":"publish","type":"product","link":"https:\/\/blankpage.ee\/_ruumist-ruumi\/pood\/koogivaip-pestav-morning-pruun-60-x-180-cm-samet\/","title":{"rendered":"K\u00f6\u00f6givaip, pestav, morning, pruun, 60 x 180 cm, samet"},"content":{"rendered":"<p>K\u00f6\u00f6givaip on v\u00e4ga pehme ja siidine ning see p\u00fc\u00fcab t\u00e4nu stiilsele disainile igas toas pilke. Vastupidav materjal: k\u00f6\u00f6gimati pealispind on kaetud pehme sametkangaga, mis imab kiiresti vett ja mustust.  Libisemiskindel lateksp\u00f5hi tagab, et k\u00f6\u00f6givaip haardub ohutuse tagamiseks kindlalt p\u00f5randa k\u00fclge.Masinpestav: saate k\u00f6\u00f6givaipa h\u00f5lpsasti puhastada, kuna see on masinpestav.Mugav hoiustada: uksematt on paindlik ja seda saab hoiustamiseks ja transportimiseks h\u00f5lpsasti kokku rullida.<\/p>\n<ul>\n<li>Muster: &#8220;morning&#8221; pruun muster <\/li>\n<li>Pealispinna materjal: samet (100% pol\u00fcamiid) <\/li>\n<li>Alusmaterjal: lateks<\/li>\n<li>Suurus: 180 x 60 cm (P x L) <\/li>\n<li>Koguk\u00f5rgus: 5 mm <\/li>\n<li>Narma k\u00f5rgus: 4 mm <\/li>\n<li>Kogukaal: 1180 g\/m\u00b2 <\/li>\n<li>Narmaste tihedus: 205 000 g\/m\u00b2 <\/li>\n<li>Masinpestav <\/li>\n<li>Lihtne kokku rullida <\/li>\n<li> Sobilik nii tuppa kui \u00f5ue<\/li>\n<\/ul>\n","protected":false},"excerpt":{"rendered":"<p>K\u00f6\u00f6givaip on v\u00e4ga pehme ja siidine ning see p\u00fc\u00fcab t\u00e4nu stiilsele disainile igas toas pilke. Vastupidav materjal: k\u00f6\u00f6gimati pealispind on kaetud pehme sametkangaga, mis imab kiiresti vett ja mustust. Libisemiskindel lateksp\u00f5hi tagab, et k\u00f6\u00f6givaip haardub ohutuse tagamiseks kindlalt p\u00f5randa k\u00fclge.Masinpestav: saate k\u00f6\u00f6givaipa h\u00f5lpsasti puhastada, kuna see on masinpestav.Mugav hoiustada: uksematt on paindlik ja seda saab [&hellip;]<\/p>\n","protected":false},"featured_media":42921,"comment_status":"open","ping_status":"open","template":"","meta":[],"product_brand":[],"product_cat":[931,864],"product_tag":[],"class_list":{"0":"post-42920","1":"product","2":"type-product","3":"status-publish","4":"has-post-thumbnail","6":"product_cat-koogivaibad","7":"product_cat-uksematid-ja-esikuvaibad","8":"product_shipping_class-vidaxl","9":"pa_varv-pruun","11":"first","12":"outofstock","13":"sale","14":"taxable","15":"shipping-taxable","16":"purchasable","17":"product-type-simple"},"_links":{"self":[{"href":"https:\/\/blankpage.ee\/_ruumist-ruumi\/wp-json\/wp\/v2\/product\/42920","targetHints":{"allow":["GET"]}}],"collection":[{"href":"https:\/\/blankpage.ee\/_ruumist-ruumi\/wp-json\/wp\/v2\/product"}],"about":[{"href":"https:\/\/blankpage.ee\/_ruumist-ruumi\/wp-json\/wp\/v2\/types\/product"}],"replies":[{"embeddable":true,"href":"https:\/\/blankpage.ee\/_ruumist-ruumi\/wp-json\/wp\/v2\/comments?post=42920"}],"wp:featuredmedia":[{"embeddable":true,"href":"https:\/\/blankpage.ee\/_ruumist-ruumi\/wp-json\/wp\/v2\/media\/42921"}],"wp:attachment":[{"href":"https:\/\/blankpage.ee\/_ruumist-ruumi\/wp-json\/wp\/v2\/media?parent=42920"}],"wp:term":[{"taxonomy":"product_brand","embeddable":true,"href":"https:\/\/blankpage.ee\/_ruumist-ruumi\/wp-json\/wp\/v2\/product_brand?post=42920"},{"taxonomy":"product_cat","embeddable":true,"href":"https:\/\/blankpage.ee\/_ruumist-ruumi\/wp-json\/wp\/v2\/product_cat?post=42920"},{"taxonomy":"product_tag","embeddable":true,"href":"https:\/\/blankpage.ee\/_ruumist-ruumi\/wp-json\/wp\/v2\/product_tag?post=42920"}],"curies":[{"name":"wp","href":"https:\/\/api.w.org\/{rel}","templated":true}]}}