{"id":4631,"date":"2024-11-01T08:51:21","date_gmt":"2024-11-01T08:51:21","guid":{"rendered":"https:\/\/ruumistruumi.ee\/pood\/beez-raamaturiiul-rimini-ri02-paulownia-puidust\/"},"modified":"2025-07-15T18:41:17","modified_gmt":"2025-07-15T18:41:17","slug":"beez-raamaturiiul-rimini-ri02-lehtpuu-puidust","status":"publish","type":"product","link":"https:\/\/blankpage.ee\/_ruumist-ruumi\/pood\/beez-raamaturiiul-rimini-ri02-lehtpuu-puidust\/","title":{"rendered":"Bee\u017e raamaturiiul Rimini RI02, lehtpuu puidust"},"content":{"rendered":"<p>Rimini RI02 raamaturiiul kodukontorisse. See kaunis Provencal stiilis raamaturiiul lisab teie kodukontorisse elegantsi ja praktilisust. Kreemjas toon koos heleda pruuni \u00fclemise \u00e4\u00e4rega loob sooja ja kutsuva atmosf\u00e4\u00e4ri. Metallist merekarbi kujulised k\u00e4epidemed ja kaardus jalad annavad sellele m\u00f6\u00f6bliesemele erilise v\u00f5lu.<\/p>\n<p>Rimini RI02 raamaturiiul on valmistatud kvaliteetsest Paulownia puidust ja MDF-ist, tagades vastupidavuse ja pikaealisuse. Kolm avarat riiulit pakuvad piisavalt ruumi raamatute, dokumentide ja dekoratiivesemete hoidmiseks, aidates teil luua korrastatud ja stiilse t\u00f6\u00f6ruumi. Kokkupandud, ei vaja paigaldust, mis s\u00e4\u00e4stab teie aega ja vaeva.<\/p>\n<p>Omadused:<br \/>\n<strong>Materjal:<\/strong> Paulownia puit ja MDF.<br \/>\n<strong>V\u00e4rv:<\/strong> Kreemjas raam koos helepruuni \u00fclemise \u00e4\u00e4rega.<br \/>\n<strong>M\u00f5\u00f5tmed:<\/strong> Laius 90 cm, s\u00fcgavus 35 cm, k\u00f5rgus 179 cm.<br \/>\n<strong>T\u00e4iendavad detailid:<\/strong> Kolm riiulit, metallist k\u00e4epidemed.<br \/>\n<strong>Kokkupanek:<\/strong> Kokkupandud, ei vaja paigaldust. S\u00e4\u00e4stab aega ja vaeva.<\/p>\n<p>&nbsp;<\/p>\n","protected":false},"excerpt":{"rendered":"<p>Rimini RI02 raamaturiiul kodukontorisse. See kaunis Provencal stiilis raamaturiiul lisab teie kodukontorisse elegantsi ja praktilisust. Kreemjas toon koos heleda pruuni \u00fclemise \u00e4\u00e4rega loob sooja ja kutsuva atmosf\u00e4\u00e4ri. Metallist merekarbi kujulised k\u00e4epidemed ja kaardus jalad annavad sellele m\u00f6\u00f6bliesemele erilise v\u00f5lu. Rimini RI02 raamaturiiul on valmistatud kvaliteetsest Paulownia puidust ja MDF-ist, tagades vastupidavuse ja pikaealisuse. Kolm avarat [&hellip;]<\/p>\n","protected":false},"featured_media":4632,"comment_status":"open","ping_status":"closed","template":"","meta":[],"product_brand":[],"product_cat":[97],"product_tag":[],"class_list":{"0":"post-4631","1":"product","2":"type-product","3":"status-publish","4":"has-post-thumbnail","6":"product_cat-raamaturiiulid","7":"product_shipping_class-livin-hill","8":"pa_kaepidemed-metall","9":"pa_kollektsioon-rimini","10":"pa_materjal-paulownia-puit","11":"pa_riiulite-arv-89","12":"pa_sahtlite-arv-74","13":"pa_varv-beez","15":"first","16":"outofstock","17":"sale","18":"taxable","19":"shipping-taxable","20":"purchasable","21":"product-type-simple"},"_links":{"self":[{"href":"https:\/\/blankpage.ee\/_ruumist-ruumi\/wp-json\/wp\/v2\/product\/4631","targetHints":{"allow":["GET"]}}],"collection":[{"href":"https:\/\/blankpage.ee\/_ruumist-ruumi\/wp-json\/wp\/v2\/product"}],"about":[{"href":"https:\/\/blankpage.ee\/_ruumist-ruumi\/wp-json\/wp\/v2\/types\/product"}],"replies":[{"embeddable":true,"href":"https:\/\/blankpage.ee\/_ruumist-ruumi\/wp-json\/wp\/v2\/comments?post=4631"}],"wp:featuredmedia":[{"embeddable":true,"href":"https:\/\/blankpage.ee\/_ruumist-ruumi\/wp-json\/wp\/v2\/media\/4632"}],"wp:attachment":[{"href":"https:\/\/blankpage.ee\/_ruumist-ruumi\/wp-json\/wp\/v2\/media?parent=4631"}],"wp:term":[{"taxonomy":"product_brand","embeddable":true,"href":"https:\/\/blankpage.ee\/_ruumist-ruumi\/wp-json\/wp\/v2\/product_brand?post=4631"},{"taxonomy":"product_cat","embeddable":true,"href":"https:\/\/blankpage.ee\/_ruumist-ruumi\/wp-json\/wp\/v2\/product_cat?post=4631"},{"taxonomy":"product_tag","embeddable":true,"href":"https:\/\/blankpage.ee\/_ruumist-ruumi\/wp-json\/wp\/v2\/product_tag?post=4631"}],"curies":[{"name":"wp","href":"https:\/\/api.w.org\/{rel}","templated":true}]}}