{"id":4727,"date":"2024-11-01T09:07:10","date_gmt":"2024-11-01T09:07:10","guid":{"rendered":"https:\/\/ruumistruumi.ee\/pood\/beez-kummut-pesaro-pe09-paulownia-puidust\/"},"modified":"2025-04-10T11:56:42","modified_gmt":"2025-04-10T11:56:42","slug":"beez-vitriinkapp-pesaro-pe09-lehtpuu-puidust","status":"publish","type":"product","link":"https:\/\/blankpage.ee\/_ruumist-ruumi\/pood\/beez-vitriinkapp-pesaro-pe09-lehtpuu-puidust\/","title":{"rendered":"Bee\u017e vitriinkapp Pesaro PE09, lehtpuu puidust"},"content":{"rendered":"<p>Pesaro PE09 Welsh vitriinkapp s\u00f6\u00f6gituppa. See elegantne m\u00f6\u00f6bliese on osa Pesaro kollektsioonist ja toob teie s\u00f6\u00f6gituppa Provence&#8217;i stiili v\u00f5lu. K\u00e4sitsi v\u00e4rvitud vitriinkapp on valmistatud Paulownia puidust ja MDF-ist, millel on peened metallist k\u00e4epidemed. Kapi kreemjas toon koos heleda pruuni viimistlusega loob harmoonilise ja ajatu ilme, kus puidu struktuur on kaunilt esile toodud.<\/p>\n<p>Vitriinkapi kaheksa ust ja kuus riiulit pakuvad rohkelt hoiuruumi, et hoida teie s\u00f6\u00f6gin\u00f5ud ja muud tarvikud korras ja k\u00e4ep\u00e4rast. Milled jalad lisavad kapile stabiilsust ja elegantsi, samas kui kergelt pleegitatud viimistlus annab sellele ainulaadse iseloomu.<\/p>\n<p>Omadused:<br \/>\n<strong>Materjal:<\/strong> Paulownia puit ja MDF.<br \/>\n<strong>V\u00e4rv:<\/strong> Kreemjas korpus ja hele pruun viimistlus.<br \/>\n<strong>M\u00f5\u00f5tmed:<\/strong> Laius 142 cm, s\u00fcgavus 37 cm, k\u00f5rgus 200 cm.<br \/>\n<strong>T\u00e4iendavad detailid:<\/strong> Kokkupandud, ei vaja paigaldust. S\u00e4\u00e4stab aega ja vaeva.<br \/>\n<strong>K\u00e4epidemed:<\/strong> Metallist.<\/p>\n<p>&nbsp;<\/p>\n","protected":false},"excerpt":{"rendered":"<p>Pesaro PE09 Welsh vitriinkapp s\u00f6\u00f6gituppa. See elegantne m\u00f6\u00f6bliese on osa Pesaro kollektsioonist ja toob teie s\u00f6\u00f6gituppa Provence&#8217;i stiili v\u00f5lu. K\u00e4sitsi v\u00e4rvitud vitriinkapp on valmistatud Paulownia puidust ja MDF-ist, millel on peened metallist k\u00e4epidemed. Kapi kreemjas toon koos heleda pruuni viimistlusega loob harmoonilise ja ajatu ilme, kus puidu struktuur on kaunilt esile toodud. Vitriinkapi kaheksa ust [&hellip;]<\/p>\n","protected":false},"featured_media":4728,"comment_status":"open","ping_status":"closed","template":"","meta":[],"product_brand":[],"product_cat":[73],"product_tag":[],"class_list":{"0":"post-4727","1":"product","2":"type-product","3":"status-publish","4":"has-post-thumbnail","6":"product_cat-vitriinkapid","7":"product_shipping_class-livin-hill","8":"pa_kaepidemed-metall","9":"pa_kollektsioon-pesaro","10":"pa_materjal-paulownia-puit","11":"pa_riiulite-arv-106","12":"pa_uste-arv-105","13":"pa_varv-beez","15":"first","16":"outofstock","17":"sale","18":"taxable","19":"shipping-taxable","20":"purchasable","21":"product-type-simple"},"_links":{"self":[{"href":"https:\/\/blankpage.ee\/_ruumist-ruumi\/wp-json\/wp\/v2\/product\/4727","targetHints":{"allow":["GET"]}}],"collection":[{"href":"https:\/\/blankpage.ee\/_ruumist-ruumi\/wp-json\/wp\/v2\/product"}],"about":[{"href":"https:\/\/blankpage.ee\/_ruumist-ruumi\/wp-json\/wp\/v2\/types\/product"}],"replies":[{"embeddable":true,"href":"https:\/\/blankpage.ee\/_ruumist-ruumi\/wp-json\/wp\/v2\/comments?post=4727"}],"wp:featuredmedia":[{"embeddable":true,"href":"https:\/\/blankpage.ee\/_ruumist-ruumi\/wp-json\/wp\/v2\/media\/4728"}],"wp:attachment":[{"href":"https:\/\/blankpage.ee\/_ruumist-ruumi\/wp-json\/wp\/v2\/media?parent=4727"}],"wp:term":[{"taxonomy":"product_brand","embeddable":true,"href":"https:\/\/blankpage.ee\/_ruumist-ruumi\/wp-json\/wp\/v2\/product_brand?post=4727"},{"taxonomy":"product_cat","embeddable":true,"href":"https:\/\/blankpage.ee\/_ruumist-ruumi\/wp-json\/wp\/v2\/product_cat?post=4727"},{"taxonomy":"product_tag","embeddable":true,"href":"https:\/\/blankpage.ee\/_ruumist-ruumi\/wp-json\/wp\/v2\/product_tag?post=4727"}],"curies":[{"name":"wp","href":"https:\/\/api.w.org\/{rel}","templated":true}]}}