{"id":4778,"date":"2024-11-01T09:12:45","date_gmt":"2024-11-01T09:12:45","guid":{"rendered":"https:\/\/ruumistruumi.ee\/pood\/elevandiluu-varvi-vitriinkapp-limena-li2779-kummipuidust\/"},"modified":"2025-03-22T08:05:05","modified_gmt":"2025-03-22T08:05:05","slug":"elevandiluu-varvi-vitriinkapp-limena-li2779-kummipuidust","status":"publish","type":"product","link":"https:\/\/blankpage.ee\/_ruumist-ruumi\/pood\/elevandiluu-varvi-vitriinkapp-limena-li2779-kummipuidust\/","title":{"rendered":"Elevandiluu v\u00e4rvi vitriinkapp Limena LI2779, kummipuidust"},"content":{"rendered":"<p>Limena LI2779 vitriinkapp elutuppa. See elegantne ja provanssaali stiilis vitriinkapp toob teie elutuppa ajatu v\u00f5lu. K\u00e4sitsi v\u00e4rvitud kreemikas korpus koos pooll\u00e4ikiva viimistlusega ning \u00f5rnalt kulunud detailidega loob peene ja kutsuva atmosf\u00e4\u00e4ri. Kapi kumerad jalad ja dekoratiivsed messingist metallist k\u00e4epidemed lisavad sellele ainulaadset iseloomu. Harjatud pruun raam koos freesitud servadega r\u00f5hutab puidu loomulikku struktuuri.<\/p>\n<p>Limena vitriinkapp on loodud nii, et see oleks praktiline ja stiilne. Kaks ust ja kolm riiulit pakuvad rohkelt ruumi teie lemmikesemete esitlemiseks. Kapi kokkupandud olek s\u00e4\u00e4stab teie aega ja vaeva, v\u00f5imaldades teil keskenduda oma elutoa sisustamisele.<\/p>\n<p>Omadused:<br \/>\n<strong>Materjal:<\/strong> Kummipuit ja vineer.<br \/>\n<strong>V\u00e4rv:<\/strong> Korpus elevandiluukarva, helepruun p\u00e4rg, pealmine\/\u00e4\u00e4ris helepruun.<br \/>\n<strong>M\u00f5\u00f5tmed:<\/strong> Laius 90 cm, s\u00fcgavus 40 cm, k\u00f5rgus 182 cm.<br \/>\n<strong>T\u00e4iendavad detailid:<\/strong> Kaks ust, kolm riiulit, metallist k\u00e4epidemed.<br \/>\n<strong>Kokkupanek:<\/strong> Kokkupandud, ei vaja paigaldust. S\u00e4\u00e4stab aega ja vaeva.<\/p>\n<p>&nbsp;<\/p>\n","protected":false},"excerpt":{"rendered":"<p>Limena LI2779 vitriinkapp elutuppa. See elegantne ja provanssaali stiilis vitriinkapp toob teie elutuppa ajatu v\u00f5lu. K\u00e4sitsi v\u00e4rvitud kreemikas korpus koos pooll\u00e4ikiva viimistlusega ning \u00f5rnalt kulunud detailidega loob peene ja kutsuva atmosf\u00e4\u00e4ri. Kapi kumerad jalad ja dekoratiivsed messingist metallist k\u00e4epidemed lisavad sellele ainulaadset iseloomu. Harjatud pruun raam koos freesitud servadega r\u00f5hutab puidu loomulikku struktuuri. Limena vitriinkapp [&hellip;]<\/p>\n","protected":false},"featured_media":4779,"comment_status":"open","ping_status":"closed","template":"","meta":[],"product_brand":[],"product_cat":[73],"product_tag":[],"class_list":{"0":"post-4778","1":"product","2":"type-product","3":"status-publish","4":"has-post-thumbnail","6":"product_cat-vitriinkapid","7":"product_shipping_class-livin-hill","8":"pa_kaepidemed-metall","9":"pa_kollektsioon-limena","10":"pa_materjal-kummipuit","11":"pa_riiulite-arv-89","12":"pa_sahtlite-arv-74","13":"pa_uste-arv-94","14":"pa_varv-elevandiluukarva","16":"first","17":"outofstock","18":"sale","19":"taxable","20":"shipping-taxable","21":"purchasable","22":"product-type-simple"},"_links":{"self":[{"href":"https:\/\/blankpage.ee\/_ruumist-ruumi\/wp-json\/wp\/v2\/product\/4778","targetHints":{"allow":["GET"]}}],"collection":[{"href":"https:\/\/blankpage.ee\/_ruumist-ruumi\/wp-json\/wp\/v2\/product"}],"about":[{"href":"https:\/\/blankpage.ee\/_ruumist-ruumi\/wp-json\/wp\/v2\/types\/product"}],"replies":[{"embeddable":true,"href":"https:\/\/blankpage.ee\/_ruumist-ruumi\/wp-json\/wp\/v2\/comments?post=4778"}],"wp:featuredmedia":[{"embeddable":true,"href":"https:\/\/blankpage.ee\/_ruumist-ruumi\/wp-json\/wp\/v2\/media\/4779"}],"wp:attachment":[{"href":"https:\/\/blankpage.ee\/_ruumist-ruumi\/wp-json\/wp\/v2\/media?parent=4778"}],"wp:term":[{"taxonomy":"product_brand","embeddable":true,"href":"https:\/\/blankpage.ee\/_ruumist-ruumi\/wp-json\/wp\/v2\/product_brand?post=4778"},{"taxonomy":"product_cat","embeddable":true,"href":"https:\/\/blankpage.ee\/_ruumist-ruumi\/wp-json\/wp\/v2\/product_cat?post=4778"},{"taxonomy":"product_tag","embeddable":true,"href":"https:\/\/blankpage.ee\/_ruumist-ruumi\/wp-json\/wp\/v2\/product_tag?post=4778"}],"curies":[{"name":"wp","href":"https:\/\/api.w.org\/{rel}","templated":true}]}}