{"id":4784,"date":"2024-11-01T09:14:39","date_gmt":"2024-11-01T09:14:39","guid":{"rendered":"https:\/\/ruumistruumi.ee\/pood\/elevandiluu-varvi-konsoollaud-limena-li823-kummipuidust-ja-vineerist\/"},"modified":"2024-12-13T13:19:37","modified_gmt":"2024-12-13T13:19:37","slug":"elevandiluu-varvi-konsoollaud-limena-li823-kummipuidust-ja-vineerist","status":"publish","type":"product","link":"https:\/\/blankpage.ee\/_ruumist-ruumi\/pood\/elevandiluu-varvi-konsoollaud-limena-li823-kummipuidust-ja-vineerist\/","title":{"rendered":"Elevandiluu v\u00e4rvi konsoollaud Limena LI823, kummipuidust"},"content":{"rendered":"<p>Limena LI823 konsoollaud esikusse. See elegantne ja k\u00e4sitsi v\u00e4rvitud konsoollaud toob Provence&#8217;i stiili igasse esikusse. Kaunilt kaardus jalad ja dekoratiivsed messingist k\u00e4epidemed lisavad sellele m\u00f6\u00f6bliesemele erilise v\u00f5lu. Kreemikas pooll\u00e4ikiv pind koos kergete kulumisj\u00e4lgedega ning harjatud ja freesitud servadega helepruun pealisplaat loovad harmoonilise ja silmapaistva ilme.<\/p>\n<p>Limena kollektsiooni kuuluv konsoollaud on valmistatud kummipuust ja vineerist, mis tagab vastupidavuse ja pikaealisuse. Konsoollaud on osaliselt kokku pandud, mis t\u00e4hendab, et see ei vaja keerulist paigaldust ja s\u00e4\u00e4stab teie aega. Metallist k\u00e4epidemed lisavad praktilisust ja stiili.<\/p>\n<p>Omadused:<br \/>\n<strong>Materjal:<\/strong> Kummipuu ja vineer.<br \/>\n<strong>V\u00e4rv:<\/strong> Kreemjas korpus ja helepruun pealisplaat.<br \/>\n<strong>M\u00f5\u00f5tmed:<\/strong> Laius 85 cm, s\u00fcgavus 42 cm, k\u00f5rgus 78 cm.<br \/>\n<strong>T\u00e4iendavad detailid:<\/strong> Dekoratiivsed messingist k\u00e4epidemed ja kaunilt kaardus jalad.<br \/>\n<strong>Kokkupanek:<\/strong> Osaliselt kokku pandud, h\u00f5lbustades paigaldamist.<\/p>\n<p>&nbsp;<\/p>\n","protected":false},"excerpt":{"rendered":"<p>Limena LI823 konsoollaud esikusse. See elegantne ja k\u00e4sitsi v\u00e4rvitud konsoollaud toob Provence&#8217;i stiili igasse esikusse. Kaunilt kaardus jalad ja dekoratiivsed messingist k\u00e4epidemed lisavad sellele m\u00f6\u00f6bliesemele erilise v\u00f5lu. Kreemikas pooll\u00e4ikiv pind koos kergete kulumisj\u00e4lgedega ning harjatud ja freesitud servadega helepruun pealisplaat loovad harmoonilise ja silmapaistva ilme. Limena kollektsiooni kuuluv konsoollaud on valmistatud kummipuust ja vineerist, mis [&hellip;]<\/p>\n","protected":false},"featured_media":4785,"comment_status":"open","ping_status":"closed","template":"","meta":[],"product_brand":[],"product_cat":[83],"product_tag":[],"class_list":{"0":"post-4784","1":"product","2":"type-product","3":"status-publish","4":"has-post-thumbnail","6":"product_cat-konsoollauad","7":"product_shipping_class-livin-hill","8":"pa_kaepidemed-metall","9":"pa_kollektsioon-limena","10":"pa_materjal-kummipuit","11":"pa_sahtlite-arv-87","12":"pa_varv-elevandiluukarva","14":"first","15":"outofstock","16":"sale","17":"taxable","18":"shipping-taxable","19":"purchasable","20":"product-type-simple"},"_links":{"self":[{"href":"https:\/\/blankpage.ee\/_ruumist-ruumi\/wp-json\/wp\/v2\/product\/4784","targetHints":{"allow":["GET"]}}],"collection":[{"href":"https:\/\/blankpage.ee\/_ruumist-ruumi\/wp-json\/wp\/v2\/product"}],"about":[{"href":"https:\/\/blankpage.ee\/_ruumist-ruumi\/wp-json\/wp\/v2\/types\/product"}],"replies":[{"embeddable":true,"href":"https:\/\/blankpage.ee\/_ruumist-ruumi\/wp-json\/wp\/v2\/comments?post=4784"}],"wp:featuredmedia":[{"embeddable":true,"href":"https:\/\/blankpage.ee\/_ruumist-ruumi\/wp-json\/wp\/v2\/media\/4785"}],"wp:attachment":[{"href":"https:\/\/blankpage.ee\/_ruumist-ruumi\/wp-json\/wp\/v2\/media?parent=4784"}],"wp:term":[{"taxonomy":"product_brand","embeddable":true,"href":"https:\/\/blankpage.ee\/_ruumist-ruumi\/wp-json\/wp\/v2\/product_brand?post=4784"},{"taxonomy":"product_cat","embeddable":true,"href":"https:\/\/blankpage.ee\/_ruumist-ruumi\/wp-json\/wp\/v2\/product_cat?post=4784"},{"taxonomy":"product_tag","embeddable":true,"href":"https:\/\/blankpage.ee\/_ruumist-ruumi\/wp-json\/wp\/v2\/product_tag?post=4784"}],"curies":[{"name":"wp","href":"https:\/\/api.w.org\/{rel}","templated":true}]}}