{"id":4828,"date":"2024-11-01T09:18:57","date_gmt":"2024-11-01T09:18:57","guid":{"rendered":"https:\/\/ruumistruumi.ee\/pood\/valge-kummut-ravenna-ra08d-paulownia-puidust\/"},"modified":"2025-01-11T10:51:15","modified_gmt":"2025-01-11T10:51:15","slug":"valge-kummut-ravenna-ra08d-lehtpuu-puidust","status":"publish","type":"product","link":"https:\/\/blankpage.ee\/_ruumist-ruumi\/pood\/valge-kummut-ravenna-ra08d-lehtpuu-puidust\/","title":{"rendered":"Valge kummut Ravenna RA08D, lehtpuu puidust"},"content":{"rendered":"<p>Ravenna RA08D kapp elutuppa. See kaunis Provencali stiilis kapp lisab igale elutoale elegantset ja ajatut v\u00f5lu. Valge viimistlus koos tumeda pruuniks kulunud pealispinnaga toovad esile m\u00f6\u00f6bli klassikalise ilme. Ravenna kollektsioonist p\u00e4rit kapp on valmistatud Paulownia puidust ja MDF-ist, tagades vastupidavuse ja kvaliteedi.<\/p>\n<p>Kapi erip\u00e4raks on kolm ust, mis pakuvad piisavalt ruumi erinevate esemete hoiustamiseks. Metallist k\u00e4epidemed ja rullitud jalad lisavad sellele m\u00f6\u00f6bliesemele iseloomu ja praktilisust. Kapp on osaliselt kokku pandud, mis t\u00e4hendab, et s\u00e4\u00e4state aega ja vaeva selle paigaldamisel.<\/p>\n<p>Omadused:<br \/>\n<strong>Materjal:<\/strong> Paulownia puit ja MDF.<br \/>\n<strong>V\u00e4rv:<\/strong> Valge, tumepruun pealisosa.<br \/>\n<strong>M\u00f5\u00f5tmed:<\/strong> Laius 118 cm, s\u00fcgavus 45 cm, k\u00f5rgus 90 cm.<br \/>\n<strong>T\u00e4iendavad detailid:<\/strong> Kolm ust, metallist k\u00e4epidemed ja jalad.<br \/>\n<strong>Kokkupanek:<\/strong> Osaliselt kokku pandud, h\u00f5lbustamaks paigaldamist.<\/p>\n<p>&nbsp;<\/p>\n","protected":false},"excerpt":{"rendered":"<p>Ravenna RA08D kapp elutuppa. See kaunis Provencali stiilis kapp lisab igale elutoale elegantset ja ajatut v\u00f5lu. Valge viimistlus koos tumeda pruuniks kulunud pealispinnaga toovad esile m\u00f6\u00f6bli klassikalise ilme. Ravenna kollektsioonist p\u00e4rit kapp on valmistatud Paulownia puidust ja MDF-ist, tagades vastupidavuse ja kvaliteedi. Kapi erip\u00e4raks on kolm ust, mis pakuvad piisavalt ruumi erinevate esemete hoiustamiseks. Metallist [&hellip;]<\/p>\n","protected":false},"featured_media":4829,"comment_status":"open","ping_status":"closed","template":"","meta":[],"product_brand":[],"product_cat":[81],"product_tag":[],"class_list":{"0":"post-4828","1":"product","2":"type-product","3":"status-publish","4":"has-post-thumbnail","6":"product_cat-kapid-riiulid-ja-kummutid","7":"product_shipping_class-livin-hill","8":"pa_kaepidemed-metall","9":"pa_kollektsioon-ravenna","10":"pa_materjal-paulownia-puit","11":"pa_sahtlite-arv-95","12":"pa_uste-arv-84","13":"pa_varv-valge","15":"first","16":"outofstock","17":"sale","18":"taxable","19":"shipping-taxable","20":"purchasable","21":"product-type-simple"},"_links":{"self":[{"href":"https:\/\/blankpage.ee\/_ruumist-ruumi\/wp-json\/wp\/v2\/product\/4828","targetHints":{"allow":["GET"]}}],"collection":[{"href":"https:\/\/blankpage.ee\/_ruumist-ruumi\/wp-json\/wp\/v2\/product"}],"about":[{"href":"https:\/\/blankpage.ee\/_ruumist-ruumi\/wp-json\/wp\/v2\/types\/product"}],"replies":[{"embeddable":true,"href":"https:\/\/blankpage.ee\/_ruumist-ruumi\/wp-json\/wp\/v2\/comments?post=4828"}],"wp:featuredmedia":[{"embeddable":true,"href":"https:\/\/blankpage.ee\/_ruumist-ruumi\/wp-json\/wp\/v2\/media\/4829"}],"wp:attachment":[{"href":"https:\/\/blankpage.ee\/_ruumist-ruumi\/wp-json\/wp\/v2\/media?parent=4828"}],"wp:term":[{"taxonomy":"product_brand","embeddable":true,"href":"https:\/\/blankpage.ee\/_ruumist-ruumi\/wp-json\/wp\/v2\/product_brand?post=4828"},{"taxonomy":"product_cat","embeddable":true,"href":"https:\/\/blankpage.ee\/_ruumist-ruumi\/wp-json\/wp\/v2\/product_cat?post=4828"},{"taxonomy":"product_tag","embeddable":true,"href":"https:\/\/blankpage.ee\/_ruumist-ruumi\/wp-json\/wp\/v2\/product_tag?post=4828"}],"curies":[{"name":"wp","href":"https:\/\/api.w.org\/{rel}","templated":true}]}}