{"id":48404,"date":"2025-04-19T22:11:04","date_gmt":"2025-04-19T22:11:04","guid":{"rendered":"https:\/\/ruumistruumi.ee\/?post_type=product&#038;p=48404"},"modified":"2025-08-21T08:18:20","modified_gmt":"2025-08-21T08:18:20","slug":"lemmiklooma-karvahoolduse-komplekt-neakasa-p1-pro","status":"publish","type":"product","link":"https:\/\/blankpage.ee\/_ruumist-ruumi\/pood\/lemmiklooma-karvahoolduse-komplekt-neakasa-p1-pro\/","title":{"rendered":"Lemmiklooma karvahooldus tolmuimejaga Neakasa P1 Pro (300W, 1L)"},"content":{"rendered":"<h3>Lemmiklooma karvahooldus tolmuimejaga Neakasa P1 Pro (300W, 1L)<\/h3>\n<p>Lemmiklooma karvahooldus tolmuimejaga Neakasa P1 Pro on uuenduslik lahendus, mis aitab hoida sinu kodu puhtana ja lemmiklooma kasuka hoolitsetud ning terve. Komplektis sisalduvate viie mugava t\u00f6\u00f6riistaga saad harjata, l\u00f5igata ja eemaldada liigseid karvu. Regulaarne hooldus selle komplektiga aitab hoida kodu puhtana ning lemmiklooma v\u00e4limuse alati korrektse.<\/p>\n<p>\n<img decoding=\"async\" src=\"https:\/\/blankpage.ee\/_ruumist-ruumi\/wp-content\/uploads\/2025\/04\/7-388.webp\" alt=\"Lemmiklooma karvahooldus tolmuimeja Neakasa P1 Pro koos hooldusvahenditega\"\/>\n<\/p>\n<h3>Lemmiklooma karvahooldus \u2013 k\u00f5ik vajalik \u00fches komplektis<\/h3>\n<p>Karvahoolduskomplekt sisaldab viit praktilist t\u00f6\u00f6riista, mis sobivad kasutamiseks igap\u00e4evaselt, kord n\u00e4dalas v\u00f5i erinevatel hooaegadel. Kammhari aitab eemaldada lahtise karva ja v\u00e4ltida pusasid. Aluskarva eemaldushari v\u00e4rskendab kasukat p\u00f5hjalikult. Elektriline l\u00f5ikur koos nelja otsikuga (6 mm, 12 mm, 18 mm, 24 mm) v\u00f5imaldab t\u00e4pset l\u00f5ikust vastavalt sinu soovile. Samuti sisaldub komplektis t\u00f6\u00f6riistu, millega saab eemaldada karvu riietelt, vaipadelt ja m\u00f6\u00f6blilt.<\/p>\n<p>\n<img decoding=\"async\" src=\"https:\/\/blankpage.ee\/_ruumist-ruumi\/wp-content\/uploads\/2025\/04\/5-500.webp\" alt=\"Karvahoolduskomplekt tolmuimejaga lemmikloomale\"\/>\n<\/p>\n<h3>Puhas kodu \u2013 v\u00e4hem karvu ja allergeene<\/h3>\n<p>Neakasa P1 Pro koostab lemmiklooma karvahoolduse tolmuimejaga hoolduse mugavaks. Seade t\u00f5mbab lahtise karva ja tolmu kohe spetsiaalsesse mahutisse. Efektiivne imis\u00fcsteem p\u00fc\u00fcab kinni kuni 99% karvadest, tolmust, tolmulestadest ja muudest allergeenidest, aidates parandada kodu \u00f5hupuhtust ning v\u00e4hendada allergias\u00fcmptomeid.<\/p>\n<p>\n<img decoding=\"async\" src=\"https:\/\/blankpage.ee\/_ruumist-ruumi\/wp-content\/uploads\/2025\/04\/6-430.webp\" alt=\"Puhas kodu p\u00e4rast lemmiklooma karvahooldust tolmuimejaga\"\/>\n<\/p>\n<h3>Sobib igat t\u00fc\u00fcpi kasukaga lemmikule<\/h3>\n<p>Olgu sinu lemmikul l\u00fchike, pikk v\u00f5i lokkis karv \u2013 Neakasa P1 Pro v\u00f5imaldab mugavat ja t\u00e4pset hooldust igale kasukale. T\u00e4nu erinevatele l\u00f5ikuriotsikutele saad h\u00f5lpsasti kohandada hooldust lemmiku vajadustele ning samal ajal imetakse eemaldatav karv kohe seadme sisse, muutes protsessi kiireks ja puhtaks.<\/p>\n<p>\n<img decoding=\"async\" src=\"https:\/\/blankpage.ee\/_ruumist-ruumi\/wp-content\/uploads\/2025\/04\/8-207.webp\" alt=\"Erineva karvat\u00fc\u00fcbiga lemmikloomade hoolduskarvahoolduskomplektiga\"\/>\n<\/p>\n<h3>Mugav ja vaikne t\u00f6\u00f6re\u017eiim<\/h3>\n<p>Paljud lemmikud kardavad tugevat m\u00fcra. Seet\u00f5ttu on Neakasa P1 Pro karvahooldus tolmuimeja loodud v\u00f5imalikult vaikseks: m\u00fcratase j\u00e4\u00e4b alla 60 dB. Lisaks saad valida kolme erineva v\u00f5imsusastme vahel, et protsess oleks lemmiku jaoks v\u00f5imalikult meeldiv ja stressivaba.<\/p>\n<p>\n<img decoding=\"async\" src=\"https:\/\/blankpage.ee\/_ruumist-ruumi\/wp-content\/uploads\/2025\/04\/3-620.webp\" alt=\"Vaikne tolmuimejaga karvahooldus lemmiklooma hooldamisel\"\/>\n<\/p>\n<h3>Komplektis<\/h3>\n<ul>\n<li>1\u00d7 tolmuimeja<\/li>\n<li>1\u00d7 kitsas hari<\/li>\n<li>1\u00d7 kammhari<\/li>\n<li>1\u00d7 aluskarva eemaldushari<\/li>\n<li>1\u00d7 puhastushari<\/li>\n<li>1\u00d7 elektriline l\u00f5ikur<\/li>\n<li>1\u00d7 l\u00f5ikuri kammotsik 6 mm<\/li>\n<li>1\u00d7 l\u00f5ikuri kammotsik 12 mm<\/li>\n<li>1\u00d7 l\u00f5ikuri kammotsik 18 mm<\/li>\n<li>1\u00d7 l\u00f5ikuri kammotsik 24 mm<\/li>\n<li>1\u00d7 voolik<\/li>\n<\/ul>\n<div class=\"table-wrapper\">\n<table>\n<tbody>\n<tr>\n<th>Tootja<\/th>\n<td>Neakasa<\/td>\n<\/tr>\n<tr>\n<th>Mudel<\/th>\n<td>P1 Pro<\/td>\n<\/tr>\n<tr>\n<th>V\u00f5imsus<\/th>\n<td>300 W<\/td>\n<\/tr>\n<tr>\n<th>Vooliku pikkus<\/th>\n<td>1,3 m<\/td>\n<\/tr>\n<tr>\n<th>Imemisv\u00f5imsus<\/th>\n<td>35 W<\/td>\n<\/tr>\n<tr>\n<th>Kogumismahuti maht<\/th>\n<td>1 l<\/td>\n<\/tr>\n<tr>\n<th>M\u00f5\u00f5tmed<\/th>\n<td>290 \u00d7 132 \u00d7 210 mm<\/td>\n<\/tr>\n<tr>\n<th>Juhtme pikkus<\/th>\n<td>2,5 m<\/td>\n<\/tr>\n<tr>\n<th>Kaal<\/th>\n<td>2 kg<\/td>\n<\/tr>\n<tr>\n<th>M\u00fcratase<\/th>\n<td>65\u201376 dB<\/td>\n<\/tr>\n<\/tbody>\n<\/table>\n<\/div>\n","protected":false},"excerpt":{"rendered":"<p>Lemmiklooma karvahooldus tolmuimejaga Neakasa P1 Pro (300W, 1L) Lemmiklooma karvahooldus tolmuimejaga Neakasa P1 Pro on uuenduslik lahendus, mis aitab hoida sinu kodu puhtana ja lemmiklooma kasuka hoolitsetud ning terve. Komplektis sisalduvate viie mugava t\u00f6\u00f6riistaga saad harjata, l\u00f5igata ja eemaldada liigseid karvu. Regulaarne hooldus selle komplektiga aitab hoida kodu puhtana ning lemmiklooma v\u00e4limuse alati korrektse. Lemmiklooma [&hellip;]<\/p>\n","protected":false},"featured_media":175538,"comment_status":"open","ping_status":"open","template":"","meta":[],"product_brand":[3120],"product_cat":[870],"product_tag":[],"class_list":{"0":"post-48404","1":"product","2":"type-product","3":"status-publish","4":"has-post-thumbnail","6":"product_brand-neakasa","7":"product_cat-lemmiklooma-karvahooldus-ja-grooming","8":"product_shipping_class-innpro","10":"first","11":"instock","12":"sale","13":"taxable","14":"shipping-taxable","15":"purchasable","16":"product-type-simple"},"_links":{"self":[{"href":"https:\/\/blankpage.ee\/_ruumist-ruumi\/wp-json\/wp\/v2\/product\/48404","targetHints":{"allow":["GET"]}}],"collection":[{"href":"https:\/\/blankpage.ee\/_ruumist-ruumi\/wp-json\/wp\/v2\/product"}],"about":[{"href":"https:\/\/blankpage.ee\/_ruumist-ruumi\/wp-json\/wp\/v2\/types\/product"}],"replies":[{"embeddable":true,"href":"https:\/\/blankpage.ee\/_ruumist-ruumi\/wp-json\/wp\/v2\/comments?post=48404"}],"wp:featuredmedia":[{"embeddable":true,"href":"https:\/\/blankpage.ee\/_ruumist-ruumi\/wp-json\/wp\/v2\/media\/175538"}],"wp:attachment":[{"href":"https:\/\/blankpage.ee\/_ruumist-ruumi\/wp-json\/wp\/v2\/media?parent=48404"}],"wp:term":[{"taxonomy":"product_brand","embeddable":true,"href":"https:\/\/blankpage.ee\/_ruumist-ruumi\/wp-json\/wp\/v2\/product_brand?post=48404"},{"taxonomy":"product_cat","embeddable":true,"href":"https:\/\/blankpage.ee\/_ruumist-ruumi\/wp-json\/wp\/v2\/product_cat?post=48404"},{"taxonomy":"product_tag","embeddable":true,"href":"https:\/\/blankpage.ee\/_ruumist-ruumi\/wp-json\/wp\/v2\/product_tag?post=48404"}],"curies":[{"name":"wp","href":"https:\/\/api.w.org\/{rel}","templated":true}]}}